NOAA-Style Climate Reports


Report for 2019 March
                  MONTHLY CLIMATOLOGICAL SUMMARY FOR 3/2019
                                        HEAT  COOL        
     MEAN                               DEG   DEG       WIND SPEED       DOM MEAN  MEAN
DAY  TEMP  HIGH   TIME     LOW   TIME   DAYS  DAYS RAIN AVG  HI  TIME    DIR BAROM HUM
---------------------------------------------------------------------------------------
1
2
3
4
5
6    20.6  26.4   2:00pm  13.5  11:30pm   43    0  0.00   4  22   1:57am WNW 30.07   58
7    20.3  31.0   4:00pm  10.3   3:30am   45    0  0.00   2  21   1:30pm WNW 30.25   61
8    26.0  37.5   3:00pm  14.0   3:00am   39    0  0.02   0  12   3:30pm  SW 30.31   64
9    34.0  45.4   2:30pm  20.7   6:30am   31    0  0.08   0   7  10:30am ENE 30.27   62
10   35.0  36.3   5:30pm  32.6   8:00am   29    0  0.21   1  13   3:30pm ENE 30.12   89
11   42.4  52.4   4:00pm  34.8   6:30am   23    0  0.10   2  21   4:00pm WNW 29.94   69
12   36.8  41.1   4:00pm  32.6  11:30pm   28    0  0.00   5  25   1:30pm WNW 30.12   58
13   38.1  38.2  12:28am  38.0  12:10am    1    0  0.00   0   1  12:06am SSW 30.28   70
14   45.4  55.7   4:00pm  37.7   2:00am   19    0  0.00   0   9   1:30pm SSW 30.19   72
15   54.4  62.2   4:30pm  48.1   1:30am   11    0  0.49   1  14   7:30am   S 29.78   86
16   44.2  52.1  12:00am  35.4  11:30pm   21    0  0.00   4  29   7:00pm WNW 29.87   63
17   35.5  42.3   4:30pm  30.7   7:30am   29    0  0.00   3  19  12:30pm WNW 30.11   52
18
19   36.8  46.4   1:33pm  27.5   6:43am   26    0  0.00   1  18   2:55pm WNW 30.36   54
20   40.6  53.9   2:45pm  28.6   7:02am   23    0  0.00   2  16  12:20pm   S 30.34   59
21   42.6  48.2   1:29pm  34.9   4:30am   21    0  0.00   1  14  10:00pm   S 30.07   75
22   41.1  45.0   4:43pm  38.6  10:11am   22    0  0.51   5  29   4:41pm  NW 29.34   88
23   36.5  45.4   3:51pm  32.3   4:36am   26    0  0.00   9  35   6:30am  NW 29.70   63
24   45.2  57.9   2:55pm  31.0   7:16am   19    0  0.00   2  20   1:50am WNW 30.04   43
---------------------------------------------------------------------------------------
TOT  36.2  62.2  3/15/19  10.3   3/7/19  456    0  1.74   2  35  3/23/19 WNW 30.06   66

HEAT BASE: 65.0
COOL BASE: 65.0