NOAA-Style Climate Reports


Report for 2019 November
                  MONTHLY CLIMATOLOGICAL SUMMARY FOR 11/2019
                                        HEAT  COOL        
     MEAN                               DEG   DEG       WIND SPEED       DOM MEAN  MEAN
DAY  TEMP  HIGH   TIME     LOW   TIME   DAYS  DAYS RAIN AVG  HI  TIME    DIR BAROM HUM
---------------------------------------------------------------------------------------
1
2
3    43.8  53.8   2:13pm  34.2   5:29am   20    0  0.00   1  16  12:18pm WNW 30.05   71
4    44.9  55.4   1:22pm  32.8   6:29am   19    0  0.00   0  11   1:49pm   S 30.29   68
5    50.3  59.1   3:10pm  41.3   6:04am   14    0  0.00   0  14  10:14pm WSW 30.15   84
6    45.1  54.3   1:52pm  36.2   6:16am   18    0  0.00   1  16  12:28pm WNW 30.28   64
7    44.7  54.8  12:41pm  35.6   2:03am   19    0  0.29   1  18   9:26pm  SW 30.09   79
8    32.8  38.4  12:00am  27.4  11:10pm   29    0  0.00   4  27   9:05am  NW 30.10   64
9    31.3  40.5   1:50pm  22.9   6:13am   32    0  0.00   0  10   1:14am   S 30.25   65
10   40.0  51.1   2:47pm  28.8  12:28am   22    0  0.00   0  11  12:36pm  SW 30.04   68
11   48.2  61.1   1:33pm  41.5  12:01am   15    0  0.00   1  10   4:18pm   N 30.01   70
12   36.0  44.0  12:00am  24.2  11:53pm   27    0  0.09   4  26   6:59pm  NW 29.84   74
13   24.6  30.2   1:05pm  19.8   6:41am   36    0  0.00   4  28   8:20am  NW 30.27   53
14   29.5  41.2   3:14pm  19.2   5:32am   33    0  0.00   0   2   6:48am  NW 30.38   72
15   40.1  52.1   1:33pm  29.8   6:35am   22    0  0.00   0  16   9:36pm WSW 30.15   63
16   32.9  40.4  12:00am  26.1  11:55pm   29    0  0.00   3  21   2:18am NNW 30.41   41
17   30.5  36.8  11:53pm  23.0   5:40am   32    0  0.00   1  15   8:50pm   N 30.33   60
18   39.6  43.7   3:49pm  36.4   4:14am   23    0  0.02   2  20   6:39am   N 29.81   81
19   42.0  47.3   1:17pm  38.8   4:47am   21    0  0.26   0  11   2:39pm WNW 29.75   87
20   40.8  43.2   1:41pm  38.4   7:06pm   22    0  0.02   1  19   2:27pm  NW 29.90   86
---------------------------------------------------------------------------------------
TOT  39.6  71.5  11/1/19  19.2 11/14/19  435    0  0.75   1  34  11/1/19  NW 30.11   69

HEAT BASE: 65.0
COOL BASE: 65.0