NOAA-Style Climate Reports

Select a Year or Month report
2022: Jan Feb Mar Apr May Jun Jul Aug Sep Oct Nov Dec
2021: Jan Feb Mar Apr May Jun Jul Aug Sep Oct Nov Dec
2020: Jan Feb Mar Apr May Jun Jul Aug Sep Oct Nov Dec
2019: Jan Feb Mar Apr May Jun Jul Aug Sep Oct Nov Dec
2018: Jan Feb Mar Apr May Jun Jul Aug Sep Oct Nov Dec
2017: Jan Feb Mar Apr May Jun Jul Aug Sep Oct Nov Dec
2016: Jan Feb Mar Apr May Jun Jul Aug Sep Oct Nov Dec
2015: Jan Feb Mar Apr May Jun Jul Aug Sep Oct Nov Dec
2014: Jan Feb Mar Apr May Jun Jul Aug Sep Oct Nov Dec
2013: Jan Feb Mar Apr May Jun Jul Aug Sep Oct Nov Dec
2012: Jan Feb Mar Apr May Jun Jul Aug Sep Oct Nov Dec
2011: Jan Feb Mar Apr May Jun Jul Aug Sep Oct Nov Dec
2010: Jan Feb Mar Apr May Jun Jul Aug Sep Oct Nov Dec
2009: Jan Feb Mar Apr May Jun Jul Aug Sep Oct Nov Dec

Report for 2009 November
                  MONTHLY CLIMATOLOGICAL SUMMARY FOR 11/2009
                                        HEAT  COOL        
     MEAN                               DEG   DEG       WIND SPEED       DOM MEAN  MEAN
DAY  TEMP  HIGH   TIME     LOW   TIME   DAYS  DAYS RAIN AVG  HI  TIME    DIR BAROM HUM
---------------------------------------------------------------------------------------
1    52.3  58.9  12:00am  43.4  11:30pm   12    0  0.03   2  16  12:10am  NW 30.05   69
2    46.4  58.7   1:40pm  36.6   5:52am   13    0  0.00   1  24   4:55pm  SW 30.00   80
3    47.0  58.7   1:40pm  36.6   5:52am   17    0  0.00   1  24   4:55pm  SW 30.02   73
4    44.7  51.0   1:07pm  35.4   6:50am   20    0  0.00   1  14   8:50am   W 30.22   59
5
6    43.3  48.4   1:08pm  37.3  11:30pm   16    0  0.00   4  21   4:28am  NW 30.17   64
7    50.2  64.4  11:56am  45.5   6:29am    7    0  0.00   1   6  11:13am  SW 30.12   74
8    55.0  69.0   2:29pm  44.2  11:40pm   11    1  0.00   1  11   2:33pm  SW 30.19   57
9    52.6  69.7  12:37pm  36.3   6:45am   13    0  0.00   1   9   2:23pm SSW 30.30   71
10   58.0  64.9   1:34pm  52.8   6:14am    7    0  0.00   1  13   7:22pm  NE 30.21   73
11   50.2  54.6  12:00am  44.9  11:50pm   15    0  0.00   4  18   9:12am  NE 30.33   55
12   46.6  51.4   1:24pm  42.9  11:50pm   18    0  0.00   4  19   1:38pm NNE 30.23   61
13   47.4  52.5   1:03pm  42.2   2:15am   18    0  0.10   5  21   1:52am  NE 30.08   80
14   51.6  54.1   1:52pm  48.4   2:40am   13    0  0.73   4  22   2:58am   N 29.92   96
15   56.9  64.2   2:19pm  52.9  11:59pm    8    0  0.01   1  11  12:26am NNW 29.85   94
16   52.2  58.8   1:59pm  45.4  11:58pm   13    0  0.00   2  17  12:40pm  NW 29.99   66
17   44.5  52.1   2:15pm  36.9  11:59pm   21    0  0.00   2  16   9:06am NNW 30.25   56
18   39.7  48.7   1:58pm  31.3   5:54am   25    0  0.00   1   9   8:50am NNW 30.44   82
19   45.1  53.0   3:37pm  34.7   2:16am   20    0  0.00   1   6  10:11am  NE 30.29   85
20   54.4  61.6   6:00am  46.1  11:45pm   11    0  0.66   2  22   1:07pm  SW 29.94   81
21   47.0  57.3   1:25pm  37.3   5:21am   18    0  0.00   1  13   2:35pm WSW 30.03   78
22   45.2  54.6   1:17pm  38.9   5:10am   20    0  0.00   2  13  11:09am NNW 30.28   78
23   44.2  45.8  10:00am  42.2  12:00am   21    0  0.15   3  14   3:22pm NNE 30.38   87
24   47.3  50.5   6:18pm  44.2  12:29am   18    0  0.01   3  18   1:20pm NNE 30.17   91
25   48.7  49.8   1:45pm  47.4   7:01am   16    0  0.02   1  10   4:59am   N 30.00   95
26   49.7  52.6   2:02pm  47.8   6:10am   15    0  0.00   1  11  11:01pm NNW 29.84   91
27   45.4  48.6  12:00am  42.3   9:40pm   20    0  0.11   5  33   8:03pm  NW 29.37   87
28   46.5  53.4   1:06pm  42.1   3:16am   18    0  0.00   7  36   9:57am WNW 29.48   66
29   46.2  55.8   2:42pm  38.0   7:00am   18    0  0.00   1  11   1:49pm SSW 29.79   67
30   47.1  53.9  10:38am  37.7  11:56pm   18    0  0.20   2  23  11:20pm SSW 29.61   84
---------------------------------------------------------------------------------------
TOT  48.1  69.7  11/9/09  29.7  11/7/09  460    1  2.03   2  36 11/28/09 NNW 30.06   75

HEAT BASE: 65.0
COOL BASE: 65.0