NOAA-Style Climate Reports

Select a Year or Month report
2022: Jan Feb Mar Apr May Jun Jul Aug Sep Oct Nov Dec
2021: Jan Feb Mar Apr May Jun Jul Aug Sep Oct Nov Dec
2020: Jan Feb Mar Apr May Jun Jul Aug Sep Oct Nov Dec
2019: Jan Feb Mar Apr May Jun Jul Aug Sep Oct Nov Dec
2018: Jan Feb Mar Apr May Jun Jul Aug Sep Oct Nov Dec
2017: Jan Feb Mar Apr May Jun Jul Aug Sep Oct Nov Dec
2016: Jan Feb Mar Apr May Jun Jul Aug Sep Oct Nov Dec
2015: Jan Feb Mar Apr May Jun Jul Aug Sep Oct Nov Dec
2014: Jan Feb Mar Apr May Jun Jul Aug Sep Oct Nov Dec
2013: Jan Feb Mar Apr May Jun Jul Aug Sep Oct Nov Dec
2012: Jan Feb Mar Apr May Jun Jul Aug Sep Oct Nov Dec
2011: Jan Feb Mar Apr May Jun Jul Aug Sep Oct Nov Dec
2010: Jan Feb Mar Apr May Jun Jul Aug Sep Oct Nov Dec
2009: Jan Feb Mar Apr May Jun Jul Aug Sep Oct Nov Dec

Report for 2009 December
                  MONTHLY CLIMATOLOGICAL SUMMARY FOR 12/2009
                                        HEAT  COOL        
     MEAN                               DEG   DEG       WIND SPEED       DOM MEAN  MEAN
DAY  TEMP  HIGH   TIME     LOW   TIME   DAYS  DAYS RAIN AVG  HI  TIME    DIR BAROM HUM
---------------------------------------------------------------------------------------
1    38.0  45.7   1:19pm  31.3   4:52am   28    0  0.00   2  16  12:27am WSW 29.90   70
2    44.0  52.6   2:00pm  33.0   6:00am   21    0  0.11   1   7   2:00am SSW 30.06   81
3    59.7  66.3  11:14am  49.0  12:30am    5    0  0.85   4  28   1:30pm WSW 29.51   71
4    46.4  53.9   1:13pm  38.0   7:26am   19    0  0.00   1  15  12:19am WSW 30.02   63
5    38.5  43.6  12:00am  34.2   7:05pm   27    0  0.18   3  17   8:30pm NNE 29.97   82
6    33.9  39.3   1:03pm  30.0  11:40pm   31    0  0.04   3  23  10:24am  NW 30.11   75
7    33.7  38.8   1:31pm  28.4   6:00am   31    0  0.02   0   9   1:26pm WSW 30.21   77
8    34.6  43.6   1:27pm  28.9   6:49am   30    0  0.00   1  14  12:01pm  NW 30.23   74
9    35.2  37.8  11:53pm  31.9   4:29am   30    0  0.27   2  17  11:31am  NE 29.60   92
10   37.4  42.1  12:11pm  28.1  11:57pm   28    0  0.00   5  32   8:58pm  SW 29.48   60
11   25.3  28.1  12:00am  21.3   7:20am   40    0  0.00   4  26   2:40pm  SW 29.97   52
12   27.0  34.3   2:29pm  19.9   7:35am   38    0  0.00   2  22  11:15am WSW 30.39   57
13   29.9  36.9   7:24pm  20.2   4:33am   35    0  0.86   0   7   5:46pm  SW 30.13   85
14   40.7  46.4   1:22pm  36.6  12:00am   24    0  0.00   1  14   2:24am  NW 29.98   81
15   43.4  49.4   2:37pm  38.8  10:57pm   21    0  0.00   1  13   3:15pm  NW 29.86   84
16   32.0  38.9  12:00am  28.1  11:41pm   33    0  0.00   6  29   1:37am  NW 30.09   51
17   21.3  28.1  12:00am  14.3  11:58pm   44    0  0.00   6  30   4:27am  NW 30.19   51
18   20.3  31.3   2:29pm  12.2   6:09am   43    0  0.00   1  10   9:01am  NW 30.18   48
19   22.2  26.6   9:27pm  19.1   5:40am   73    0  0.00   4  20   9:00pm NNE 29.84   41
20   24.6  28.8   1:36pm  21.1   7:32am   40    0  0.00   5  27  11:50am  NW 29.63   70
21   28.1  34.0   2:23pm  24.0  11:30pm   37    0  0.01   6  30  12:49pm  NW 29.78   49
22   26.0  33.7   1:20pm  20.4  11:56pm   39    0  0.00   5  25  10:37am  NW 29.99   50
23   21.5  28.5   2:13pm  12.8   7:41am   43    0  0.00   3  23  11:10am  NW 30.10   64
24   30.8  40.1   1:23pm  21.5  12:00am   34    0  0.08   3  17  10:14am  NW 30.30   74
25   36.2  40.6   2:45pm  33.8   5:20am   17    0  0.22   3  16   9:40am  NE 30.32   91
26   37.2  42.1  11:24pm  33.8   5:20am   23    0  1.01   3  16   9:40am  NE 30.28   92
27   46.3  54.4   9:14am  34.7   8:15pm   12    0  0.65   2  16  11:37am WSW 29.79   90
28   34.2  38.7   2:05pm  29.9   3:48am   22    0  0.06   1  19   1:43pm WSW 29.58   77
29   20.6  31.4  12:00am  14.9   5:53pm   25    0  0.00   6  39  11:59am  NW 29.89   55
30   24.2  32.1   1:32pm  14.9   1:03am   26    0  0.00   2  19  12:00am   W 30.32   63
31   29.9  32.7   2:39pm  26.6   3:49am   35    0  0.01   0   5   9:32am SSW 30.13   82
---------------------------------------------------------------------------------------
TOT  32.7  66.1  12/3/09  12.2 12/18/09  955    0  4.17   3  39 12/29/09  NW 30.00   68

HEAT BASE: 65.0
COOL BASE: 65.0