NOAA-Style Climate Reports

Select a Year or Month report
2022: Jan Feb Mar Apr May Jun Jul Aug Sep Oct Nov Dec
2021: Jan Feb Mar Apr May Jun Jul Aug Sep Oct Nov Dec
2020: Jan Feb Mar Apr May Jun Jul Aug Sep Oct Nov Dec
2019: Jan Feb Mar Apr May Jun Jul Aug Sep Oct Nov Dec
2018: Jan Feb Mar Apr May Jun Jul Aug Sep Oct Nov Dec
2017: Jan Feb Mar Apr May Jun Jul Aug Sep Oct Nov Dec
2016: Jan Feb Mar Apr May Jun Jul Aug Sep Oct Nov Dec
2015: Jan Feb Mar Apr May Jun Jul Aug Sep Oct Nov Dec
2014: Jan Feb Mar Apr May Jun Jul Aug Sep Oct Nov Dec
2013: Jan Feb Mar Apr May Jun Jul Aug Sep Oct Nov Dec
2012: Jan Feb Mar Apr May Jun Jul Aug Sep Oct Nov Dec
2011: Jan Feb Mar Apr May Jun Jul Aug Sep Oct Nov Dec
2010: Jan Feb Mar Apr May Jun Jul Aug Sep Oct Nov Dec
2009: Jan Feb Mar Apr May Jun Jul Aug Sep Oct Nov Dec

Report for 2010 January
                  MONTHLY CLIMATOLOGICAL SUMMARY FOR 1/2010
                                        HEAT  COOL        
     MEAN                               DEG   DEG       WIND SPEED       DOM MEAN  MEAN
DAY  TEMP  HIGH   TIME     LOW   TIME   DAYS  DAYS RAIN AVG  HI  TIME    DIR BAROM HUM
---------------------------------------------------------------------------------------
1    32.2  36.4   2:30pm  29.5   5:00am   33    0  0.02   0   5   9:30pm NNW 29.83   89
2    27.8  33.6  12:30am  18.4  10:30pm   37    0  0.00   5  26   5:30pm  NW 29.54   78
3    17.9  20.9  10:17pm  15.5   7:38am   37    0  0.00   7  35   5:30am  NW 29.37   72
4    24.9  34.0   1:28pm  20.9  12:00am   40    0  0.01   4  19   4:14am  NW 29.58   69
5    24.9  29.2   1:03pm  20.8   1:21am   40    0  0.00   3  16   4:41pm  NW 29.62   69
6    27.3  33.0   1:26pm  22.8   7:29am   38    0  0.00   3  18   3:22pm  NW 29.63   69
7    32.4  39.7   1:30pm  28.2  11:00pm   33    0  0.02   3  23   3:00am  NW 29.76   73
8    27.7  32.0   2:08pm  22.2  10:00pm   37    0  0.01   1  17   7:57pm  NW 29.70   80
9    21.5  30.0   1:30pm  15.8  11:30pm   43    0  0.00   3  19   3:00pm  NW 29.98   61
10   18.8  28.7   2:30pm  11.0   7:30am   46    0  0.00   2  17   2:30pm  NW 30.15   50
11   25.3  36.0   1:06pm  14.8  12:39am   40    0  0.00   1  16  11:57am WSW 30.04   65
12   28.3  36.1   1:54pm  18.9  11:57pm   37    0  0.00   3  20   7:01pm  NW 29.98   65
13   25.1  31.3   3:51pm  16.8   3:06am   40    0  0.00   2  18  10:56am  NW 30.10   59
14   33.9  41.9   1:40pm  30.2  12:05am   31    0  0.01   1   6   2:34pm   S 30.17   69
15   37.4  48.7   1:29pm  28.8   4:06am   28    0  0.01   2  21   7:30pm  NW 30.06   71
16   39.5  49.4   2:00pm  32.8   8:00am   26    0  0.00   1  12  12:30pm WNW 30.09   67
17   34.2  39.5   3:30pm  28.4   6:30am   31    0  0.43   1  17  11:30pm  NE 29.99   86
18
19   38.1  41.5   3:06pm  35.7   7:00am   27    0  0.06   0   5   9:46pm NNE 29.86   94
20   35.7  41.4   3:02pm  30.6   4:55am   29    0  0.00   2  20   1:55pm  NW 29.88   79
21   34.6  44.1   1:30pm  28.7  11:00pm   30    0  0.00   1  13  12:30am  NW 30.11   66
22   32.5  40.9   2:27pm  25.8   5:59am   33    0  0.00   3  20  11:38am NNE 29.98   67
23
24   30.8  38.1   1:00pm  23.1   2:55am   34    0  0.02   1   5   1:30pm NNE 30.12   83
25   49.5  57.7   2:04pm  35.1  12:00am   15    0  1.10   3  24  12:51pm   S 29.50   95
26   40.9  45.6  12:00am  33.7  11:30pm   24    0  0.03   3  24   2:30pm  SW 29.55   68
27   34.7  43.2   1:25pm  29.0   7:45am   30    0  0.00   1  17   3:49pm WSW 29.95   62
28   29.5  35.0   3:17pm  19.4  11:49pm   35    0  0.02   2  27   6:44pm   S 29.96   77
29   16.0  19.9   1:56pm  11.4  11:56pm   49    0  0.00   7  39  11:07am WNW 30.14   51
30   14.6  22.0   2:25pm   5.4   7:21am   50    0  0.00   2  23   1:55am  NW 30.14   51
31   20.7  29.7   2:51pm  10.8   7:35am   44    0  0.00   2  16   1:31pm  NW 30.01   54
---------------------------------------------------------------------------------------
TOT  29.9  57.7  1/25/10   5.4  1/30/10 1017    0  1.84   2  39  1/29/10  NW 29.90   70

HEAT BASE: 65.0
COOL BASE: 65.0