NOAA-Style Climate Reports

Select a Year or Month report
2022: Jan Feb Mar Apr May Jun Jul Aug Sep Oct Nov Dec
2021: Jan Feb Mar Apr May Jun Jul Aug Sep Oct Nov Dec
2020: Jan Feb Mar Apr May Jun Jul Aug Sep Oct Nov Dec
2019: Jan Feb Mar Apr May Jun Jul Aug Sep Oct Nov Dec
2018: Jan Feb Mar Apr May Jun Jul Aug Sep Oct Nov Dec
2017: Jan Feb Mar Apr May Jun Jul Aug Sep Oct Nov Dec
2016: Jan Feb Mar Apr May Jun Jul Aug Sep Oct Nov Dec
2015: Jan Feb Mar Apr May Jun Jul Aug Sep Oct Nov Dec
2014: Jan Feb Mar Apr May Jun Jul Aug Sep Oct Nov Dec
2013: Jan Feb Mar Apr May Jun Jul Aug Sep Oct Nov Dec
2012: Jan Feb Mar Apr May Jun Jul Aug Sep Oct Nov Dec
2011: Jan Feb Mar Apr May Jun Jul Aug Sep Oct Nov Dec
2010: Jan Feb Mar Apr May Jun Jul Aug Sep Oct Nov Dec
2009: Jan Feb Mar Apr May Jun Jul Aug Sep Oct Nov Dec

Report for 2010 February
                  MONTHLY CLIMATOLOGICAL SUMMARY FOR 2/2010
                                        HEAT  COOL        
     MEAN                               DEG   DEG       WIND SPEED       DOM MEAN  MEAN
DAY  TEMP  HIGH   TIME     LOW   TIME   DAYS  DAYS RAIN AVG  HI  TIME    DIR BAROM HUM
---------------------------------------------------------------------------------------
1    27.6  35.2   2:56pm  20.6  12:20am   37    0  0.00   2  17  12:58pm WSW 30.12   53
2    26.8  31.9   2:49pm  18.6   5:52am   38    0  0.00   0   6  12:22am WSW 30.19   67
3    29.7  34.9   2:00pm  26.7   7:00am   35    0  0.02   1  10   4:30pm NNW 30.01   82
4    28.8  34.0   1:30pm  25.5   7:30am   36    0  0.00   3  20   4:00am  NW 30.21   49
5    29.9  37.5   2:00pm  21.5   6:30am   35    0  0.01   2  16   1:00pm   W 30.16   61
6    24.6  30.6  12:00am  20.0  11:30pm   40    0  0.00   6  25   8:00pm  NE 29.79   51
7    22.2  31.3   1:42pm  13.7   5:05am   42    0  0.00   4  28   6:01pm  NW 29.78   57
8    26.5  32.1   2:42pm  22.1   6:42am   39    0  0.00   6  28   9:15am  NW 29.85   61
9    31.5  40.1   2:48pm  24.2   7:00am   33    0  0.00   2  21  12:00am  NW 29.92   56
10
11   33.2  39.5   3:00pm  27.1  11:57pm   32    0  0.01   6  26  11:00am NNE 29.46   64
12   29.9  37.8   2:26pm  24.0   5:24am   35    0  0.00   3  22  10:51am  NW 29.72   53
13   27.2  34.1   1:12pm  19.4   7:01am   38    0  0.00   3  18   8:32pm  NW 29.50   54
14   33.4  39.4   3:08pm  27.5   1:13am   32    0  0.02   3  27   3:46pm WNW 29.47   62
15   35.9  42.0   2:01pm  30.8   7:12am   29    0  0.01   2  17  12:28am  SW 29.65   59
16   31.6  32.7  12:00am  29.8  11:39pm   33    0  0.00   3  18  11:28pm  NW 29.43   92
17   32.2  36.4   2:16pm  27.0   6:47am   33    0  0.02   2  21   3:21am WSW 29.44   75
18   36.5  44.7   1:52pm  30.2  12:00am   29    0  0.00   5  30   8:33pm  NW 29.45   70
19   37.8  42.9   2:16pm  33.0   6:06am   27    0  0.00   6  27   3:44pm  NW 29.62   65
20   39.6  45.3   3:05pm  36.4   6:31am   25    0  0.00   5  23   9:51pm  NW 29.83   67
21   35.5  40.1   3:04pm  29.8  11:30pm   28    0  0.00   4  26  10:57am  NW 29.85   59
22   36.8  47.2   2:30pm  26.2   7:00am   28    0  0.00   1  15  12:30am  NW 29.90   63
23   35.2  38.3  12:00am  34.0   9:00pm   30    0  0.02   2  15   7:00pm NNE 29.87   93
24   36.6  38.8   3:30pm  34.1   1:00am   28    0  0.01   4  15   9:30am NNW 29.71   97
25   40.4  44.0  11:00pm  38.3   4:30am   25    0  0.00   3  24   8:30pm NNE 29.33   98
26   34.0  42.3  12:00am  31.8   7:00am   31    0  0.00   3  20  11:30am   E 29.13   93
27   34.8  39.1   2:00pm  31.7   6:00am   30    0  0.00   1   5  11:30am   S 29.46   90
28   36.1  40.7   3:00pm  32.9   7:00am   29    0  0.01   2  18  11:00pm  NW 29.58   86
---------------------------------------------------------------------------------------
TOT  32.4  47.2  2/22/10  13.7   2/7/10  878    0  0.15   3  30  2/18/10  NW 29.71   70

HEAT BASE: 65.0
COOL BASE: 65.0