NOAA-Style Climate Reports

Select a Year or Month report
2022: Jan Feb Mar Apr May Jun Jul Aug Sep Oct Nov Dec
2021: Jan Feb Mar Apr May Jun Jul Aug Sep Oct Nov Dec
2020: Jan Feb Mar Apr May Jun Jul Aug Sep Oct Nov Dec
2019: Jan Feb Mar Apr May Jun Jul Aug Sep Oct Nov Dec
2018: Jan Feb Mar Apr May Jun Jul Aug Sep Oct Nov Dec
2017: Jan Feb Mar Apr May Jun Jul Aug Sep Oct Nov Dec
2016: Jan Feb Mar Apr May Jun Jul Aug Sep Oct Nov Dec
2015: Jan Feb Mar Apr May Jun Jul Aug Sep Oct Nov Dec
2014: Jan Feb Mar Apr May Jun Jul Aug Sep Oct Nov Dec
2013: Jan Feb Mar Apr May Jun Jul Aug Sep Oct Nov Dec
2012: Jan Feb Mar Apr May Jun Jul Aug Sep Oct Nov Dec
2011: Jan Feb Mar Apr May Jun Jul Aug Sep Oct Nov Dec
2010: Jan Feb Mar Apr May Jun Jul Aug Sep Oct Nov Dec
2009: Jan Feb Mar Apr May Jun Jul Aug Sep Oct Nov Dec

Report for 2010 March
                  MONTHLY CLIMATOLOGICAL SUMMARY FOR 3/2010
                                        HEAT  COOL        
     MEAN                               DEG   DEG       WIND SPEED       DOM MEAN  MEAN
DAY  TEMP  HIGH   TIME     LOW   TIME   DAYS  DAYS RAIN AVG  HI  TIME    DIR BAROM HUM
---------------------------------------------------------------------------------------
1    42.1  47.8   1:00pm  36.8  12:00am   23    0  0.00   7  29   4:00am  NW 29.60   67
2    43.2  50.9   2:30pm  36.8   7:00am   22    0  0.00   1  13  11:00am  NW 29.82   66
3    37.8  40.2   2:00pm  34.1   7:00am   27    0  0.01   4  28   1:30pm NNE 29.62   81
4    40.4  47.3   1:30pm  36.0   9:30pm   25    0  0.00   5  20   9:30am  NW 29.63   64
5    40.3  47.4   4:00pm  35.0  11:30pm   25    0  0.00   5  20   5:30am NNE 29.90   49
6    41.5  55.8   2:30pm  28.4   5:30am   24    0  0.00   2  17   5:00pm  NW 30.02   36
7    45.2  56.1   4:00pm  34.7   6:00am   20    0  0.00   3  23  11:00am WNW 29.92   47
8    48.0  57.8   2:30pm  36.6   6:30am   17    0  0.00   3  21   4:00pm WNW 29.79   46
9    46.1  55.1   3:00pm  38.1   6:30am   19    0  0.00   3  22  12:30pm  NW 29.88   49
10   45.4  59.2   4:00pm  32.8   6:30am   20    0  0.00   1   7   8:00am   S 29.99   45
11   46.4  53.5   3:30pm  40.9   6:30am   19    0  0.01   1  12   6:00pm ENE 30.08   62
12   46.6  52.8   1:00pm  39.6  11:30pm   18    0  0.01   3  16   7:30pm  NE 30.14   62
13   40.9  44.0   2:00pm  37.9   2:30am   24    0  0.00   7  28  11:45pm  NE 29.94   89
14   45.1  48.5   1:31pm  41.9   9:31pm   19    0  0.00   6  28  12:00am  NE 29.60   91
15   42.5  43.8  10:02am  40.8   9:41pm   23    0  0.00   7  26   3:43pm  NE 29.64   88
16   48.9  61.0   3:56pm  40.1   7:18am   16    0  0.00   4  18  12:21am NNE 29.90   42
17   49.1  66.3   3:43pm  33.0   6:53am   16    0  0.00   1  18   5:33pm   W 29.91   48
18   54.1  68.7   3:46pm  41.0   3:51am   11    0  0.00   2  20   2:22pm WSW 29.75   44
19   56.1  73.1   3:58pm  39.5   7:06am   10    1  0.00   1  13   2:49pm SSW 29.77   48
20   59.4  73.7   3:58pm  43.0   7:27am    8    2  0.00   2  22   3:51pm SSW 29.91   45
21   56.7  71.9   3:20pm  47.0   7:00am    9    1  0.00   1  10  10:28am NNW 30.05   56
22   49.6  52.8   1:00pm  46.2   7:00am   15    0  0.01   1  13  11:30pm   N 29.96   87
23   45.1  48.9  12:00am  43.3   6:30am   20    0  0.00   3  17   9:30am NNE 29.55   96
24   47.3  56.3   4:00pm  40.1   6:00am   18    0  0.00   6  32   4:00am  NW 29.66   60
25   50.8  63.8   3:00pm  39.1   7:00am   14    0  0.00   2  14   3:30pm SSW 29.84   51
26   41.3  49.7  12:00am  32.7  11:30pm   24    0  0.01   5  23  12:00pm  NE 29.80   59
27   33.9  44.2   4:00pm  25.6   6:30am   31    0  0.00   3  17   1:30am   S 30.31   35
28   39.2  46.4  11:30pm  30.6   4:00am   26    0  0.00   1  14  11:30am   S 30.27   75
29   50.9  53.8  11:30am  46.5  12:00am   14    0  0.33   2  13   9:00am   N 29.79   96
30   46.0  51.5  12:00am  41.8   6:36am   19    0  1.73   6  27  12:37pm NNE 29.52   97
31   49.7  52.0   2:49pm  47.7   1:32am   15    0  0.26   3  17   8:15am NNW 29.69   94
---------------------------------------------------------------------------------------
TOT  46.1  73.7  3/20/10  25.6  3/27/10  587    4  2.37   3  32  3/24/10 NNE 29.85   64

HEAT BASE: 65.0
COOL BASE: 65.0