NOAA-Style Climate Reports

Select a Year or Month report
2022: Jan Feb Mar Apr May Jun Jul Aug Sep Oct Nov Dec
2021: Jan Feb Mar Apr May Jun Jul Aug Sep Oct Nov Dec
2020: Jan Feb Mar Apr May Jun Jul Aug Sep Oct Nov Dec
2019: Jan Feb Mar Apr May Jun Jul Aug Sep Oct Nov Dec
2018: Jan Feb Mar Apr May Jun Jul Aug Sep Oct Nov Dec
2017: Jan Feb Mar Apr May Jun Jul Aug Sep Oct Nov Dec
2016: Jan Feb Mar Apr May Jun Jul Aug Sep Oct Nov Dec
2015: Jan Feb Mar Apr May Jun Jul Aug Sep Oct Nov Dec
2014: Jan Feb Mar Apr May Jun Jul Aug Sep Oct Nov Dec
2013: Jan Feb Mar Apr May Jun Jul Aug Sep Oct Nov Dec
2012: Jan Feb Mar Apr May Jun Jul Aug Sep Oct Nov Dec
2011: Jan Feb Mar Apr May Jun Jul Aug Sep Oct Nov Dec
2010: Jan Feb Mar Apr May Jun Jul Aug Sep Oct Nov Dec
2009: Jan Feb Mar Apr May Jun Jul Aug Sep Oct Nov Dec

Report for 2010 April
                  MONTHLY CLIMATOLOGICAL SUMMARY FOR 4/2010
                                        HEAT  COOL        
     MEAN                               DEG   DEG       WIND SPEED       DOM MEAN  MEAN
DAY  TEMP  HIGH   TIME     LOW   TIME   DAYS  DAYS RAIN AVG  HI  TIME    DIR BAROM HUM
---------------------------------------------------------------------------------------
1    55.8  70.1   3:40pm  48.2   4:53am   10    0  0.00   1  14   8:55am NNW 30.02   73
2    57.5  73.0   3:54pm  43.2   6:47am    9    2  0.00   2   7  12:36pm SSW 30.12   71
3    57.4  73.3   3:13pm  46.0   6:24am    9    1  0.00   2  12   3:51pm   S 30.08   73
4    59.7  75.2   2:57pm  46.9   6:25am    8    2  0.00   1  16   1:44pm   S 30.05   62
5    60.8  73.4   3:31pm  45.6   6:30am    6    2  0.00   2  14   4:52pm SSW 30.01   47
6    60.5  75.0   3:00pm  48.0   6:03am    6    2  0.01   1   9   3:00pm SSW 29.83   68
7    70.9  91.3   4:00pm  49.4   5:30am    5   11  0.00   2  22   5:30pm SSW 29.62   54
8    68.7  82.6   2:00pm  58.6  11:30pm    1    5  0.00   1  11   4:00pm   S 29.65   65
9    52.5  59.3   2:30am  43.9  11:30pm   13    0  0.34   2  24   8:30pm  NW 29.65   82
10   49.6  61.3   4:00pm  41.3   3:00am   15    0  0.03   4  24  12:00pm WNW 30.02   44
11   59.1  73.3   3:00pm  49.9   2:00am    7    1  0.00   3  22   2:00pm SSW 30.11   36
12   54.6  63.1   3:00pm  43.4   6:30am   10    0  0.00   3  32   2:30pm  NW 30.25   36
13   51.3  61.4   3:00pm  42.2   6:30am   14    0  0.00   1   9   3:00pm SSW 30.42   46
14   54.3  68.5   3:30pm  38.3   6:30am   11    0  0.00   2  17   5:30pm  NE 30.40   46
15   58.6  72.1   3:30pm  48.2  10:30pm    8    1  0.00   3  21  12:30pm  NW 30.19   31
16   46.7  52.7  12:30pm  42.2  11:00pm   18    0  0.39   1   9  11:00am   S 29.97   74
17   45.0  49.6   2:31pm  42.2   3:08am   20    0  0.06   1  19   7:06pm WNW 29.71   87
18   47.8  55.5   1:55pm  41.9   3:26am   17    0  0.00   2  18   1:01pm WNW 29.79   68
19   52.2  60.7   2:36pm  41.1   6:14am   13    0  0.00   3  20   1:16pm  NW 29.87   59
20   57.7  70.1   3:57pm  41.8   5:36am    8    1  0.00   1  14   2:01pm  NW 29.86   51
21   56.9  69.9   2:41pm  42.8   5:42am    9    1  0.00   1  11   2:42pm   S 29.76   58
22   58.1  72.1   2:49pm  47.1   6:16am    8    1  0.00   1  18   4:09pm   S 29.65   66
23   55.3  66.3   3:11pm  44.3   4:38am   10    0  0.00   3  23  10:34am  NW 29.78   45
24   57.8  72.2   3:41pm  42.4   6:35am    8    1  0.00   2  12  11:01am SSW 29.97   36
25   51.9  54.2   5:29pm  49.1   7:30am   13    0  0.32   0  10   4:53am SSW 29.63   82
26   54.0  61.6  11:52am  49.1   6:33am   11    0  0.34   1  12   9:31am  NE 29.33   85
27   48.5  56.0   1:25pm  39.7  11:55pm   17    0  0.09   2  22   7:36pm  NW 29.30   80
28   45.0  53.0  12:52pm  35.4   5:33am   20    0  0.00   4  29  10:31am WSW 29.45   63
29   54.7  65.6   2:28pm  41.4   6:22am   10    0  0.00   5  39   1:58pm WSW 29.66   36
30   62.7  78.2   3:21pm  46.0   5:39am    6    4  0.00   2  20   1:15pm WSW 29.75   38
---------------------------------------------------------------------------------------
TOT  55.5  91.3   4/7/10  35.4  4/28/10  320   35  1.62   2  39  4/29/10   S 29.86   59

HEAT BASE: 65.0
COOL BASE: 65.0