NOAA-Style Climate Reports

Select a Year or Month report
2022: Jan Feb Mar Apr May Jun Jul Aug Sep Oct Nov Dec
2021: Jan Feb Mar Apr May Jun Jul Aug Sep Oct Nov Dec
2020: Jan Feb Mar Apr May Jun Jul Aug Sep Oct Nov Dec
2019: Jan Feb Mar Apr May Jun Jul Aug Sep Oct Nov Dec
2018: Jan Feb Mar Apr May Jun Jul Aug Sep Oct Nov Dec
2017: Jan Feb Mar Apr May Jun Jul Aug Sep Oct Nov Dec
2016: Jan Feb Mar Apr May Jun Jul Aug Sep Oct Nov Dec
2015: Jan Feb Mar Apr May Jun Jul Aug Sep Oct Nov Dec
2014: Jan Feb Mar Apr May Jun Jul Aug Sep Oct Nov Dec
2013: Jan Feb Mar Apr May Jun Jul Aug Sep Oct Nov Dec
2012: Jan Feb Mar Apr May Jun Jul Aug Sep Oct Nov Dec
2011: Jan Feb Mar Apr May Jun Jul Aug Sep Oct Nov Dec
2010: Jan Feb Mar Apr May Jun Jul Aug Sep Oct Nov Dec
2009: Jan Feb Mar Apr May Jun Jul Aug Sep Oct Nov Dec

Report for 2010 June
                  MONTHLY CLIMATOLOGICAL SUMMARY FOR 6/2010
                                        HEAT  COOL        
     MEAN                               DEG   DEG       WIND SPEED       DOM MEAN  MEAN
DAY  TEMP  HIGH   TIME     LOW   TIME   DAYS  DAYS RAIN AVG  HI  TIME    DIR BAROM HUM
---------------------------------------------------------------------------------------
1    71.1  83.8   1:30pm  64.0   5:00am    0    6  0.27   1  23   5:30pm  SW 29.75   85
2    74.3  85.6   2:30pm  61.8   5:30am    0   10  0.00   1  11   3:00pm   S 29.78   72
3    73.3  82.2   2:00pm  65.8   1:30am    0    8  0.20   1  11  12:30pm SSW 29.66   83
4    76.2  87.3   4:00pm  64.6   5:30am    0   11  0.15   0   9   2:30pm SSW 29.74   72
5    77.6  88.1   3:00pm  67.7   4:00am    0   13  0.01   1  16   1:30pm  SW 29.62   77
6    73.3  84.5   2:05pm  59.6  11:56pm    0    8  0.25   2  28   7:27pm  NW 29.46   79
7    65.8  75.1   4:05pm  54.6   5:33am    3    3  0.00   3  20   1:53pm WNW 29.73   52
8    63.8  72.5   1:48pm  52.8   5:02am    3    2  0.00   2  26   2:30pm  NW 29.97   50
9    58.5  67.3  12:23pm  49.9   5:04am    7    0  0.24   0   7  12:47am   S 30.05   77
10   61.9  73.7   3:05pm  56.2  12:00am    4    1  0.41   0  12   3:42pm   W 29.82   92
11   63.5  70.9   4:12pm  58.1   5:35am    3    1  0.00   0  12   4:25pm SSW 30.07   85
12   64.2  68.5   6:04pm  59.4   2:48am    2    1  0.94   0  10  12:10am SSW 30.02   91
13   65.4  68.3   1:18pm  62.6   6:05am    1    1  0.01   1  10   8:05am ENE 29.85   93
14   69.7  80.2   3:00pm  62.9   5:31am    1    5  0.00   1  10   1:29pm   W 29.80   80
15   71.4  82.8   3:17pm  58.7   6:20am    1    7  0.00   1  15   2:12am  NW 29.99   59
16   65.9  75.2  12:49pm  54.1   5:04am    3    4  0.00   1  12  11:48am SSW 30.03   72
17   69.3  73.4  10:03am  61.7  11:58pm    0    4  0.00   3  21  12:50pm  NW 29.78   76
18   74.0  88.7   3:35pm  56.2   5:37am    2   11  0.00   0  11   5:41pm WSW 30.00   62
19   73.0  83.0   2:40pm  60.2   5:32am    1    8  0.00   1  12   4:25pm SSW 30.00   68
20   77.8  89.3   3:12pm  68.1   4:18am    0   13  0.00   1  17   4:52pm WSW 29.83   74
21   79.0  87.8   3:12pm  68.5   5:59am    0   14  0.00   2  16   4:59pm  NW 29.93   58
22   73.8  83.9  11:48am  66.8   5:23am    0    9  0.38   0   9   7:49am WSW 30.05   68
23   77.7  89.0   4:06pm  67.9  12:00am    0   13  0.31   1  15   4:25pm WNW 29.87   77
24   79.0  89.4  12:35pm  70.7   5:22am    0   14  0.01   2  20   5:28pm WSW 29.70   75
25   77.0  86.6   3:24pm  65.4   5:32am    0   12  0.00   1  11   1:23am   W 29.90   62
26   75.4  86.1   3:00pm  64.4   5:33am    0   10  0.00   1  13   1:19pm WSW 29.85   68
27   77.3  88.0   1:34pm  67.2   5:48am    0   12  0.23   1  11   1:29pm WSW 29.70   75
28   81.7  93.4   2:26pm  73.1   2:47am    0   17  0.00   1  17  12:37pm  SW 29.54   76
29   79.4  88.9   2:32pm  67.1  11:59pm    0   14  0.00   2  18   4:06pm   W 29.72   65
30   68.6  77.7   2:45pm  58.2   5:41am    1    5  0.00   2  14   8:52am  NW 29.99   50
---------------------------------------------------------------------------------------
TOT  72.0  93.4  6/28/10  49.9   6/9/10   31  239  3.41   1  28   6/6/10   W 29.84   72

HEAT BASE: 65.0
COOL BASE: 65.0