NOAA-Style Climate Reports

Select a Year or Month report
2022: Jan Feb Mar Apr May Jun Jul Aug Sep Oct Nov Dec
2021: Jan Feb Mar Apr May Jun Jul Aug Sep Oct Nov Dec
2020: Jan Feb Mar Apr May Jun Jul Aug Sep Oct Nov Dec
2019: Jan Feb Mar Apr May Jun Jul Aug Sep Oct Nov Dec
2018: Jan Feb Mar Apr May Jun Jul Aug Sep Oct Nov Dec
2017: Jan Feb Mar Apr May Jun Jul Aug Sep Oct Nov Dec
2016: Jan Feb Mar Apr May Jun Jul Aug Sep Oct Nov Dec
2015: Jan Feb Mar Apr May Jun Jul Aug Sep Oct Nov Dec
2014: Jan Feb Mar Apr May Jun Jul Aug Sep Oct Nov Dec
2013: Jan Feb Mar Apr May Jun Jul Aug Sep Oct Nov Dec
2012: Jan Feb Mar Apr May Jun Jul Aug Sep Oct Nov Dec
2011: Jan Feb Mar Apr May Jun Jul Aug Sep Oct Nov Dec
2010: Jan Feb Mar Apr May Jun Jul Aug Sep Oct Nov Dec
2009: Jan Feb Mar Apr May Jun Jul Aug Sep Oct Nov Dec

Report for 2010 November
                  MONTHLY CLIMATOLOGICAL SUMMARY FOR 11/2010
                                        HEAT  COOL        
     MEAN                               DEG   DEG       WIND SPEED       DOM MEAN  MEAN
DAY  TEMP  HIGH   TIME     LOW   TIME   DAYS  DAYS RAIN AVG  HI  TIME    DIR BAROM HUM
---------------------------------------------------------------------------------------
1    41.0  48.5   2:12pm  34.1   8:03am   24    0  0.00   2  17   4:38am  NW 30.22   61
2    42.4  48.7   3:24pm  34.6  11:58pm   23    0  0.00   1  15   9:56am  NW 30.35   61
3    39.9  52.8   3:09pm  30.2   3:28am   25    0  0.00   1   6   1:29pm   S 30.15   73
4    42.7  47.0  11:54pm  36.3   1:06am   22    0  1.05   2  22   2:51pm   N 29.67   95
5    47.5  51.7   2:04pm  40.0  11:59pm   18    0  0.30   1  13   2:18pm  SW 29.46   93
6    43.7  49.8   2:00pm  38.8   1:46am   20    0  0.00   1  16  12:30pm  NW 30.04   77
7    42.8  50.1   1:29pm  36.1   7:17am   21    0  0.00   4  20   3:53pm  NW 30.09   64
8    41.1  45.9  12:34pm  35.6   4:48am   23    0  0.49   5  28   3:45am  NW 29.56   78
9    48.1  55.1  12:22pm  39.1   6:48am   17    0  0.00   4  20   2:04am NNW 29.80   78
10   50.8  55.6   3:46pm  44.0  11:53pm   14    0  0.00   4  24  12:11pm NNE 30.02   62
11   45.6  54.2   3:31pm  38.7   6:28am   19    0  0.00   3  23   9:11am NNW 30.34   47
12   49.0  60.6  12:55pm  40.4   6:36am   15    0  0.00   1  14   9:12am NNW 30.36   32
13   47.8  63.2   2:00pm  34.3   7:00am   17    0  0.00   1   7   9:00am  NE 30.16   52
14   46.4  59.8   1:30pm  34.5   6:30am   19    0  0.00   0   9   9:30am ENE 30.07   72
15   47.8  54.0   2:49pm  43.1  12:00am   17    0  0.00   0   7  12:00pm   N 30.02   87
16   48.7  53.4   1:52pm  43.6   1:12am   16    0  0.11   0  10   9:32pm ENE 29.99   94
17   55.2  62.3  11:16am  49.5  10:43pm   10    0  1.35   4  30   3:32pm SSW 29.56   75
18   48.3  52.9  11:34am  42.5  11:57pm   16    0  0.00   2  24   1:32am   W 29.94   62
19   39.5  47.0   1:13pm  31.7  11:32pm   25    0  0.00   2  22  12:37pm  NW 30.14   66
20   42.8  54.3   3:08pm  31.3   1:38am   22    0  0.00   2  19   6:40pm SSW 30.07   64
21   38.5  44.7   1:24pm  33.8   7:14am   26    0  0.00   1  15   9:41am NNW 30.43   57
22   49.0  60.9   3:20pm  37.7  12:00am   16    0  0.00   1  13  12:52pm   S 30.24   81
23   54.5  59.4   1:54pm  48.5  11:51pm   11    0  0.00   2  20  10:50pm   S 29.84   81
24   42.9  48.7  12:31am  35.3  11:42pm   22    0  0.00   6  34   9:39am  NW 30.01   42
25   37.2  42.4   2:01pm  30.4   4:03am   27    0  0.00   1  15  12:00am   W 30.07   43
26   39.6  48.2   1:31pm  32.8  10:00pm   25    0  0.20   1  16   2:57pm  NW 29.59   85
27   37.0  43.0   1:54pm  32.1   6:49am   27    0  0.00   4  24  12:32pm WSW 29.69   62
28   36.9  47.4   2:15pm  29.3   7:16am   27    0  0.00   1  18   2:21pm  NW 30.23   58
29   37.1  48.5   1:16pm  27.4   7:04am   27    0  0.00   0   6   1:04pm SSW 30.48   75
30   42.0  49.5   1:49pm  32.5  12:44am   23    0  0.03   0   9   2:08pm   S 30.37   86
---------------------------------------------------------------------------------------
TOT  44.2  63.2 11/13/10  27.4 11/29/10  616    0  3.53   2  34 11/24/10  NW 30.03   69

HEAT BASE: 65.0
COOL BASE: 65.0