NOAA-Style Climate Reports

Select a Year or Month report
2022: Jan Feb Mar Apr May Jun Jul Aug Sep Oct Nov Dec
2021: Jan Feb Mar Apr May Jun Jul Aug Sep Oct Nov Dec
2020: Jan Feb Mar Apr May Jun Jul Aug Sep Oct Nov Dec
2019: Jan Feb Mar Apr May Jun Jul Aug Sep Oct Nov Dec
2018: Jan Feb Mar Apr May Jun Jul Aug Sep Oct Nov Dec
2017: Jan Feb Mar Apr May Jun Jul Aug Sep Oct Nov Dec
2016: Jan Feb Mar Apr May Jun Jul Aug Sep Oct Nov Dec
2015: Jan Feb Mar Apr May Jun Jul Aug Sep Oct Nov Dec
2014: Jan Feb Mar Apr May Jun Jul Aug Sep Oct Nov Dec
2013: Jan Feb Mar Apr May Jun Jul Aug Sep Oct Nov Dec
2012: Jan Feb Mar Apr May Jun Jul Aug Sep Oct Nov Dec
2011: Jan Feb Mar Apr May Jun Jul Aug Sep Oct Nov Dec
2010: Jan Feb Mar Apr May Jun Jul Aug Sep Oct Nov Dec
2009: Jan Feb Mar Apr May Jun Jul Aug Sep Oct Nov Dec

Report for 2010 December
                  MONTHLY CLIMATOLOGICAL SUMMARY FOR 12/2010
                                        HEAT  COOL        
     MEAN                               DEG   DEG       WIND SPEED       DOM MEAN  MEAN
DAY  TEMP  HIGH   TIME     LOW   TIME   DAYS  DAYS RAIN AVG  HI  TIME    DIR BAROM HUM
---------------------------------------------------------------------------------------
1    52.8  59.0   5:07pm  40.4  11:45pm   12    0  1.18   3  22   2:22pm   S 29.83   93
2    38.6  44.4   1:22pm  33.5   9:03pm   26    0  0.00   3  16  11:01am  NW 29.97   66
3    35.3  41.8  11:58am  30.1   3:21am   30    0  0.00   2  16   6:54pm WNW 29.93   72
4    34.7  41.0   1:06pm  29.3  11:58pm   30    0  0.00   4  22   4:02pm  NW 29.71   62
5    30.7  35.1  12:27pm  27.3   6:50am   34    0  0.00   3  23  12:24pm  NW 29.57   67
6    29.6  33.0   1:18pm  25.0   3:01am   35    0  0.00   3  26   3:27pm   W 29.39   67
7    30.9  36.6  12:58pm  27.2   3:24am   33    0  0.00   2  21  11:02am WSW 29.44   62
8    28.5  34.2  12:45pm  21.8  11:38pm   36    0  0.00   3  25  11:37am  NW 29.80   59
9    22.0  28.3  12:09pm  16.7   5:24am   43    0  0.00   2  20  10:56am  NW 30.17   60
10   21.2  27.2  11:52pm  13.2   6:33am   43    0  0.00   0   6   9:15am  NE 30.35   68
11   33.2  44.5   1:20pm  24.0   7:48am   32    0  0.00   0   4   1:00pm WSW 30.20   75
12   43.7  56.4   5:24pm  29.4  12:07am   21    0  2.75   3  15  12:28pm   S 29.67   94
13   42.2  50.0   6:42am  25.8  11:34pm   23    0  0.03   2  23   7:32pm   W 29.10   91
14   22.1  25.8  12:00am  17.9  11:56pm   42    0  0.00   5  22   9:07am   W 29.42   67
15   20.5  24.5   4:01pm  16.3   4:32am   40    0  0.00   4  30  12:11pm WNW 29.63   62
16   27.0  35.6   1:25pm  19.3   3:44am   32    0  0.00   1  15   9:35am SSW 29.73   65
17   26.7  35.7   1:30pm  18.4   5:00am   38    0  0.00   1  17  12:30pm  NW 29.86   70
18   31.9  39.2   1:30pm  27.2  11:30pm   33    0  0.00   0   5   9:00am ENE 30.03   70
19   29.5  35.4   2:30pm  23.6   7:30am   36    0  0.00   1  13  11:30pm NNW 29.96   72
20   29.5  35.5   1:58pm  24.3   7:45am   36    0  0.00   4  23   4:33pm  NW 29.79   64
21   31.7  36.8  12:01pm  28.6  12:01am   33    0  0.00   5  25   5:19am  NW 29.74   67
22   32.8  40.6   1:03pm  29.3   2:54am   32    0  0.00   4  23   3:20pm  NW 29.71   72
23   32.1  34.8   2:39pm  29.9  11:05pm   33    0  0.00   6  30   8:04am  NW 29.74   68
24   30.8  38.7   1:24pm  26.0  11:56pm   34    0  0.00   3  18  12:00am  NW 29.95   66
25   27.1  32.5   2:31pm  20.3   7:21am   38    0  0.00   1   7  10:21pm ENE 29.96   72
26   25.1  28.6  12:00am  23.0   6:16pm   38    0  0.00   8  36   7:23pm NNE 29.67   82
27   23.5  30.1   4:01am  18.9  11:58pm   41    0  0.07   9  36   1:39am  NW 29.19   78
28   28.3  35.3   1:25pm  18.2   1:32am   37    0  0.00   5  37  10:59am  NW 29.68   63
29   34.4  37.3  12:34pm  28.5  11:55pm   31    0  0.00   3  23   1:15pm  NW 29.93   72
30   32.2  44.3   2:33pm  23.0   8:12am   32    0  0.00   0   6  11:28am WSW 30.12   77
31   36.7  47.9   2:23pm  27.6   1:48am   28    0  0.00   1   5   2:29pm   S 30.09   74
---------------------------------------------------------------------------------------
TOT  31.2  59.0  12/1/10  13.2 12/10/10 1032    0  4.03   3  36 12/27/10  NW 29.79   71

HEAT BASE: 65.0
COOL BASE: 65.0