NOAA-Style Climate Reports

Select a Year or Month report
2022: Jan Feb Mar Apr May Jun Jul Aug Sep Oct Nov Dec
2021: Jan Feb Mar Apr May Jun Jul Aug Sep Oct Nov Dec
2020: Jan Feb Mar Apr May Jun Jul Aug Sep Oct Nov Dec
2019: Jan Feb Mar Apr May Jun Jul Aug Sep Oct Nov Dec
2018: Jan Feb Mar Apr May Jun Jul Aug Sep Oct Nov Dec
2017: Jan Feb Mar Apr May Jun Jul Aug Sep Oct Nov Dec
2016: Jan Feb Mar Apr May Jun Jul Aug Sep Oct Nov Dec
2015: Jan Feb Mar Apr May Jun Jul Aug Sep Oct Nov Dec
2014: Jan Feb Mar Apr May Jun Jul Aug Sep Oct Nov Dec
2013: Jan Feb Mar Apr May Jun Jul Aug Sep Oct Nov Dec
2012: Jan Feb Mar Apr May Jun Jul Aug Sep Oct Nov Dec
2011: Jan Feb Mar Apr May Jun Jul Aug Sep Oct Nov Dec
2010: Jan Feb Mar Apr May Jun Jul Aug Sep Oct Nov Dec
2009: Jan Feb Mar Apr May Jun Jul Aug Sep Oct Nov Dec

Report for 2011 January
                  MONTHLY CLIMATOLOGICAL SUMMARY FOR 1/2011
                                        HEAT  COOL        
     MEAN                               DEG   DEG       WIND SPEED       DOM MEAN  MEAN
DAY  TEMP  HIGH   TIME     LOW   TIME   DAYS  DAYS RAIN AVG  HI  TIME    DIR BAROM HUM
---------------------------------------------------------------------------------------
1    42.9  54.2   1:39pm  33.8   7:43am   22    0  0.00   1   5   2:11pm   S 30.02   77
2    43.7  48.5   2:16pm  32.8  11:58pm   21    0  0.04   1  21  11:20pm  NW 29.87   87
3    30.7  35.8   1:22pm  25.2  11:59pm   34    0  0.00   4  26   3:42am  NW 30.02   58
4    30.8  41.0   2:36pm  24.2   6:25am   34    0  0.00   1  13  12:08pm WSW 29.88   63
5    30.9  37.3  11:16am  25.5   5:45am   34    0  0.00   1  17  12:41pm WNW 29.75   63
6    26.3  33.8   1:39pm  18.9   7:18am   39    0  0.00   0   7  12:43pm WSW 29.65   66
7    28.9  35.0   2:58pm  24.4   6:26am   36    0  0.00   1  13   2:00pm NNW 29.44   78
8    28.7  30.5  12:43pm  27.0   7:21am   35    0  0.00   1  13  11:30pm NNE 29.39   89
9    28.7  34.1   1:22pm  24.7   7:04am   36    0  0.00   5  29  10:00am  NW 29.71   69
10   28.4  34.8   1:19pm  23.9   9:48pm   37    0  0.00   5  24   7:11am  NW 30.07   64
11   23.9  28.1   2:15pm  17.6   7:16am   41    0  0.00   1  10   9:52am  NE 30.13   74
12   26.7  30.5   9:08am  22.9  11:56pm   38    0  0.00   6  28   6:00am  NW 29.55   89
13   24.0  30.9   1:31pm  17.3  11:52pm   41    0  0.00   4  23   3:28am  NW 30.02   70
14   17.9  25.7   1:41pm  10.6  11:23pm   47    0  0.00   1  13   1:28pm  NW 30.24   74
15   21.9  34.3   7:30pm   7.9   6:57am   43    0  0.00   1   9   1:40pm SSW 30.05   80
16   31.0  36.0   1:22pm  23.4   9:56pm   31    0  0.03   2  19  10:47am WNW 29.96   62
17   19.0  23.4   1:28pm  14.8   9:09am   46    0  0.00   1  15  12:00am  NW 30.30   56
18   25.5  35.6  11:57pm  17.6   5:50am   40    0  0.12   2  17   1:42pm NNW 29.92   89
19   35.7  39.2   2:15pm  31.3  11:57pm   29    0  0.23   1  15  10:26pm WNW 29.65   92
20   29.0  35.0   1:25pm  25.9   8:14pm   36    0  0.01   2  17   4:48am  NW 29.93   71
21   25.4  30.9  12:00pm  20.3  11:57pm   40    0  0.00   4  29  12:25pm   N 29.59   78
22   18.9  26.5   2:14pm  10.9   8:00am   46    0  0.00   1  20   2:03am WNW 29.87   67
23   13.1  24.5   1:29pm   5.6   5:26am   52    0  0.00   4  22   2:49pm  NW 29.97   69
24    8.3  15.7   1:29pm   0.3   7:35am   57    0  0.00   1  14  12:39am ENE 30.38   49
25   22.5  33.0   3:07pm  14.0   4:05am   43    0  0.00   0   5  12:58pm WSW 30.15   83
26   25.0  31.4   5:06pm  16.8   4:19am   40    0  0.00   2  22  11:38pm NNE 29.89   91
27   30.0  35.1  12:41pm  24.6  10:17pm   35    0  0.04   3  25   1:05am  NW 29.67   82
28   27.1  33.6   3:15pm  18.1   5:58am   38    0  0.00   0   5  12:00am   W 29.81   83
29   31.6  37.5   1:28pm  26.9  11:57pm   33    0  0.02   0   9   3:40pm WSW 29.86   80
30   29.2  37.7   1:36pm  23.2  11:58pm   36    0  0.01   1  14   2:38pm  NW 30.03   77
31   23.8  30.1   1:25pm  15.3   7:22am   41    0  0.00   1  18   8:47am NNW 30.39   64
---------------------------------------------------------------------------------------
TOT  26.7  54.2   1/1/11   0.3  1/24/11 1181    0  0.50   2  29   1/9/11  NW 29.91   74

HEAT BASE: 65.0
COOL BASE: 65.0