NOAA-Style Climate Reports

Select a Year or Month report
2022: Jan Feb Mar Apr May Jun Jul Aug Sep Oct Nov Dec
2021: Jan Feb Mar Apr May Jun Jul Aug Sep Oct Nov Dec
2020: Jan Feb Mar Apr May Jun Jul Aug Sep Oct Nov Dec
2019: Jan Feb Mar Apr May Jun Jul Aug Sep Oct Nov Dec
2018: Jan Feb Mar Apr May Jun Jul Aug Sep Oct Nov Dec
2017: Jan Feb Mar Apr May Jun Jul Aug Sep Oct Nov Dec
2016: Jan Feb Mar Apr May Jun Jul Aug Sep Oct Nov Dec
2015: Jan Feb Mar Apr May Jun Jul Aug Sep Oct Nov Dec
2014: Jan Feb Mar Apr May Jun Jul Aug Sep Oct Nov Dec
2013: Jan Feb Mar Apr May Jun Jul Aug Sep Oct Nov Dec
2012: Jan Feb Mar Apr May Jun Jul Aug Sep Oct Nov Dec
2011: Jan Feb Mar Apr May Jun Jul Aug Sep Oct Nov Dec
2010: Jan Feb Mar Apr May Jun Jul Aug Sep Oct Nov Dec
2009: Jan Feb Mar Apr May Jun Jul Aug Sep Oct Nov Dec

Report for 2011 February
                  MONTHLY CLIMATOLOGICAL SUMMARY FOR 2/2011
                                        HEAT  COOL        
     MEAN                               DEG   DEG       WIND SPEED       DOM MEAN  MEAN
DAY  TEMP  HIGH   TIME     LOW   TIME   DAYS  DAYS RAIN AVG  HI  TIME    DIR BAROM HUM
---------------------------------------------------------------------------------------
1    20.2  22.4   7:28pm  17.3   8:26am   45    0  0.00   4  15  10:29pm NNE 30.31   82
2    24.8  29.0  10:16am  20.6   5:40am   40    0  0.00   3  16   7:51pm NNW 29.87   93
3    24.0  29.8   4:08pm  16.5  11:53pm   41    0  0.00   2  16  10:38am  NW 30.18   75
4    24.1  36.9   2:18pm  11.2   5:53am   41    0  0.01   1  15  12:32pm WSW 30.13   70
5    29.3  39.5  11:59pm  20.6   6:00am   36    0  0.07   1  26  11:23pm WSW 29.75   89
6    38.6  44.2   1:24pm  31.0  11:49pm   26    0  0.01   4  33   4:03am  NW 29.74   71
7    35.9  43.4   2:15pm  28.8   6:47am   29    0  0.00   0   6   1:48pm   N 29.92   78
8    30.5  37.0  12:30pm  17.9  11:30pm   35    0  0.24   5  33   8:00pm WNW 29.65   78
9    22.6  31.3   3:30pm  13.5   7:00am   42    0  0.00   2  20  12:00am SSW 30.06   57
10   23.6  27.7   2:00pm  14.4  11:30pm   41    0  0.00   2  22   9:30am  NW 29.96   53
11   21.9  33.5   2:00pm   9.8   7:00am   43    0  0.00   1  14  12:00pm SSW 30.07   60
12   29.4  38.7   1:00pm  20.0   5:00am   36    0  0.00   3  22  11:30am  SW 29.85   70
13   31.9  39.7   3:30pm  22.7   6:00am   33    0  0.00   2  15  11:30am SSW 29.92   66
14   44.6  55.5   2:30pm  36.2  11:30pm   20    0  0.00   4  34  10:00pm   S 29.49   59
15   25.7  35.9  12:00am  18.3  11:00pm   39    0  0.00   5  31   3:00am  NW 30.14   46
16   29.9  42.4   3:00pm  16.7   6:30am   35    0  0.00   1   9  12:00pm   S 30.24   55
17   45.9  59.4   2:07pm  35.0   5:04am   19    0  0.00   1  12   3:30pm SSW 30.03   62
18   50.5  62.1   3:03pm  40.2   7:11am   15    0  0.00   2  21   3:19pm SSW 29.68   68
19   32.7  49.1  12:00am  18.6  11:54pm   32    0  0.00   8  50   6:13pm  NW 29.66   49
20   25.1  34.8   2:25pm  15.7   6:44am   40    0  0.00   4  26  12:22am  NW 30.02   48
21   27.1  30.2   3:11pm  19.3  11:58pm   38    0  0.00   3  21   6:36pm NNW 29.82   72
22   24.5  37.1   3:40pm  15.1   6:53am   41    0  0.01   2  16   4:42pm  NW 30.03   48
23   28.2  41.5   3:46pm  15.6   6:27am   37    0  0.00   1  12  11:36am ENE 30.23   39
24   31.1  42.5   2:00pm  16.8   6:50am   34    0  0.11   1  10   2:33pm SSW 30.14   58
25   34.8  36.1  12:00am  31.2  11:26pm   30    0  1.40   4  33   8:34pm NNW 29.58   91
26   33.2  38.8   3:55pm  26.9   6:47am   32    0  0.00   1  23  12:00am WSW 30.06   61
27   34.8  42.2   3:45pm  29.3  11:56pm   30    0  0.08   1  11   1:38pm ENE 29.97   85
28   34.5  43.2   7:42pm  28.8  12:37am   30    0  0.49   2  26   9:24pm  NE 29.76   90
---------------------------------------------------------------------------------------
TOT  30.7  62.1  2/18/11   9.8  2/11/11  960    0  2.42   3  50  2/19/11  NW 29.94   67

HEAT BASE: 65.0
COOL BASE: 65.0