NOAA-Style Climate Reports

Select a Year or Month report
2022: Jan Feb Mar Apr May Jun Jul Aug Sep Oct Nov Dec
2021: Jan Feb Mar Apr May Jun Jul Aug Sep Oct Nov Dec
2020: Jan Feb Mar Apr May Jun Jul Aug Sep Oct Nov Dec
2019: Jan Feb Mar Apr May Jun Jul Aug Sep Oct Nov Dec
2018: Jan Feb Mar Apr May Jun Jul Aug Sep Oct Nov Dec
2017: Jan Feb Mar Apr May Jun Jul Aug Sep Oct Nov Dec
2016: Jan Feb Mar Apr May Jun Jul Aug Sep Oct Nov Dec
2015: Jan Feb Mar Apr May Jun Jul Aug Sep Oct Nov Dec
2014: Jan Feb Mar Apr May Jun Jul Aug Sep Oct Nov Dec
2013: Jan Feb Mar Apr May Jun Jul Aug Sep Oct Nov Dec
2012: Jan Feb Mar Apr May Jun Jul Aug Sep Oct Nov Dec
2011: Jan Feb Mar Apr May Jun Jul Aug Sep Oct Nov Dec
2010: Jan Feb Mar Apr May Jun Jul Aug Sep Oct Nov Dec
2009: Jan Feb Mar Apr May Jun Jul Aug Sep Oct Nov Dec

Report for 2011 April
                  MONTHLY CLIMATOLOGICAL SUMMARY FOR 4/2011
                                        HEAT  COOL        
     MEAN                               DEG   DEG       WIND SPEED       DOM MEAN  MEAN
DAY  TEMP  HIGH   TIME     LOW   TIME   DAYS  DAYS RAIN AVG  HI  TIME    DIR BAROM HUM
---------------------------------------------------------------------------------------
1    38.0  43.5   2:32pm  33.8   6:13am   27    0  0.27   4  20  10:05am   N 29.36   90
2    45.3  55.8   2:11pm  37.4   7:00am   20    0  0.00   4  24   4:02pm   W 29.42   61
3    46.9  56.0   3:05pm  39.2   6:48am   18    0  0.00   5  32   3:14pm   W 29.78   41
4    47.2  54.9   6:07pm  41.4   6:41am   18    0  0.13   1  10   1:37pm SSW 29.73   76
5    48.1  58.0  11:38am  40.2  11:52pm   17    0  0.23   3  28  10:56pm SSW 29.36   87
6    44.4  56.6   2:04pm  35.4   6:36am   21    0  0.04   4  26   4:09pm WSW 29.85   57
7    45.8  57.2   4:00pm  37.6   7:18am   19    0  0.00   1  13   6:54pm  NW 30.05   67
8    44.1  54.3   2:06pm  33.5   6:06am   21    0  0.00   1   9   8:16am SSW 30.16   56
9    47.1  63.0   3:21pm  32.6   6:24am   18    0  0.00   2  10   1:14pm SSW 30.11   58
10   48.3  60.2   2:23pm  36.4   6:03am   17    0  0.00   2  10   2:29pm   S 30.06   60
11   56.4  67.1   5:36pm  48.7  12:00am    9    0  0.00   3   9   2:36pm SSW 29.67   87
12   54.3  63.2   3:30am  46.7  11:58pm   11    0  0.63   2  21   4:08am  NW 29.82   82
13   46.2  47.7   6:02pm  44.1   8:10am   19    0  0.63   4  18   4:53am  NE 29.93   94
14   55.2  68.7   3:42pm  44.8   6:00am   10    0  0.00   3  18  10:50pm  NW 29.93   67
15   47.6  58.6   3:58pm  39.2  11:57pm   17    0  0.00   3  16  12:00am   S 30.36   50
16   42.6  51.7  11:57pm  36.0   4:57am   22    0  1.12   2  13   8:31am ENE 30.19   77
17   55.8  61.2   4:00pm  49.2  11:00pm    9    0  0.63   5  29   8:00pm  SW 29.55   68
18   52.3  61.6   6:00pm  41.5   6:30am   13    0  0.00   2  21  12:30pm  SW 29.88   56
19   48.0  51.5  10:13am  43.1  11:39pm   17    0  0.09   2  14  10:15am  NE 30.03   83
20   46.2  52.7   6:35pm  42.1   4:20am   19    0  0.00   1  10  12:41am  NE 29.88   93
21   49.1  56.4   1:30pm  40.6  11:30pm   15    0  0.00   5  35   4:00pm  NW 30.04   58
22   45.3  57.5   3:30pm  33.7   6:30am   20    0  0.00   2  11   1:00pm SSW 30.39   52
23   46.8  53.6   8:00pm  38.9   6:00am   18    0  0.56   1  10   4:00am   S 30.11   90
24   61.7  77.1   2:00pm  52.1   5:30am    6    2  0.04   1  13   5:00pm ENE 29.93   85
25   59.0  63.4   6:00pm  56.8   4:30am    6    0  0.00   1  11  10:00am  NE 30.01   84
26   65.3  80.1   2:00pm  54.8   6:30am    4    4  0.00   2  12   6:00pm SSW 29.92   85
27   65.7  74.1   1:00pm  62.5   9:30am    1    1  0.00   2  10   1:30am   S 29.92   92
28   63.7  66.0   1:30pm  61.6  11:30pm    1    0  0.09   3  12  11:00am   S 29.68   96
29   61.9  72.3   3:16pm  48.6   6:30am    5    2  0.00   2  18   2:00pm  NW 29.68   61
30   56.6  63.4   4:17pm  48.9   5:44am    8    0  0.00   2  16   2:20pm  NW 29.99   54
---------------------------------------------------------------------------------------
TOT  51.2  80.1  4/26/11  32.6   4/9/11  423   10  4.46   2  35  4/21/11  NE 29.89   72

HEAT BASE: 65.0
COOL BASE: 65.0