NOAA-Style Climate Reports

Select a Year or Month report
2022: Jan Feb Mar Apr May Jun Jul Aug Sep Oct Nov Dec
2021: Jan Feb Mar Apr May Jun Jul Aug Sep Oct Nov Dec
2020: Jan Feb Mar Apr May Jun Jul Aug Sep Oct Nov Dec
2019: Jan Feb Mar Apr May Jun Jul Aug Sep Oct Nov Dec
2018: Jan Feb Mar Apr May Jun Jul Aug Sep Oct Nov Dec
2017: Jan Feb Mar Apr May Jun Jul Aug Sep Oct Nov Dec
2016: Jan Feb Mar Apr May Jun Jul Aug Sep Oct Nov Dec
2015: Jan Feb Mar Apr May Jun Jul Aug Sep Oct Nov Dec
2014: Jan Feb Mar Apr May Jun Jul Aug Sep Oct Nov Dec
2013: Jan Feb Mar Apr May Jun Jul Aug Sep Oct Nov Dec
2012: Jan Feb Mar Apr May Jun Jul Aug Sep Oct Nov Dec
2011: Jan Feb Mar Apr May Jun Jul Aug Sep Oct Nov Dec
2010: Jan Feb Mar Apr May Jun Jul Aug Sep Oct Nov Dec
2009: Jan Feb Mar Apr May Jun Jul Aug Sep Oct Nov Dec

Report for 2011 May
                  MONTHLY CLIMATOLOGICAL SUMMARY FOR 5/2011
                                        HEAT  COOL        
     MEAN                               DEG   DEG       WIND SPEED       DOM MEAN  MEAN
DAY  TEMP  HIGH   TIME     LOW   TIME   DAYS  DAYS RAIN AVG  HI  TIME    DIR BAROM HUM
---------------------------------------------------------------------------------------
1    57.6  72.9   3:42pm  45.6   6:27am    9    1  0.00   1  12  12:05pm   S 30.22   51
2    53.0  64.4   3:19pm  41.0   5:29am   12    0  0.00   1   7   5:29pm SSW 30.20   73
3    62.2  77.3   1:18pm  49.5   6:06am    5    3  0.00   1   7   1:31pm   S 30.05   72
4    53.7  62.4   9:02am  46.9   8:18pm   11    0  0.32   1  17   9:36am  NW 29.89   92
5    52.0  61.2   1:37pm  44.1  11:51pm   13    0  0.00   3  23   4:04pm WNW 29.85   64
6    57.4  71.5   2:33pm  41.4   6:07am    9    1  0.00   2  17  12:15pm SSW 29.86   49
7    57.6  71.0  12:43pm  49.1   6:24am    8    0  0.15   0  15   4:38pm WSW 29.78   77
8    60.1  73.7   2:23pm  45.7   6:23am    7    2  0.00   1  16  12:21pm ENE 29.84   66
9    61.7  71.1   3:18pm  51.5   6:14am    5    1  0.00   3  20   5:53pm NNW 29.89   50
10   61.6  71.1   3:53pm  52.6   6:12am    5    1  0.00   4  20  10:41am  NE 29.93   49
11   58.8  65.9   4:17pm  52.6   6:05am    6    0  0.00   3  19   8:47am  NE 30.03   70
12   62.3  74.9   3:52pm  49.6   5:45am    5    2  0.00   2  14   9:09am ENE 30.00   58
13   61.0  73.2   1:20pm  47.4   5:47am    6    2  0.00   1  11   1:59pm  SW 29.89   71
14   60.0  67.0  12:28pm  55.4   5:49am    5    0  0.02   1   7   1:48pm SSW 29.79   79
15   59.1  65.7   6:16pm  53.5   1:38am    6    0  0.77   0  17  11:57pm  NE 29.64   97
16   53.5  58.9  12:00am  50.1  11:54pm   12    0  0.08   2  17  12:00am ENE 29.76   97
17   52.6  56.4   3:45pm  49.7   2:14am   12    0  0.71   2  17   8:21pm ENE 29.97   98
18   57.3  62.3   2:52pm  52.2  12:00am    8    0  0.69   2  13   5:16pm ENE 30.02   98
19   60.4  66.4   4:57pm  56.0   3:52am    5    0  0.55   1   9   8:37am  NE 29.99   98
20   63.5  74.1   2:49pm  57.5  11:57pm    3    1  0.01   0   9   3:46pm ENE 29.91   90
21   63.6  77.1   4:01pm  54.8   2:41am    4    2  0.01   0  10   2:37pm  NW 29.91   86
22   58.9  64.9   3:03pm  52.9   7:18am    6    0  0.02   1  10   5:24am ENE 30.10   86
23   56.6  63.6  11:58pm  51.8   6:18am    8    0  0.41   0   7   1:57pm   S 29.99   96
24   69.8  78.9   5:35pm  63.2   6:23am    0    5  0.02   1  14   5:50pm  SW 29.72   87
25   71.3  82.1   3:46pm  59.0   6:21am    1    7  0.00   1   9  12:56am   S 29.86   67
26   68.7  82.6   3:19pm  57.5   4:36am    2    6  0.00   1   7   2:31pm   S 29.89   85
27   74.8  88.6   1:26pm  64.7   6:27am    0   10  0.00   0   7   6:18am   S 29.91   78
28   72.0  82.2   3:41pm  66.2   1:35am    0    7  0.00   1   7   4:59pm   S 30.00   85
29   74.8  82.6   3:17pm  68.1   5:41am    0   10  0.00   1  10   1:51pm SSW 30.03   81
30   75.6  87.1   3:33pm  67.5   4:39am    0   11  0.77   1  13   7:40am   W 30.01   82
31   77.5  89.5   4:03pm  67.0   5:36am    0   12  0.00   1   9   2:46am NNW 30.12   62
---------------------------------------------------------------------------------------
TOT  62.2  89.5  5/31/11  41.0   5/2/11  171   85  4.53   1  23   5/5/11 ENE 29.94   77

HEAT BASE: 65.0
COOL BASE: 65.0