NOAA-Style Climate Reports

Select a Year or Month report
2022: Jan Feb Mar Apr May Jun Jul Aug Sep Oct Nov Dec
2021: Jan Feb Mar Apr May Jun Jul Aug Sep Oct Nov Dec
2020: Jan Feb Mar Apr May Jun Jul Aug Sep Oct Nov Dec
2019: Jan Feb Mar Apr May Jun Jul Aug Sep Oct Nov Dec
2018: Jan Feb Mar Apr May Jun Jul Aug Sep Oct Nov Dec
2017: Jan Feb Mar Apr May Jun Jul Aug Sep Oct Nov Dec
2016: Jan Feb Mar Apr May Jun Jul Aug Sep Oct Nov Dec
2015: Jan Feb Mar Apr May Jun Jul Aug Sep Oct Nov Dec
2014: Jan Feb Mar Apr May Jun Jul Aug Sep Oct Nov Dec
2013: Jan Feb Mar Apr May Jun Jul Aug Sep Oct Nov Dec
2012: Jan Feb Mar Apr May Jun Jul Aug Sep Oct Nov Dec
2011: Jan Feb Mar Apr May Jun Jul Aug Sep Oct Nov Dec
2010: Jan Feb Mar Apr May Jun Jul Aug Sep Oct Nov Dec
2009: Jan Feb Mar Apr May Jun Jul Aug Sep Oct Nov Dec

Report for 2011 June
                  MONTHLY CLIMATOLOGICAL SUMMARY FOR 6/2011
                                        HEAT  COOL        
     MEAN                               DEG   DEG       WIND SPEED       DOM MEAN  MEAN
DAY  TEMP  HIGH   TIME     LOW   TIME   DAYS  DAYS RAIN AVG  HI  TIME    DIR BAROM HUM
---------------------------------------------------------------------------------------
1    74.9  86.4   2:56pm  65.1   5:32am    0   10  0.00   1  14   2:58pm SSW 29.94   81
2    66.5  76.2   9:41am  57.7  11:58pm    2    3  0.00   4  27   5:04pm   W 29.82   57
3    64.1  74.1   4:04pm  52.4   5:56am    4    3  0.00   4  25   3:24pm  NW 29.95   43
4    66.1  79.7   3:24pm  53.2   6:08am    4    5  0.00   1  13  12:10pm ENE 30.00   51
5    62.9  74.9   1:45pm  49.6   5:30am    4    2  0.00   1   7  11:51am  SW 30.01   68
6    71.8  83.8   4:01pm  59.7   6:06am    1    8  0.00   1  12  11:46am ENE 29.94   63
7    77.4  90.6   4:05pm  61.1   5:40am    1   13  0.00   1  15  11:40am   W 29.85   62
8    82.1  93.3   3:58pm  69.0   6:06am    0   17  0.00   1  29   9:29pm WSW 29.81   64
9    74.1  91.1   2:23pm  66.6   5:23am    0    9  0.82   1  28   5:00pm WSW 29.80   81
10   74.7  84.5   4:00pm  65.9   3:00am    0   10  0.01   1  11   8:00am  NE 29.89   76
11   61.4  68.0  12:00am  57.0  11:30pm    4    0  0.83   1  12   4:30pm ENE 30.00   93
12   58.9  64.4   4:30pm  54.2   6:30am    6    0  0.43   1  12   9:00am ENE 29.86   90
13   65.6  73.2   6:00pm  58.2   4:00am    2    3  0.09   1  16  10:30am WNW 29.82   75
14   59.2  64.8   4:00pm  56.2  11:30pm    6    0  0.15   0   9   6:30pm  NW 29.84   91
15   67.7  81.5   2:30pm  53.5   3:30am    3    6  0.02   1  13   1:30pm ENE 29.80   71
16   72.8  86.0   2:30pm  59.4   2:00am    1    9  0.00   1  13   5:00pm WSW 29.86   70
17   67.1  73.9   4:30pm  63.0  11:30pm    0    2  0.54   0  14   6:00pm SSW 29.85   89
18   73.3  84.0   4:00pm  62.1   5:00am    1    9  0.00   1  13  12:30pm WSW 29.78   77
19   72.0  81.7   4:00pm  62.3   6:00am    0    7  0.00   1  10   7:30pm NNW 29.78   60
20   69.9  82.5   4:00pm  54.6   5:30am    2    7  0.00   0   9   1:00pm   W 29.84   62
21   73.9  86.4   3:00pm  59.6   6:00am    1   10  0.00   0   6   9:00am WSW 29.86   70
22   68.9  71.2  12:00am  67.5   5:00am    0    4  0.67   0   5   2:00pm  NW 29.86   95
23   66.3  68.3  10:30am  63.7  11:30pm    0    1  0.73   1  12  11:30am ENE 29.76   97
24   64.3  68.4   3:30pm  61.7   5:00am    1    1  0.10   1  11   7:00pm ENE 29.73   96
25   65.9  78.6   4:30pm  57.1   6:00am    3    4  0.10   1   9  12:00am  NE 29.78   90
26   73.4  81.9   3:14pm  66.0   6:00am    0    8  0.00   1  10  12:21pm   W 29.87   77
27   75.0  86.3   3:15pm  62.1   6:07am    0   10  0.00   0   7   4:49pm   W 29.95   70
28   76.2  85.5   2:41pm  66.6   6:07am    0   11  0.00   0   6  10:57am  SW 29.86   76
29   74.2  82.7   2:23pm  67.5  11:58pm    0    9  0.03   2  19   6:00pm   W 29.79   73
30   72.3  82.1   2:47pm  60.4   5:43am    1    8  0.00   2  17  12:00am   W 29.87   63
---------------------------------------------------------------------------------------
TOT  69.8  93.3   6/8/11  49.6   6/5/11   48  191  4.52   1  29   6/8/11   W 29.86   74

HEAT BASE: 65.0
COOL BASE: 65.0