NOAA-Style Climate Reports

Select a Year or Month report
2022: Jan Feb Mar Apr May Jun Jul Aug Sep Oct Nov Dec
2021: Jan Feb Mar Apr May Jun Jul Aug Sep Oct Nov Dec
2020: Jan Feb Mar Apr May Jun Jul Aug Sep Oct Nov Dec
2019: Jan Feb Mar Apr May Jun Jul Aug Sep Oct Nov Dec
2018: Jan Feb Mar Apr May Jun Jul Aug Sep Oct Nov Dec
2017: Jan Feb Mar Apr May Jun Jul Aug Sep Oct Nov Dec
2016: Jan Feb Mar Apr May Jun Jul Aug Sep Oct Nov Dec
2015: Jan Feb Mar Apr May Jun Jul Aug Sep Oct Nov Dec
2014: Jan Feb Mar Apr May Jun Jul Aug Sep Oct Nov Dec
2013: Jan Feb Mar Apr May Jun Jul Aug Sep Oct Nov Dec
2012: Jan Feb Mar Apr May Jun Jul Aug Sep Oct Nov Dec
2011: Jan Feb Mar Apr May Jun Jul Aug Sep Oct Nov Dec
2010: Jan Feb Mar Apr May Jun Jul Aug Sep Oct Nov Dec
2009: Jan Feb Mar Apr May Jun Jul Aug Sep Oct Nov Dec

Report for 2011 July
                  MONTHLY CLIMATOLOGICAL SUMMARY FOR 7/2011
                                        HEAT  COOL        
     MEAN                               DEG   DEG       WIND SPEED       DOM MEAN  MEAN
DAY  TEMP  HIGH   TIME     LOW   TIME   DAYS  DAYS RAIN AVG  HI  TIME    DIR BAROM HUM
---------------------------------------------------------------------------------------
1    71.5  81.0   3:33pm  57.8   5:41am    1    7  0.00   1  11  10:18am WNW 29.94   59
2    74.4  86.4   2:29pm  61.0   5:13am    1   10  0.00   1   9   6:23pm ENE 29.98   68
3    70.9  74.2   9:43am  65.1   5:43am    0    6  0.10   0   5   9:21am WSW 29.84   91
4    76.6  87.9   4:09pm  65.8   5:16am    0   12  0.00   1  13  12:08pm WSW 29.78   74
5    79.1  90.5   4:10pm  64.9   6:14am    0   14  0.00   1  10  12:55pm   W 29.84   55
6    79.7  91.8   3:43pm  65.0   5:34am    0   15  0.00   1  15   3:26pm SSW 29.85   65
7    79.3  89.7   2:22pm  68.6   5:35am    0   14  0.00   1  11   2:54pm  NW 29.86   64
8    71.8  79.8   3:30pm  67.6   8:32am    0    7  0.19   1   9   6:00am  NE 29.83   85
9    76.9  86.1   3:43pm  67.1   6:11am    0   12  0.00   2  20   1:32pm  NW 29.78   68
10   75.5  86.5   4:00pm  61.9   5:30am    0   11  0.00   0   9   5:19pm WSW 29.99   64
11   80.7  93.5   2:50pm  67.6   5:07am    0   16  0.00   1  13   5:58pm  SW 29.86   71
12   83.7  92.7   3:29pm  75.0   6:06am    0   19  0.00   2  19   6:30pm WSW 29.62   64
13   77.3  89.8   4:10pm  66.1  11:42pm    0   12  0.04   2  21   5:15pm   W 29.68   62
14   72.3  81.5   4:09pm  61.5   5:52am    0    7  0.00   1  15  11:15am  NW 29.91   58
15   75.6  86.1   4:02pm  60.0   6:15am    1   10  0.00   1  10  10:22am ENE 30.00   58
16   77.3  88.9  12:50pm  61.7   6:06am    0   13  0.00   0  12   6:05pm WSW 30.06   62
17   80.4  92.2   3:23pm  66.9   5:56am    0   15  0.00   1  15  12:39pm  SW 30.03   61
18   79.3  89.0  11:44am  71.6   4:29am    0   14  0.00   1  17   5:00pm   W 29.85   74
19   81.2  91.7   3:41pm  71.9   6:00am    0   16  0.00   1  10   4:52pm ENE 29.77   68
20   78.5  90.3   1:24pm  66.7   5:55am    0   14  0.00   1  12   6:09pm  SW 29.83   72
21   76.5  82.2  12:41pm  70.4   6:08am    0    8  0.00   1  11   3:30pm WSW 29.99   78
---------------------------------------------------------------------------------------
TOT  76.0  91.9   8/1/11  62.1   8/3/11    3  252  0.41   1  16   8/1/11 WSW 29.83   72

HEAT BASE: 65.0
COOL BASE: 65.0