NOAA-Style Climate Reports

Select a Year or Month report
2022: Jan Feb Mar Apr May Jun Jul Aug Sep Oct Nov Dec
2021: Jan Feb Mar Apr May Jun Jul Aug Sep Oct Nov Dec
2020: Jan Feb Mar Apr May Jun Jul Aug Sep Oct Nov Dec
2019: Jan Feb Mar Apr May Jun Jul Aug Sep Oct Nov Dec
2018: Jan Feb Mar Apr May Jun Jul Aug Sep Oct Nov Dec
2017: Jan Feb Mar Apr May Jun Jul Aug Sep Oct Nov Dec
2016: Jan Feb Mar Apr May Jun Jul Aug Sep Oct Nov Dec
2015: Jan Feb Mar Apr May Jun Jul Aug Sep Oct Nov Dec
2014: Jan Feb Mar Apr May Jun Jul Aug Sep Oct Nov Dec
2013: Jan Feb Mar Apr May Jun Jul Aug Sep Oct Nov Dec
2012: Jan Feb Mar Apr May Jun Jul Aug Sep Oct Nov Dec
2011: Jan Feb Mar Apr May Jun Jul Aug Sep Oct Nov Dec
2010: Jan Feb Mar Apr May Jun Jul Aug Sep Oct Nov Dec
2009: Jan Feb Mar Apr May Jun Jul Aug Sep Oct Nov Dec

Report for 2011 August
                  MONTHLY CLIMATOLOGICAL SUMMARY FOR 8/2011
                                        HEAT  COOL        
     MEAN                               DEG   DEG       WIND SPEED       DOM MEAN  MEAN
DAY  TEMP  HIGH   TIME     LOW   TIME   DAYS  DAYS RAIN AVG  HI  TIME    DIR BAROM HUM
---------------------------------------------------------------------------------------
1    77.6  91.9   3:00pm  67.7  11:00pm    0   13  0.35   1  16   6:30pm  SW 29.81   72
2    77.6  89.0   4:00pm  64.9   6:00am    0   13  0.01   2  16   1:00pm  NW 29.66   64
3    74.4  85.5   2:00pm  62.1   6:00am    0   10  0.05   0   7  12:30pm ENE 29.69   65
4    75.0  86.4   3:30pm  66.4   6:30am    0   10  0.00   1  10   2:30pm ENE 29.85   76
5    75.3  84.4   3:00pm  70.5   4:30am    0   10  0.00   1   9   6:00pm  SW 30.02   80
6    76.0  82.2  12:41pm  69.3  11:51pm    0   11  0.24   1  11   3:30pm  SW 29.96   80
7    77.3  88.4   3:57pm  68.8  12:44am    0   12  1.23   0  14   1:45am   W 29.63   89
8    78.7  88.5   1:08pm  70.7  11:58pm    0   14  0.15   1  23   6:51pm  NW 29.50   82
9    72.9  82.3  12:00pm  65.7   6:12am    0    8  1.22   0   7   3:11pm ENE 29.58   86
10   76.9  87.0   3:30pm  68.7   6:18am    0   12  0.01   1  16  10:49pm WSW 29.52   75
11   73.2  82.7   3:32pm  63.2   5:52am    0    8  0.00   1  14  10:33am   W 29.75   61
12   71.6  83.0   2:48pm  58.6   6:12am    1    8  0.00   1  16  11:20am   W 29.93   64
13   73.0  84.7   2:45pm  59.5   6:06am    1    9  0.00   0   4  12:34pm  SW 29.99   71
14   68.3  71.8  12:00am  66.3   8:11pm    0    3  0.76   0   6  11:37pm  SW 29.88   95
15   67.7  70.4   3:42pm  63.3  11:54pm    0    3  0.59   1  11   3:49pm ENE 29.69   98
16   67.4  75.5   3:37pm  60.6   6:08am    1    3  0.00   1  12   3:13pm  NW 29.79   87
17   74.1  88.2   3:32pm  60.7   6:19am    1   10  0.00   1  11   2:29pm WSW 30.03   71
18   74.5  84.5   3:03pm  64.7   5:29am    0    9  0.02   1  13  11:39am  SW 29.95   81
19   75.1  85.1   3:48pm  66.7   6:09am    0   10  0.00   1  10   1:12pm  SW 29.87   80
20   76.4  89.0   3:47pm  67.5   6:38am    0   11  0.00   0   7   1:11pm WSW 29.90   71
21   73.6  84.9   1:14pm  66.8   5:23am    0    9  0.59   1  18   3:39pm  SW 29.85   88
22   71.1  77.7   3:50pm  65.0  11:55pm    0    6  0.00   2  19   1:05pm   W 29.76   69
23   68.1  79.3   3:51pm  56.4   6:31am    2    5  0.00   1  11   1:51pm   W 29.95   66
24   70.0  80.7   2:33pm  59.5   6:18am    1    6  0.00   1  12   3:18pm  SW 29.99   73
25   74.2  79.3  10:40am  69.6  12:51am    0    9  0.06   1  11  10:27am  SW 29.85   87
26   75.6  87.2   2:54pm  65.8   6:38am    0   11  0.03   0   9   2:15pm   W 29.92   78
27   70.7  73.2   1:28pm  67.6   4:05am    0    6  1.50   0  13  11:38pm  NE 29.83   96
28   71.0  74.6   3:54pm  65.0  11:53pm    0    6  3.58   4  33  10:21pm  SW 29.19   91
29   67.1  78.9   3:11pm  58.6   5:52am    2    4  0.00   2  21  12:00am   W 29.84   69
30   67.9  83.0   3:52pm  55.0   6:29am    3    6  0.00   1  10   4:17pm WSW 30.05   71
31   71.5  86.5   3:58pm  58.2   6:21am    1    8  0.00   0   9  12:12pm   W 30.13   73
---------------------------------------------------------------------------------------
TOT  73.0  91.9   8/1/11  55.0  8/30/11   13  261 10.39   1  33  8/28/11  SW 29.82   78

HEAT BASE: 65.0
COOL BASE: 65.0