NOAA-Style Climate Reports

Select a Year or Month report
2022: Jan Feb Mar Apr May Jun Jul Aug Sep Oct Nov Dec
2021: Jan Feb Mar Apr May Jun Jul Aug Sep Oct Nov Dec
2020: Jan Feb Mar Apr May Jun Jul Aug Sep Oct Nov Dec
2019: Jan Feb Mar Apr May Jun Jul Aug Sep Oct Nov Dec
2018: Jan Feb Mar Apr May Jun Jul Aug Sep Oct Nov Dec
2017: Jan Feb Mar Apr May Jun Jul Aug Sep Oct Nov Dec
2016: Jan Feb Mar Apr May Jun Jul Aug Sep Oct Nov Dec
2015: Jan Feb Mar Apr May Jun Jul Aug Sep Oct Nov Dec
2014: Jan Feb Mar Apr May Jun Jul Aug Sep Oct Nov Dec
2013: Jan Feb Mar Apr May Jun Jul Aug Sep Oct Nov Dec
2012: Jan Feb Mar Apr May Jun Jul Aug Sep Oct Nov Dec
2011: Jan Feb Mar Apr May Jun Jul Aug Sep Oct Nov Dec
2010: Jan Feb Mar Apr May Jun Jul Aug Sep Oct Nov Dec
2009: Jan Feb Mar Apr May Jun Jul Aug Sep Oct Nov Dec

Report for 2011 December
                  MONTHLY CLIMATOLOGICAL SUMMARY FOR 12/2011
                                        HEAT  COOL        
     MEAN                               DEG   DEG       WIND SPEED       DOM MEAN  MEAN
DAY  TEMP  HIGH   TIME     LOW   TIME   DAYS  DAYS RAIN AVG  HI  TIME    DIR BAROM HUM
---------------------------------------------------------------------------------------
1    41.4  49.7   2:30pm  34.0   7:30am   24    0  0.00   3  20   2:00am  NW 30.09   57
2    40.8  52.4   1:30pm  29.6   7:30am   24    0  0.00   2  19   7:30pm  SW 30.29   67
3    38.5  46.4   1:30pm  32.1   7:30am   27    0  0.00   1  12  10:30am   N 30.57   73
4    42.0  53.1   2:04pm  31.8   3:52am   21    0  0.00   1  16  12:30pm  SW 30.47   85
5    50.3  57.3   1:22pm  44.0   3:32am   15    0  0.00   1   9   3:23pm SSW 30.27   94
6    56.1  60.5   1:37pm  51.2   1:01am    9    0  0.18   2   9  12:30pm  SW 29.99   97
7    53.0  57.4   2:29am  46.2  11:30pm   12    0  1.71   1  17  10:47pm NNE 29.69   98
8    39.3  46.5  12:11am  35.1  11:28pm   26    0  0.39   5  38   5:29am  NW 29.90   76
9    41.1  49.5   2:44pm  32.3   3:40am   24    0  0.00   1  14  11:17am  SW 30.23   78
10   38.1  44.0  12:00am  29.0  11:59pm   27    0  0.00   2  22   3:59pm  NW 30.23   65
11   31.8  40.6   1:21pm  24.9   7:24am   33    0  0.00   1  11   9:33am  NW 30.54   60
12   35.0  46.6   1:11pm  27.9   2:21am   30    0  0.00   1  10  11:18am SSW 30.48   61
13   35.6  47.9   2:47pm  25.5   7:33am   29    0  0.00   1  14  11:57am  NW 30.30   63
14   39.4  48.7   1:31pm  31.7   5:21am   26    0  0.00   0   9  12:29pm  NE 30.33   76
15   48.6  53.6   3:03pm  40.9   2:02am   16    0  0.07   3  19  11:17am SSW 29.96   84
16   45.8  54.1   3:56am  37.6  11:56pm   19    0  0.00   4  29   8:38am  NW 29.92   66
17   35.5  42.5   1:03pm  28.6  11:56pm   30    0  0.00   2  18  10:16am  NW 30.05   65
18   24.3  29.6   1:21pm  18.9  11:42pm   41    0  0.00   2  17   5:51am NNW 30.19   52
19   33.2  45.9   2:23pm  17.8   4:33am   32    0  0.00   3  22   1:22pm  SW 30.05   66
20   40.4  46.0   2:35am  34.5   8:54pm   25    0  0.00   2  25   6:57am  NW 30.06   59
21   45.7  55.5   9:48pm  36.4  12:36am   19    0  0.30   1  22  11:00pm SSW 29.89   83
22   50.7  56.6   1:23pm  44.6   9:33pm   14    0  0.01   1  16   1:46am WSW 29.93   79
23   42.4  46.5   2:16pm  33.3  11:57pm   23    0  0.53   3  23   5:36pm  NW 29.96   81
24   30.6  36.2   1:22pm  23.8  11:56pm   34    0  0.00   2  15   1:12am  NW 30.32   63
25   32.2  42.8   3:31pm  21.7   4:03am   33    0  0.00   1  12   3:12pm  SW 30.16   74
26   38.9  43.9   1:28pm  31.1  11:58pm   26    0  0.00   3  26  11:39am  NW 30.04   68
27   40.1  57.4  10:40pm  29.7   2:00am   22    0  0.58   2  27   9:01pm SSW 29.86   85
28   40.4  55.6  12:00am  28.9  11:51pm   21    0  0.00   5  27  12:15pm WNW 29.45   67
29   28.8  35.1   1:29pm  22.8   7:30am   36    0  0.00   2  20  12:21am  SW 29.90   51
30   35.5  44.2   2:57pm  29.0  12:11am   29    0  0.00   0   6   5:46pm NNE 30.00   68
31   38.2  42.4   3:30pm  34.8  11:57pm   27    0  0.10   1   7   2:54am  NE 29.87   91
---------------------------------------------------------------------------------------
TOT  39.8  60.5  12/6/11  17.8 12/19/11  773    0  3.87   2  38  12/8/11  SW 30.10   73

HEAT BASE: 65.0
COOL BASE: 65.0