NOAA-Style Climate Reports

Select a Year or Month report
2022: Jan Feb Mar Apr May Jun Jul Aug Sep Oct Nov Dec
2021: Jan Feb Mar Apr May Jun Jul Aug Sep Oct Nov Dec
2020: Jan Feb Mar Apr May Jun Jul Aug Sep Oct Nov Dec
2019: Jan Feb Mar Apr May Jun Jul Aug Sep Oct Nov Dec
2018: Jan Feb Mar Apr May Jun Jul Aug Sep Oct Nov Dec
2017: Jan Feb Mar Apr May Jun Jul Aug Sep Oct Nov Dec
2016: Jan Feb Mar Apr May Jun Jul Aug Sep Oct Nov Dec
2015: Jan Feb Mar Apr May Jun Jul Aug Sep Oct Nov Dec
2014: Jan Feb Mar Apr May Jun Jul Aug Sep Oct Nov Dec
2013: Jan Feb Mar Apr May Jun Jul Aug Sep Oct Nov Dec
2012: Jan Feb Mar Apr May Jun Jul Aug Sep Oct Nov Dec
2011: Jan Feb Mar Apr May Jun Jul Aug Sep Oct Nov Dec
2010: Jan Feb Mar Apr May Jun Jul Aug Sep Oct Nov Dec
2009: Jan Feb Mar Apr May Jun Jul Aug Sep Oct Nov Dec

Report for 2012 February
                  MONTHLY CLIMATOLOGICAL SUMMARY FOR 2/2012
                                        HEAT  COOL        
     MEAN                               DEG   DEG       WIND SPEED       DOM MEAN  MEAN
DAY  TEMP  HIGH   TIME     LOW   TIME   DAYS  DAYS RAIN AVG  HI  TIME    DIR BAROM HUM
---------------------------------------------------------------------------------------
1    51.1  61.3   3:24pm  42.8  11:58pm   14    0  0.00   4  22   2:29pm  SW 29.85   66
2    40.3  45.1   2:13pm  34.5  11:58pm   25    0  0.00   3  22  11:33pm NNW 30.01   68
3    34.3  41.5   2:54pm  26.7   7:20am   31    0  0.00   3  23   2:25am  NW 30.30   56
4    38.1  44.8   1:38pm  30.9  11:58pm   27    0  0.00   2  20  11:56am  NW 30.16   58
5    31.0  39.2   2:50pm  25.6   7:55am   34    0  0.00   2  14   4:02pm NNW 30.09   57
6    38.5  52.5   3:13pm  25.9   1:08am   27    0  0.00   2  16   1:54pm  SW 29.96   58
7    39.9  48.3   2:51pm  31.4   6:51am   25    0  0.00   2  22   2:54pm  NW 30.01   60
8    33.1  39.1   2:09pm  26.7   7:16am   32    0  0.00   1  13   1:12am  SW 30.18   54
9    36.3  47.0   2:49pm  28.5   7:16am   29    0  0.00   2  17   9:54am   W 30.02   54
10   38.1  49.4   1:24pm  27.7   7:07am   27    0  0.00   2  17   3:39pm SSW 29.98   59
11   37.1  40.0   2:54pm  29.7  11:58pm   28    0  0.00   3  27  11:37pm NNW 29.66   65
12   23.8  30.2   2:14pm  17.0   6:26am   41    0  0.00   5  28  12:40am  NW 29.74   53
13   33.9  44.9   2:55pm  22.9  12:02am   31    0  0.00   3  18  12:24pm  SW 29.87   50
14   37.5  44.0   3:18pm  30.2   3:29am   28    0  0.00   1   7  11:51am  SW 30.02   51
15   40.6  48.8   4:08pm  35.1   3:40am   24    0  0.02   1  14   4:40pm  NW 30.12   78
16   36.4  41.8   1:47pm  28.8   6:30am   29    0  0.15   0  10  12:00am  SW 30.16   83
17   43.2  51.1   1:21pm  36.0   9:57pm   22    0  0.01   2  18   1:38pm  NW 29.91   73
18   39.7  46.5   1:46pm  34.0   6:57am   25    0  0.00   3  20   4:44am  SW 29.92   61
19   38.3  46.7   2:57pm  32.9  11:55pm   27    0  0.00   2  13   6:08am NNW 29.98   59
20   34.5  43.1   2:53pm  28.8   6:58am   31    0  0.00   4  22   4:34pm NNW 30.10   51
21   35.3  43.4  12:48pm  23.1   6:50am   30    0  0.01   2  18   3:08pm SSW 30.14   67
22   46.7  56.7   2:53pm  38.4   7:09am   18    0  0.00   3  19   3:12pm  SW 29.63   68
23   44.7  54.4  10:29am  35.7  11:01pm   19    0  0.00   1  27   1:39pm  NW 29.50   70
24   35.7  36.9   6:35pm  33.0  12:54am   29    0  0.57   1  18   8:17pm  NE 29.56   92
25   38.6  44.1   1:27pm  31.8  11:56pm   26    0  0.08   7  36   9:22pm  SW 29.47   62
26   33.4  41.6   2:55pm  28.1   6:35am   32    0  0.00   3  24  12:33am  NW 30.24   44
27   39.0  52.6   1:41pm  23.8   6:34am   26    0  0.00   3  17  11:32am  SW 30.22   66
28   41.6  47.3   2:44pm  35.3  11:55pm   23    0  0.00   5  27   9:13am  NW 30.25   49
29   34.8  39.0  11:29am  33.5   6:24am   30    0  0.11   1   7  11:33pm  NE 30.14   78
---------------------------------------------------------------------------------------
TOT  37.8  61.3   2/1/12  17.0  2/12/12  789    0  0.95   3  36  2/25/12  SW 29.97   62

HEAT BASE: 65.0
COOL BASE: 65.0