NOAA-Style Climate Reports

Select a Year or Month report
2022: Jan Feb Mar Apr May Jun Jul Aug Sep Oct Nov Dec
2021: Jan Feb Mar Apr May Jun Jul Aug Sep Oct Nov Dec
2020: Jan Feb Mar Apr May Jun Jul Aug Sep Oct Nov Dec
2019: Jan Feb Mar Apr May Jun Jul Aug Sep Oct Nov Dec
2018: Jan Feb Mar Apr May Jun Jul Aug Sep Oct Nov Dec
2017: Jan Feb Mar Apr May Jun Jul Aug Sep Oct Nov Dec
2016: Jan Feb Mar Apr May Jun Jul Aug Sep Oct Nov Dec
2015: Jan Feb Mar Apr May Jun Jul Aug Sep Oct Nov Dec
2014: Jan Feb Mar Apr May Jun Jul Aug Sep Oct Nov Dec
2013: Jan Feb Mar Apr May Jun Jul Aug Sep Oct Nov Dec
2012: Jan Feb Mar Apr May Jun Jul Aug Sep Oct Nov Dec
2011: Jan Feb Mar Apr May Jun Jul Aug Sep Oct Nov Dec
2010: Jan Feb Mar Apr May Jun Jul Aug Sep Oct Nov Dec
2009: Jan Feb Mar Apr May Jun Jul Aug Sep Oct Nov Dec

Report for 2012 March
                  MONTHLY CLIMATOLOGICAL SUMMARY FOR 3/2012
                                        HEAT  COOL        
     MEAN                               DEG   DEG       WIND SPEED       DOM MEAN  MEAN
DAY  TEMP  HIGH   TIME     LOW   TIME   DAYS  DAYS RAIN AVG  HI  TIME    DIR BAROM HUM
---------------------------------------------------------------------------------------
1    33.4  35.6  11:03am  29.5  11:44pm   32    0  0.57   5  19   4:59pm   N 29.76   94
2    32.0  35.4   3:11pm  27.9   4:37am   33    0  0.06   1  15   1:23am  SW 30.03   87
3    41.2  53.8   4:35pm  34.0  12:00am   24    0  0.55   2  19  10:41pm  SW 29.53   81
4    39.6  44.5   1:16pm  33.9  10:36pm   25    0  0.01   2  17  12:49am WNW 29.59   57
5    32.8  41.0   3:11pm  24.0  11:51pm   32    0  0.00   4  25  10:07pm  NW 29.95   50
6    31.5  42.4   4:02pm  21.7   4:15am   34    0  0.00   2  17  12:00am  NW 30.49   49
7    45.8  59.3   3:01pm  34.8  12:50am   19    0  0.00   4  20   9:08am SSW 30.38   65
8    56.4  67.4   2:04pm  46.4   2:51am    9    0  0.00   7  26  10:06pm SSW 30.02   74
9    42.3  58.5  12:00am  35.2  11:51pm   23    0  0.05   4  26   1:48am  NW 30.00   59
10   35.3  42.2   3:27pm  28.9   6:17am   30    0  0.00   3  21   3:08am  NW 30.37   50
11   44.1  60.5   5:06pm  30.9   1:49am   20    0  0.00   3  19  10:46am  SW 30.35   53
12   55.4  73.5   2:57pm  40.9   6:29am   11    1  0.00   2  13   3:19pm  SW 30.18   53
13   57.8  70.4   3:58pm  50.2   8:16am    8    1  0.01   2  12   3:17pm SSW 29.94   77
14   56.8  68.0   4:01pm  46.0  11:59pm    8    0  0.00   2  18   4:09pm  NW 30.03   61
15   45.9  56.0   3:33pm  40.0   3:47am   19    0  0.00   2  12   5:52pm  SW 30.26   80
16   45.0  50.1   5:22pm  41.4   6:49am   20    0  0.03   1   7   2:11am  SW 30.16   87
17   50.9  58.4   5:54pm  45.2  11:57pm   14    0  0.00   1   9  10:04am SSW 30.26   80
18   52.8  71.1   3:56pm  40.8   5:51am   13    1  0.00   2  11   4:47pm SSW 30.23   81
19   59.8  78.6   3:58pm  45.6   7:46am    8    3  0.00   1  10   7:10pm SSW 30.13   76
20   62.6  77.3   3:54pm  49.5   5:35am    5    3  0.00   2  11   1:02pm  SW 30.23   72
21   63.1  74.1   3:35pm  55.7   3:01am    4    2  0.00   1  11   2:52pm  SW 30.27   86
22   67.8  83.7   3:50pm  56.4   7:25am    3    6  0.00   2  14   6:17pm  SW 30.10   71
23   64.6  75.0   4:01pm  57.4   6:49am    3    2  0.00   1  15  10:20am  SW 30.01   66
24   58.0  64.0   2:45pm  50.4  11:55pm    7    0  0.00   2  15   3:25pm   S 30.03   34
25   48.5  50.8   6:09pm  45.7   8:36am   17    0  0.02   1  10   1:25pm  NE 29.82   65
26   44.6  52.2   8:19am  34.0  11:59pm   20    0  0.00   6  36   4:53pm  NW 29.76   54
27   38.4  50.8   3:16pm  28.3   6:37am   27    0  0.00   5  27  12:00am  NW 30.12   25
28   47.5  57.9   5:57pm  39.5  12:39am   18    0  0.13   2  13  10:48am  SW 29.77   60
29   48.7  54.0   1:12am  43.1  11:53pm   16    0  0.00   4  21   6:25am  NW 29.70   68
30   45.6  55.5   3:42pm  36.7   6:51am   19    0  0.00   3  19   8:10am WNW 29.96   40
31   40.8  46.5  12:00am  35.9   8:51am   24    0  0.23   2  14  12:29pm  NE 29.90   83
---------------------------------------------------------------------------------------
TOT  48.0  83.7  3/22/12  21.7   3/6/12  544   19  1.66   3  36  3/26/12  SW 30.04   66

HEAT BASE: 65.0
COOL BASE: 65.0