NOAA-Style Climate Reports

Select a Year or Month report
2022: Jan Feb Mar Apr May Jun Jul Aug Sep Oct Nov Dec
2021: Jan Feb Mar Apr May Jun Jul Aug Sep Oct Nov Dec
2020: Jan Feb Mar Apr May Jun Jul Aug Sep Oct Nov Dec
2019: Jan Feb Mar Apr May Jun Jul Aug Sep Oct Nov Dec
2018: Jan Feb Mar Apr May Jun Jul Aug Sep Oct Nov Dec
2017: Jan Feb Mar Apr May Jun Jul Aug Sep Oct Nov Dec
2016: Jan Feb Mar Apr May Jun Jul Aug Sep Oct Nov Dec
2015: Jan Feb Mar Apr May Jun Jul Aug Sep Oct Nov Dec
2014: Jan Feb Mar Apr May Jun Jul Aug Sep Oct Nov Dec
2013: Jan Feb Mar Apr May Jun Jul Aug Sep Oct Nov Dec
2012: Jan Feb Mar Apr May Jun Jul Aug Sep Oct Nov Dec
2011: Jan Feb Mar Apr May Jun Jul Aug Sep Oct Nov Dec
2010: Jan Feb Mar Apr May Jun Jul Aug Sep Oct Nov Dec
2009: Jan Feb Mar Apr May Jun Jul Aug Sep Oct Nov Dec

Report for 2012 April
                  MONTHLY CLIMATOLOGICAL SUMMARY FOR 4/2012
                                        HEAT  COOL        
     MEAN                               DEG   DEG       WIND SPEED       DOM MEAN  MEAN
DAY  TEMP  HIGH   TIME     LOW   TIME   DAYS  DAYS RAIN AVG  HI  TIME    DIR BAROM HUM
---------------------------------------------------------------------------------------
1    43.5  51.2   1:20pm  35.7   1:31am   21    0  0.13   1   9   2:12pm  SW 29.74   84
2    47.0  55.4   4:43pm  40.0   4:28am   18    0  0.01   5  25   1:42pm NNW 29.66   59
3    47.8  60.4   3:30pm  35.9   6:48am   18    0  0.00   3  23  11:46am  NW 29.77   32
4    54.2  64.9   2:37pm  45.2  11:57pm   11    0  0.00   5  31   8:00pm  NW 29.59   32
5    46.2  55.2   3:38pm  38.5   6:44am   19    0  0.00   5  21   3:40pm  NW 29.76   52
6    45.7  57.5   3:30pm  35.1   6:34am   19    0  0.00   2  20   3:59pm NNW 29.89   44
7    48.9  60.2   3:24pm  38.6   6:26am   16    0  0.00   4  22   1:21pm  NW 29.94   36
8    51.3  61.1   5:32pm  40.8   3:57am   14    0  0.00   3  22  11:42am  NW 29.74   43
9    52.1  60.6   2:52pm  45.8   4:16am   13    0  0.00   4  25   1:38am   W 29.56   45
10   52.6  61.5   3:25pm  44.7   3:34am   12    0  0.00   3  23  10:06am  SW 29.62   40
11   49.0  59.6   3:17pm  42.2   6:25am   16    0  0.01   2  17   9:33am NNW 29.76   56
12   49.6  59.4   2:32pm  42.6  11:56pm   15    0  0.06   2  20  12:42pm NNW 29.92   66
13   51.9  65.7   3:34pm  36.6   6:24am   13    0  0.00   2  19   3:25pm  NW 30.07   57
14   59.3  71.9   2:55pm  44.9   6:48am    7    2  0.00   2  16   1:48pm  SW 30.05   37
15   66.4  80.2   2:54pm  55.1   1:56am    3    4  0.01   2  18   3:31pm  SW 29.92   63
16   72.8  89.6   1:22pm  60.0   4:43am    1    9  0.00   2  16   3:55pm SSW 29.91   62
17   67.8  79.3   3:11pm  57.3  11:59pm    1    4  0.00   4  22   9:07pm  NW 30.00   48
18   55.6  64.1   2:43pm  46.9   6:26am    9    0  0.00   3  19  12:44am NNW 30.14   46
19   59.6  72.0   2:52pm  49.5   6:42am    7    1  0.00   2  12   4:04pm SSW 30.01   57
20   61.2  75.3   2:21pm  48.4   5:54am    6    2  0.00   2  14   4:05pm SSW 29.93   67
21   64.9  76.6   1:41pm  56.9   6:25am    3    3  0.00   3  19   7:28pm SSW 29.73   75
22   51.2  63.3  12:00am  44.7  11:47pm   14    0  0.31   3  18   4:31pm  NE 29.68   90
23   49.6  58.9  12:25pm  43.8   4:45am   15    0  3.46   3  18  12:05am   S 29.28   89
24   49.1  55.3   4:35pm  41.6   6:03am   16    0  0.00   3  18   9:58am SSW 29.46   66
25   50.4  61.3   2:29pm  42.0   5:01am   15    0  0.00   2  21   3:23pm  SW 29.74   61
26   49.6  60.7   1:01pm  35.4   6:01am   15    0  0.01   1   9  12:57pm SSW 29.77   76
27   49.1  56.0   2:19pm  40.7  11:10pm   16    0  0.00   6  37   8:22am  NW 29.75   59
28   49.2  60.8   3:52pm  37.4   5:56am   16    0  0.00   3  19  12:16pm WNW 30.07   37
29   51.1  61.7   3:15pm  38.9   5:28am   14    0  0.00   3  30   5:36pm  NW 30.07   27
30   51.7  64.5   3:03pm  36.0   3:57am   13    0  0.00   2  10   3:24pm SSW 30.22   39
---------------------------------------------------------------------------------------
TOT  53.3  89.6  4/16/12  35.1   4/6/12  377   25  4.00   3  37  4/27/12  SW 29.83   55

HEAT BASE: 65.0
COOL BASE: 65.0