NOAA-Style Climate Reports

Select a Year or Month report
2022: Jan Feb Mar Apr May Jun Jul Aug Sep Oct Nov Dec
2021: Jan Feb Mar Apr May Jun Jul Aug Sep Oct Nov Dec
2020: Jan Feb Mar Apr May Jun Jul Aug Sep Oct Nov Dec
2019: Jan Feb Mar Apr May Jun Jul Aug Sep Oct Nov Dec
2018: Jan Feb Mar Apr May Jun Jul Aug Sep Oct Nov Dec
2017: Jan Feb Mar Apr May Jun Jul Aug Sep Oct Nov Dec
2016: Jan Feb Mar Apr May Jun Jul Aug Sep Oct Nov Dec
2015: Jan Feb Mar Apr May Jun Jul Aug Sep Oct Nov Dec
2014: Jan Feb Mar Apr May Jun Jul Aug Sep Oct Nov Dec
2013: Jan Feb Mar Apr May Jun Jul Aug Sep Oct Nov Dec
2012: Jan Feb Mar Apr May Jun Jul Aug Sep Oct Nov Dec
2011: Jan Feb Mar Apr May Jun Jul Aug Sep Oct Nov Dec
2010: Jan Feb Mar Apr May Jun Jul Aug Sep Oct Nov Dec
2009: Jan Feb Mar Apr May Jun Jul Aug Sep Oct Nov Dec

Report for 2012 May
                  MONTHLY CLIMATOLOGICAL SUMMARY FOR 5/2012
                                        HEAT  COOL        
     MEAN                               DEG   DEG       WIND SPEED       DOM MEAN  MEAN
DAY  TEMP  HIGH   TIME     LOW   TIME   DAYS  DAYS RAIN AVG  HI  TIME    DIR BAROM HUM
---------------------------------------------------------------------------------------
1    50.8  53.8   5:50pm  47.7   8:00am   14    0  0.29   1  15   3:10pm   S 30.04   86
2    51.4  56.2   4:08pm  46.7   6:24am   14    0  0.00   1  10  12:00am  NE 30.13   83
3    51.9  53.6   4:57pm  50.1   5:18am   13    0  0.15   0   4  10:53am  SW 30.10   94
4    59.6  71.5   4:34pm  50.8   1:41am    7    1  0.06   1  11   4:05am  SW 29.92   90
5    60.2  67.4   5:28pm  57.1   7:14am    5    0  0.01   0   6   5:43pm  SW 29.93   91
6    60.5  69.3   1:40pm  51.3  11:57pm    5    0  0.00   1  11   7:19pm  SW 30.03   74
7    59.7  73.2   2:17pm  48.0   3:00am    7    2  0.00   2  13   5:56pm  SW 30.05   69
8    56.4  62.7   3:22pm  50.9   2:26am    9    0  0.24   2  14   3:58pm SSW 29.94   85
9    60.7  63.4   1:28pm  57.0  12:00am    4    0  0.07   0   6  12:00am  SW 29.67   97
10   56.9  64.6  12:08pm  48.2  11:24pm    8    0  0.50   3  28   1:47pm WSW 29.52   79
11   58.0  69.7   3:23pm  46.8   5:52am    8    1  0.00   3  19   3:23pm   W 29.86   50
12   65.8  80.9   3:23pm  46.3   4:53am    5    6  0.00   2  18   5:00pm WSW 30.08   42
13   69.0  83.7   2:50pm  55.4   6:28am    2    6  0.00   1  14   1:30pm  SW 30.07   58
14   66.1  72.8  12:15pm  61.7   5:54am    1    2  0.04   1  10   5:10pm  SW 30.08   81
15   62.6  70.1  11:00am  59.3   5:17am    3    0  0.81   0   9  10:48am SSW 30.02   90
16   66.5  74.4   4:23pm  62.4   5:55am    1    2  0.01   1  11   7:36pm  SW 29.84   92
17   62.5  72.6   3:59pm  50.4   6:24am    4    2  0.00   2  17   2:03am  NW 30.00   53
18   61.7  76.6   3:46pm  46.4   5:45am    6    3  0.00   1   9   5:45pm SSW 30.15   57
19   66.3  84.1   3:21pm  47.0   5:18am    5    6  0.00   1  12   2:18pm ENE 30.10   56
20   68.9  84.8   2:33pm  52.2   5:40am    3    7  0.00   0   9   5:48pm  SW 30.18   51
21   63.4  70.8   4:38pm  56.1   1:55am    3    1  0.12   0   9  12:54pm ENE 30.12   79
22   65.1  67.9   5:34pm  63.0   6:58am    1    1  0.30   1  10   4:22pm  NE 29.85   95
23   69.0  79.9   3:35pm  58.7   5:16am    1    5  0.00   0   7   3:18pm  SW 29.89   84
24   68.4  78.5  12:08pm  60.8   4:14am    1    4  0.00   1  11   6:37pm SSW 30.11   83
25   67.0  76.8   4:20pm  61.0   4:51am    2    3  0.05   1  12   4:13pm  SW 30.14   91
26   75.7  88.4   3:01pm  67.9   4:48am    0   11  0.00   1   9  10:07am  SW 30.05   83
27   74.7  85.9   3:40pm  64.7   5:53am    0   10  0.00   1   9   5:29pm  SW 30.05   62
28   76.6  89.8   2:34pm  65.2   4:28am    0   12  0.00   1   9   4:52pm  SW 29.90   77
29   77.2  92.1   2:32pm  66.4   5:12am    0   12  0.15   1  20   8:19pm  SW 29.75   80
30   72.2  78.6   4:45pm  67.6   4:02am    0    7  0.01   0  10   6:07pm  SW 29.69   81
31   71.2  80.5   2:12pm  60.2   6:08am    1    7  0.05   2  18   4:10pm  NW 29.75   61
---------------------------------------------------------------------------------------
TOT  64.4  92.1  5/29/12  46.3  5/12/12  130  111  2.86   1  27  5/10/12  SW 29.97   76

HEAT BASE: 65.0
COOL BASE: 65.0