NOAA-Style Climate Reports

Select a Year or Month report
2022: Jan Feb Mar Apr May Jun Jul Aug Sep Oct Nov Dec
2021: Jan Feb Mar Apr May Jun Jul Aug Sep Oct Nov Dec
2020: Jan Feb Mar Apr May Jun Jul Aug Sep Oct Nov Dec
2019: Jan Feb Mar Apr May Jun Jul Aug Sep Oct Nov Dec
2018: Jan Feb Mar Apr May Jun Jul Aug Sep Oct Nov Dec
2017: Jan Feb Mar Apr May Jun Jul Aug Sep Oct Nov Dec
2016: Jan Feb Mar Apr May Jun Jul Aug Sep Oct Nov Dec
2015: Jan Feb Mar Apr May Jun Jul Aug Sep Oct Nov Dec
2014: Jan Feb Mar Apr May Jun Jul Aug Sep Oct Nov Dec
2013: Jan Feb Mar Apr May Jun Jul Aug Sep Oct Nov Dec
2012: Jan Feb Mar Apr May Jun Jul Aug Sep Oct Nov Dec
2011: Jan Feb Mar Apr May Jun Jul Aug Sep Oct Nov Dec
2010: Jan Feb Mar Apr May Jun Jul Aug Sep Oct Nov Dec
2009: Jan Feb Mar Apr May Jun Jul Aug Sep Oct Nov Dec

Report for 2012 June
                  MONTHLY CLIMATOLOGICAL SUMMARY FOR 6/2012
                                        HEAT  COOL        
     MEAN                               DEG   DEG       WIND SPEED       DOM MEAN  MEAN
DAY  TEMP  HIGH   TIME     LOW   TIME   DAYS  DAYS RAIN AVG  HI  TIME    DIR BAROM HUM
---------------------------------------------------------------------------------------
1    66.9  75.8   3:15pm  57.7   6:02am    2    4  0.04   1  15  10:02pm ENE 29.94   63
2    59.5  64.0   5:02pm  56.4   4:35am    5    0  1.68   1  12   4:17am ENE 29.71   95
3    64.6  77.8   2:05pm  55.0   4:57am    3    3  0.06   1  32   3:52pm  NW 29.64   75
4    55.5  60.5  11:23am  51.7  11:59pm    9    0  0.06   2  19   7:11pm ENE 29.66   85
5    57.1  64.0   3:44pm  50.0   2:12am    8    0  0.03   1  13  11:18am  NE 29.82   80
6    60.5  73.0   3:46pm  50.8   5:26am    5    1  0.03   0  12   3:54pm ENE 29.91   81
7    64.6  79.3   3:54pm  52.5   5:53am    4    3  0.00   1  15   5:26pm  SW 29.90   74
8    69.7  83.2   3:45pm  53.9   5:39am    3    7  0.00   1  14   5:37pm WSW 29.82   65
9    68.6  76.5   3:52pm  60.9   4:48am    0    4  0.00   1  10   2:00am   W 29.84   74
10   72.8  83.6   1:43pm  61.6   6:04am    0    8  0.00   0  14  12:51pm ENE 30.02   66
11   67.1  74.0   4:05pm  61.1   5:13am    1    3  0.00   0   9   1:35pm SSW 30.19   69
12   65.3  72.8   1:35pm  59.3   3:48am    2    2  0.20   1   9   3:19pm  SW 30.03   88
13   66.0  70.9   5:41pm  63.4  12:11pm    0    1  0.70   0   6  10:32am WSW 29.93   95
14   68.3  77.2   3:07pm  59.4   4:53am    1    4  0.00   1  13   8:21am ENE 30.14   74
15   69.3  80.0   3:58pm  57.9   5:38am    2    6  0.00   1  16   3:20pm ENE 30.23   62
16   68.3  81.0   2:40pm  54.3   5:45am    3    6  0.00   1  11  12:14pm ENE 30.24   67
17   65.4  76.3   3:13pm  57.5   5:47am    3    3  0.00   1   7   1:19am SSW 30.15   69
18   64.9  75.3   4:05pm  57.1  12:46am    2    2  0.00   0  11   6:33pm  SW 30.09   72
19   65.4  72.8   4:27pm  56.2   4:13am    3    3  0.00   1   7   1:53pm  SW 30.08   85
20   82.1  96.5   2:29pm  65.6   4:12am    0   17  0.00   1  14   1:07pm WSW 29.93   72
21   86.5  97.1   3:35pm  74.2   6:09am    0   22  0.00   1  16  12:09pm   W 29.79   61
22   79.1  94.0  12:24pm  68.9   9:05pm    0   14  1.55   0  31   4:08pm   W 29.72   78
23   74.8  86.8   4:00pm  65.4   6:54am    0   10  0.11   1  18   4:58pm   W 29.80   71
24   75.3  86.2   2:48pm  62.6   5:00am    0   10  0.00   1  12  11:37am WSW 29.90   57
25   66.8  77.0   3:52pm  60.6  11:53pm    1    2  0.80   1  18   8:04am  SW 29.69   88
26   64.5  71.7   2:28pm  54.8   5:47am    3    2  0.01   3  24   3:38pm  NW 29.61   71
27   71.1  81.4   4:00pm  60.3   1:35am    1    7  0.01   4  21  10:56am WSW 29.65   53
28   76.5  87.8   3:32pm  65.3   4:31am    0   12  0.00   3  16   8:13am WSW 29.70   54
29   81.0  94.4   3:28pm  70.0   1:07am    0   16  0.02   1  14   1:32pm WSW 29.60   68
30   81.4  92.5   3:10pm  67.8   5:52am    0   16  0.00   1  16   2:45pm  SW 29.67   54
---------------------------------------------------------------------------------------
TOT  69.3  97.1  6/21/12  50.0   6/5/12   61  190  5.30   1  32   6/3/12  SW 29.88   72

HEAT BASE: 65.0
COOL BASE: 65.0