NOAA-Style Climate Reports

Select a Year or Month report
2022: Jan Feb Mar Apr May Jun Jul Aug Sep Oct Nov Dec
2021: Jan Feb Mar Apr May Jun Jul Aug Sep Oct Nov Dec
2020: Jan Feb Mar Apr May Jun Jul Aug Sep Oct Nov Dec
2019: Jan Feb Mar Apr May Jun Jul Aug Sep Oct Nov Dec
2018: Jan Feb Mar Apr May Jun Jul Aug Sep Oct Nov Dec
2017: Jan Feb Mar Apr May Jun Jul Aug Sep Oct Nov Dec
2016: Jan Feb Mar Apr May Jun Jul Aug Sep Oct Nov Dec
2015: Jan Feb Mar Apr May Jun Jul Aug Sep Oct Nov Dec
2014: Jan Feb Mar Apr May Jun Jul Aug Sep Oct Nov Dec
2013: Jan Feb Mar Apr May Jun Jul Aug Sep Oct Nov Dec
2012: Jan Feb Mar Apr May Jun Jul Aug Sep Oct Nov Dec
2011: Jan Feb Mar Apr May Jun Jul Aug Sep Oct Nov Dec
2010: Jan Feb Mar Apr May Jun Jul Aug Sep Oct Nov Dec
2009: Jan Feb Mar Apr May Jun Jul Aug Sep Oct Nov Dec

Report for 2012 July
                  MONTHLY CLIMATOLOGICAL SUMMARY FOR 7/2012
                                        HEAT  COOL        
     MEAN                               DEG   DEG       WIND SPEED       DOM MEAN  MEAN
DAY  TEMP  HIGH   TIME     LOW   TIME   DAYS  DAYS RAIN AVG  HI  TIME    DIR BAROM HUM
---------------------------------------------------------------------------------------
1    78.9  92.2   1:24pm  70.0  11:58pm    0   14  0.35   1  14   4:37pm WSW 29.74   73
2    76.4  85.6   3:26pm  64.7   6:00am    0   11  0.00   1  19   3:27pm WNW 29.82   64
3    77.5  88.9   4:02pm  64.0   5:27am    0   13  0.00   1  13  11:46am   W 29.85   60
4    79.5  90.4   2:38pm  70.4   7:18am    0   14  0.13   1  13   3:49pm WSW 29.72   76
5    80.7  89.2   4:13pm  72.4  11:58pm    0   16  0.00   1  13  12:26pm ENE 29.71   68
6    79.5  90.9   4:07pm  65.6   5:45am    0   14  0.00   1  11  11:29am WSW 29.83   65
7    80.0  92.4  12:59pm  71.2   5:55am    0   15  0.00   1  17   7:05pm WSW 29.76   70
8    80.7  90.9   2:55pm  68.1   6:00am    0   16  0.00   1  15   1:11pm  NW 29.78   59
9    76.6  85.0   3:47pm  65.2   6:09am    0   12  0.00   1  16   2:05pm NNW 29.88   52
10   76.0  86.7   4:10pm  63.0   6:05am    0   11  0.00   1   9   2:08pm WSW 29.98   51
11   76.9  88.1   2:24pm  64.9   5:33am    0   12  0.00   1  10   2:37pm  SW 30.09   65
12   78.5  90.5   3:40pm  65.7   5:33am    0   14  0.00   1  12   7:27pm  SW 30.12   66
13   78.4  89.5   2:08pm  67.1   5:34am    0   13  0.00   1  10   1:41pm  SW 30.12   68
14   81.9  92.6   3:30pm  73.5   5:55am    0   17  0.00   2  15   2:00pm   W 30.08   62
15   77.2  87.2   2:14pm  69.7   5:03am    0   12  0.24   1   9   1:38pm WSW 29.99   79
16   80.4  91.1   3:38pm  69.7   5:32am    0   15  0.01   1  16   2:02pm WSW 29.78   74
17   84.1  95.4   3:36pm  72.0   5:50am    0   19  0.00   2  19   3:27pm  SW 29.71   64
18   83.2  99.3   1:44pm  76.4  11:46pm    0   18  0.16   1  16   2:20pm WSW 29.74   76
19   75.2  83.3   4:00pm  69.6   8:08am    0   10  0.01   1  10   2:23am  SW 29.90   65
20   65.7  70.6  12:00am  62.6  11:54pm    0    1  0.34   0   9  10:21am ENE 30.00   89
21   70.2  81.9   3:07pm  61.2   1:53am    1    6  0.00   1   9  11:26am SSW 30.04   74
22   73.3  85.8   2:13pm  59.8   5:39am    1    9  0.00   1  11   2:17pm  SW 30.08   70
23   74.4  85.0   3:53pm  67.7   4:47am    0    9  0.68   1  14   7:24pm  SW 29.93   85
24   79.9  90.3   3:22pm  70.6   6:34am    0   15  0.01   2  22   3:21pm WSW 29.61   71
25   75.3  84.9   3:37pm  64.4   6:25am    0   10  0.00   2  19  12:55pm  NW 29.76   54
26   75.4  87.2   5:06pm  68.6   9:00am    0   10  0.12   1  15   8:31pm  SW 29.64   78
27   77.7  85.9   1:28pm  71.2   1:57am    0   13  0.06   1  10  12:00am WSW 29.70   83
28   73.8  82.6  10:52am  68.1   4:03pm    0    9  1.64   1  14   3:19pm ENE 29.89   86
29   70.2  75.7  11:55am  66.8  11:31pm    0    5  0.02   1  12  11:54am ENE 29.94   91
30   73.5  84.8   3:49pm  64.0   6:26am    0    9  0.00   1  10   4:56pm  SW 30.05   78
31   70.1  76.0   1:00pm  63.0   5:57am    0    5  0.00   0   4  12:37pm   E 29.98   84
---------------------------------------------------------------------------------------
TOT  76.8  99.3  7/18/12  59.8  7/22/12    3  369  3.77   1  21  7/24/12  SW 29.88   71

HEAT BASE: 65.0
COOL BASE: 65.0