NOAA-Style Climate Reports

Select a Year or Month report
2022: Jan Feb Mar Apr May Jun Jul Aug Sep Oct Nov Dec
2021: Jan Feb Mar Apr May Jun Jul Aug Sep Oct Nov Dec
2020: Jan Feb Mar Apr May Jun Jul Aug Sep Oct Nov Dec
2019: Jan Feb Mar Apr May Jun Jul Aug Sep Oct Nov Dec
2018: Jan Feb Mar Apr May Jun Jul Aug Sep Oct Nov Dec
2017: Jan Feb Mar Apr May Jun Jul Aug Sep Oct Nov Dec
2016: Jan Feb Mar Apr May Jun Jul Aug Sep Oct Nov Dec
2015: Jan Feb Mar Apr May Jun Jul Aug Sep Oct Nov Dec
2014: Jan Feb Mar Apr May Jun Jul Aug Sep Oct Nov Dec
2013: Jan Feb Mar Apr May Jun Jul Aug Sep Oct Nov Dec
2012: Jan Feb Mar Apr May Jun Jul Aug Sep Oct Nov Dec
2011: Jan Feb Mar Apr May Jun Jul Aug Sep Oct Nov Dec
2010: Jan Feb Mar Apr May Jun Jul Aug Sep Oct Nov Dec
2009: Jan Feb Mar Apr May Jun Jul Aug Sep Oct Nov Dec

Report for 2012 November
                  MONTHLY CLIMATOLOGICAL SUMMARY FOR 11/2012
                                        HEAT  COOL        
     MEAN                               DEG   DEG       WIND SPEED       DOM MEAN  MEAN
DAY  TEMP  HIGH   TIME     LOW   TIME   DAYS  DAYS RAIN AVG  HI  TIME    DIR BAROM HUM
---------------------------------------------------------------------------------------
1    48.8  54.8   1:50pm  42.9   7:26am   16    0  0.00   1  13   1:54pm  SW 29.51   75
2    48.2  53.2   1:57pm  43.7  10:04pm   17    0  0.00   2  18  11:48pm   W 29.56   73
3    45.3  51.3   2:19pm  41.0  11:57pm   20    0  0.00   4  20   2:51pm  NW 29.73   65
4    42.7  52.3   2:23pm  35.6   6:50am   22    0  0.00   2  15   3:30pm  NW 29.87   69
5    39.1  44.0   1:51pm  32.0  11:58pm   26    0  0.00   2  20   2:01pm  NW 29.99   60
6    33.7  42.0   2:24pm  25.8   6:49am   31    0  0.00   1  10  10:54am  NE 30.15   63
7    32.8  36.5  10:23am  30.3  12:00am   32    0  0.00   6  26  10:33pm   N 29.90   81
8    38.3  43.2   2:44pm  31.6  12:00am   27    0  0.56   6  26   4:56am  NW 29.70   79
9    43.8  52.4   2:16pm  35.4   7:09am   21    0  0.00   2  23  12:36pm  NW 29.96   57
10   48.2  58.0   1:55pm  38.6   4:39am   17    0  0.00   0  11  11:23am WSW 30.24   72
11   53.1  64.1   2:08pm  41.6   6:46am   12    0  0.00   1  11   9:43am SSW 30.41   78
12   57.3  66.0   2:18pm  48.8   4:33am    8    0  0.01   2  12   1:49pm SSW 30.34   89
13   49.1  62.7   3:12am  39.6  11:57pm   16    0  0.13   2  17   5:51am  NW 30.23   83
14   39.7  46.3   1:53pm  34.4  11:57pm   25    0  0.00   2  16  12:27pm NNW 30.44   64
15   37.6  44.3   2:04pm  32.0   7:06am   27    0  0.00   2  13   8:20am   N 30.35   68
16   38.8  46.4   2:22pm  33.6   1:15am   26    0  0.00   1  13   9:46am  NW 30.29   67
17   40.1  49.8   1:55pm  33.2   7:14am   25    0  0.00   1  13   9:11am ENE 30.53   68
18   38.8  49.5   1:58pm  30.6   7:11am   26    0  0.00   1  13   8:51am   N 30.61   73
19   38.4  48.3   1:57pm  30.7   6:54am   27    0  0.00   1  12  10:00am NNW 30.40   79
20   38.6  49.3   2:10pm  28.8   6:54am   26    0  0.00   0   7  11:54am  NE 30.14   73
21   42.7  51.7   1:58pm  36.9   6:47am   22    0  0.00   1  12  11:29am NNW 30.16   65
22   42.1  55.1   1:58pm  31.6   6:48am   23    0  0.00   0   5   3:12am ENE 30.18   78
23   44.9  56.6   1:31pm  32.6   7:12am   20    0  0.03   1  11   1:12pm SSW 29.87   86
24   41.7  48.1  12:01am  34.6   9:49pm   23    0  0.01   6  25   7:15am  NW 29.62   61
25   35.5  40.7   1:56pm  29.7   6:49am   29    0  0.00   2  19   9:47am  SW 29.79   61
26   37.8  46.2   1:22pm  29.8  11:37pm   27    0  0.00   2  21  10:39am  SW 30.02   64
27   33.6  35.4  10:02am  29.9  12:00am   31    0  0.13   0   7  11:38pm  NW 30.22   91
28   35.5  41.3   1:44pm  30.1  11:57pm   30    0  0.03   2  15   2:52pm NNW 30.15   79
29   36.4  45.1   1:10pm  28.1   7:15am   29    0  0.00   2  17   3:03pm  SW 30.20   67
30   35.1  39.7  11:07am  31.1   5:13pm   30    0  0.00   2  13  11:21am  NE 30.37   66
---------------------------------------------------------------------------------------
TOT  41.3  66.0 11/12/12  25.8  11/6/12  712    0  0.90   2  26  11/7/12  NW 30.10   72

HEAT BASE: 65.0
COOL BASE: 65.0