NOAA-Style Climate Reports

Select a Year or Month report
2022: Jan Feb Mar Apr May Jun Jul Aug Sep Oct Nov Dec
2021: Jan Feb Mar Apr May Jun Jul Aug Sep Oct Nov Dec
2020: Jan Feb Mar Apr May Jun Jul Aug Sep Oct Nov Dec
2019: Jan Feb Mar Apr May Jun Jul Aug Sep Oct Nov Dec
2018: Jan Feb Mar Apr May Jun Jul Aug Sep Oct Nov Dec
2017: Jan Feb Mar Apr May Jun Jul Aug Sep Oct Nov Dec
2016: Jan Feb Mar Apr May Jun Jul Aug Sep Oct Nov Dec
2015: Jan Feb Mar Apr May Jun Jul Aug Sep Oct Nov Dec
2014: Jan Feb Mar Apr May Jun Jul Aug Sep Oct Nov Dec
2013: Jan Feb Mar Apr May Jun Jul Aug Sep Oct Nov Dec
2012: Jan Feb Mar Apr May Jun Jul Aug Sep Oct Nov Dec
2011: Jan Feb Mar Apr May Jun Jul Aug Sep Oct Nov Dec
2010: Jan Feb Mar Apr May Jun Jul Aug Sep Oct Nov Dec
2009: Jan Feb Mar Apr May Jun Jul Aug Sep Oct Nov Dec

Report for 2012 December
                  MONTHLY CLIMATOLOGICAL SUMMARY FOR 12/2012
                                        HEAT  COOL        
     MEAN                               DEG   DEG       WIND SPEED       DOM MEAN  MEAN
DAY  TEMP  HIGH   TIME     LOW   TIME   DAYS  DAYS RAIN AVG  HI  TIME    DIR BAROM HUM
---------------------------------------------------------------------------------------
1    31.4  33.1  11:44pm  29.4   4:20am   34    0  0.00   2  12   9:25am   N 30.49   84
2    40.6  48.6  11:34pm  32.9  12:22am   24    0  0.06   1  10   6:06pm SSW 30.23   95
3    48.6  56.9   1:16pm  38.3  11:57pm   16    0  0.00   1  15  11:52am  SW 30.13   84
4    44.4  57.0   7:41pm  34.7   4:19am   21    0  0.03   1  11   8:58pm SSW 30.16   96
5    47.9  55.0  12:00am  34.1  11:56pm   17    0  0.01   4  27   5:37pm  NW 29.96   71
6    32.9  42.2   2:42pm  27.3  11:58pm   32    0  0.00   2  17  12:33am  NW 30.24   61
7    35.2  43.4  11:18pm  25.6   5:26am   30    0  0.08   0   4   2:56pm SSW 30.12   88
8    44.0  46.9  11:22pm  41.6   8:18am   21    0  0.26   0   9   9:31am NNW 29.89   97
9    43.0  46.7  12:00am  39.7  11:10pm   22    0  0.18   2  13   6:26am  NE 30.13   87
10   45.9  54.5  10:47pm  39.7  12:00am   19    0  0.11   1  21  11:14pm  SW 29.69   98
11   42.5  47.3  12:11am  33.4  11:59pm   22    0  0.01   2  23  10:47am  NW 29.86   74
12   35.2  42.9   2:26pm  29.6   6:24am   30    0  0.00   0   7   2:25pm   W 30.30   72
13   34.8  45.7   2:48pm  27.8   7:21am   30    0  0.00   0   7   2:52pm   W 30.36   76
14   37.7  49.6   2:51pm  27.6   4:44am   27    0  0.00   1  12  10:34am  SW 30.16   68
15   38.4  46.9   1:32pm  33.7   1:57am   27    0  0.00   1   9   7:24am ENE 30.22   72
16   36.0  37.5   2:44pm  34.1   8:05pm   29    0  0.05   2  12  10:05pm ENE 30.11   83
17   35.7  37.4  11:57pm  34.3   6:30am   29    0  0.39   3  16   4:56am   N 29.86   97
18   42.6  45.9   3:35pm  37.4  12:00am   22    0  0.18   2  21  10:53pm NNW 29.48   97
19   42.6  46.5  12:22pm  38.4  11:58pm   22    0  0.00   5  29   9:36am  NW 29.71   69
20   38.9  43.9   2:55pm  33.1   7:37am   26    0  0.01   1  14  10:05pm  NW 30.07   74
21   44.8  56.3  11:10am  38.1  12:00am   20    0  0.43   5  24   1:54pm  SW 29.31   84
22   36.5  38.9  12:25am  33.4   5:49pm   29    0  0.00   6  30   1:23pm  SW 29.42   69
23   37.4  42.4   1:32pm  34.2  11:23pm   28    0  0.00   3  28  12:00am  SW 29.80   61
24   34.3  40.0   1:21pm  29.1   7:32am   30    0  0.00   1  12   9:58am  SW 29.97   66
25   32.4  38.0   2:55pm  28.4  11:46pm   33    0  0.05   2  16   4:08pm NNW 30.03   86
26   28.7  34.5  11:57pm  23.3   6:56am   36    0  0.00   3  20   6:45pm  NE 30.12   80
27   35.0  36.8   1:42am  30.2  11:50pm   30    0  0.59   7  26   9:07am  NW 29.45   91
28   30.8  36.8   1:25pm  26.3  11:39pm   34    0  0.01   3  23  12:00am  NW 29.92   76
29   28.9  32.4  10:56pm  24.2   2:46am   36    0  0.00   2  15   6:07pm NNW 29.73   91
30   28.5  32.5   1:34pm  24.5  10:33pm   36    0  0.00   6  33   3:45pm  NW 29.76   72
31   30.5  36.6   1:21pm  22.8   4:45am   34    0  0.03   2  16   1:40am  SW 29.96   67
---------------------------------------------------------------------------------------
TOT  37.6  57.0  12/4/12  22.8 12/31/12  848    0  2.48   2  33 12/30/12  NW 29.96   80

HEAT BASE: 65.0
COOL BASE: 65.0