NOAA-Style Climate Reports

Select a Year or Month report
2022: Jan Feb Mar Apr May Jun Jul Aug Sep Oct Nov Dec
2021: Jan Feb Mar Apr May Jun Jul Aug Sep Oct Nov Dec
2020: Jan Feb Mar Apr May Jun Jul Aug Sep Oct Nov Dec
2019: Jan Feb Mar Apr May Jun Jul Aug Sep Oct Nov Dec
2018: Jan Feb Mar Apr May Jun Jul Aug Sep Oct Nov Dec
2017: Jan Feb Mar Apr May Jun Jul Aug Sep Oct Nov Dec
2016: Jan Feb Mar Apr May Jun Jul Aug Sep Oct Nov Dec
2015: Jan Feb Mar Apr May Jun Jul Aug Sep Oct Nov Dec
2014: Jan Feb Mar Apr May Jun Jul Aug Sep Oct Nov Dec
2013: Jan Feb Mar Apr May Jun Jul Aug Sep Oct Nov Dec
2012: Jan Feb Mar Apr May Jun Jul Aug Sep Oct Nov Dec
2011: Jan Feb Mar Apr May Jun Jul Aug Sep Oct Nov Dec
2010: Jan Feb Mar Apr May Jun Jul Aug Sep Oct Nov Dec
2009: Jan Feb Mar Apr May Jun Jul Aug Sep Oct Nov Dec

Report for 2013 January
                  MONTHLY CLIMATOLOGICAL SUMMARY FOR 1/2013
                                        HEAT  COOL        
     MEAN                               DEG   DEG       WIND SPEED       DOM MEAN  MEAN
DAY  TEMP  HIGH   TIME     LOW   TIME   DAYS  DAYS RAIN AVG  HI  TIME    DIR BAROM HUM
---------------------------------------------------------------------------------------
1    32.9  37.8   9:35am  21.6  11:55pm   32    0  0.05   3  20   7:50pm  NW 29.81   65
2    24.4  32.7   1:09pm  17.1   7:50am   41    0  0.00   2  22   2:03pm  NW 29.98   63
3    21.1  29.7   2:59pm   9.8   7:34am   44    0  0.00   1  14   2:42pm  SW 30.07   58
4    32.7  40.1   2:42pm  27.0  12:00am   32    0  0.02   4  20  12:20pm  SW 29.90   67
5    34.3  41.9   1:28pm  26.1  10:46pm   31    0  0.04   3  24  12:59pm  SW 30.10   64
6    34.8  44.9   2:57pm  26.3  12:03am   30    0  0.05   1  12   9:51am  SW 30.00   75
7    34.2  41.4   1:38pm  25.2  11:26pm   31    0  0.01   1  20   9:29am WNW 30.21   70
8    35.5  49.4   1:58pm  23.6   5:16am   29    0  0.01   2  22  11:42am  SW 30.31   72
9    35.9  44.1   9:05pm  25.7   7:22am   29    0  0.00   2  20   8:16pm  SW 30.20   82
10   41.2  46.9   1:35pm  33.6  11:56pm   24    0  0.00   4  29   2:17am  NW 30.35   58
11   33.2  38.2   3:01pm  27.7   6:22am   32    0  0.22   0   7  11:52pm NNE 30.34   84
12   40.0  43.6   3:13pm  35.6   1:35am   25    0  0.08   1  10  12:16am   N 30.11   97
13   44.3  47.8   2:53pm  41.0   4:57am   21    0  0.01   1  11   2:49pm SSW 30.05   97
14   47.4  55.4  12:56pm  38.3  11:54pm   18    0  0.01   3  21   1:22pm  SW 30.04   82
15   37.3  40.1   1:46pm  33.7   8:08am   28    0  0.01   1  12  10:16am NNW 30.23   70
16   33.2  36.1  12:00am  31.4   7:04am   32    0  0.00   0   5  12:02am NNW 29.95   92
17   34.6  42.6  12:27pm  29.6  11:38pm   30    0  0.23   1  14  11:44am  NW 29.95   81
18   25.2  29.6  12:00am  21.9   8:15am   40    0  0.00   3  24  11:08am  NW 30.28   53
19   37.3  45.3   3:25pm  23.9  12:00am   28    0  0.13   4  20   3:02pm  SW 30.10   63
20   41.4  51.3  11:24am  29.4  11:57pm   24    0  0.01   5  32   3:49pm SSW 29.73   58
21   26.5  30.0   1:54pm  22.3   6:59am   38    0  0.00   1  15  12:00am  SW 29.94   68
22   21.2  25.3  12:00am  13.9  11:59pm   44    0  0.00   4  28   8:01am WNW 29.90   54
23   13.5  19.9   1:35pm   9.0   7:18am   51    0  0.00   2  21   2:05pm  NW 30.12   51
24   13.9  22.0   2:52pm   6.8   5:58am   51    0  0.00   4  31  12:45pm  NW 30.16   49
25   18.4  24.0   4:09pm  12.2   6:40am   46    0  0.00   2  24  12:26am WNW 30.22   54
26   18.9  25.9   1:30pm  11.6   7:30am   46    0  0.00   2  22   5:00pm  NW 30.09   67
27   22.7  33.3   3:00pm  13.6   5:30am   42    0  0.00   2  19   2:00pm  NW 30.38   52
28   26.7  32.9   8:00pm  19.1   1:00am   38    0  0.01   0   9  10:30am SSW 30.22   78
29   32.7  35.8   2:30pm  28.8   3:30am   32    0  0.17   0   6   3:00am NNW 30.07   93
30   45.7  55.6   8:00pm  34.5  12:00am   19    0  0.05   3  20  11:30pm SSW 29.74   97
31   47.4  60.2   5:00am  31.9  11:30pm   18    0  0.33   9  39   5:30am  SW 29.28   68
---------------------------------------------------------------------------------------
TOT  31.9  60.2  1/31/13   6.9  1/24/13 1025    0  1.44   2  39  1/31/13 SSW 30.06   70

HEAT BASE: 65.0
COOL BASE: 65.0