NOAA-Style Climate Reports

Select a Year or Month report
2022: Jan Feb Mar Apr May Jun Jul Aug Sep Oct Nov Dec
2021: Jan Feb Mar Apr May Jun Jul Aug Sep Oct Nov Dec
2020: Jan Feb Mar Apr May Jun Jul Aug Sep Oct Nov Dec
2019: Jan Feb Mar Apr May Jun Jul Aug Sep Oct Nov Dec
2018: Jan Feb Mar Apr May Jun Jul Aug Sep Oct Nov Dec
2017: Jan Feb Mar Apr May Jun Jul Aug Sep Oct Nov Dec
2016: Jan Feb Mar Apr May Jun Jul Aug Sep Oct Nov Dec
2015: Jan Feb Mar Apr May Jun Jul Aug Sep Oct Nov Dec
2014: Jan Feb Mar Apr May Jun Jul Aug Sep Oct Nov Dec
2013: Jan Feb Mar Apr May Jun Jul Aug Sep Oct Nov Dec
2012: Jan Feb Mar Apr May Jun Jul Aug Sep Oct Nov Dec
2011: Jan Feb Mar Apr May Jun Jul Aug Sep Oct Nov Dec
2010: Jan Feb Mar Apr May Jun Jul Aug Sep Oct Nov Dec
2009: Jan Feb Mar Apr May Jun Jul Aug Sep Oct Nov Dec

Report for 2013 February
                  MONTHLY CLIMATOLOGICAL SUMMARY FOR 2/2013
                                        HEAT  COOL        
     MEAN                               DEG   DEG       WIND SPEED       DOM MEAN  MEAN
DAY  TEMP  HIGH   TIME     LOW   TIME   DAYS  DAYS RAIN AVG  HI  TIME    DIR BAROM HUM
---------------------------------------------------------------------------------------
1    28.3  32.4   1:09pm  22.4  11:19pm   36    0  0.00   4  25   1:17pm  NW 29.83   51
2    25.4  31.4   1:27pm  18.4   7:22am   40    0  0.00   3  18   9:02pm  SW 30.11   57
3    26.2  32.1   2:18pm  20.7   7:29am   39    0  0.01   1   9  11:53pm  NE 29.84   74
4    26.6  31.4   3:04pm  22.9   7:07am   38    0  0.00   3  21   1:50pm   W 29.82   56
5    27.1  30.2   3:11pm  24.3   6:55am   38    0  0.00   0   7   9:35am   N 29.91   70
6    31.9  40.3   2:45pm  25.5  11:56pm   33    0  0.00   2  19  12:36pm  NW 30.03   66
7    27.1  33.2   2:51pm  21.1   3:47am   38    0  0.00   1  12   5:26am  NE 30.40   48
8    28.8  31.9   1:47pm  21.8  11:57pm   36    0  0.00   5  33  11:47pm  NE 29.99   83
9    23.4  27.4   2:52pm  18.1  11:55pm   40    0  0.03   8  33  12:00am  NW 29.90   75
10   23.2  35.1   2:54pm  10.2   7:11am   42    0  0.00   1  11  12:19am ENE 30.33   59
11   34.4  42.6   5:07pm  24.5  12:00am   31    0  0.27   0  13   9:20pm WSW 29.91   90
12   39.9  47.3   1:12pm  35.1   5:15am   25    0  0.00   3  24   3:14pm   W 29.74   73
13   38.1  43.8   2:36pm  33.9   7:13am   27    0  0.00   1  12   3:58am  NW 29.77   61
14   36.3  45.2   2:56pm  28.7   6:55am   29    0  0.01   1  14  12:05am  SW 29.84   72
15   39.7  48.6   2:53pm  31.9   2:22am   25    0  0.00   2  11   1:55pm SSW 29.91   81
16   35.2  40.2   2:43pm  30.6  11:32pm   30    0  0.06   2  21  11:51pm NNW 29.85   73
17   25.0  30.6  12:00am  17.4  11:50pm   40    0  0.00   7  33   6:04pm  NW 29.62   49
18   23.9  33.8   2:54pm  15.1   6:56am   41    0  0.00   4  27  11:38am  NW 30.04   47
19   35.9  45.8  12:53pm  24.9  12:00am   29    0  0.17   2  15  12:39pm SSW 29.89   75
20   32.2  39.1  12:00am  25.3  11:56pm   33    0  0.00   4  27   4:19pm WNW 29.71   59
21   26.6  31.7   2:44pm  23.6  11:07pm   38    0  0.00   5  30   8:38am  NW 29.94   61
22   31.7  40.0   2:52pm  23.1   3:34am   33    0  0.00   1  11  12:05am NNW 30.29   69
23   35.6  38.2   1:49pm  33.7   2:51am   29    0  0.14   1  12  10:50pm ENE 30.07   89
24   36.7  40.9   2:46pm  34.0   8:35pm   28    0  0.04   4  18   8:34am NNW 29.75   91
25   36.9  44.1   1:15pm  30.4   6:23am   27    0  0.01   1  15  12:56am NNW 30.05   74
26   37.4  42.8  12:00pm  31.9   2:30am   28    0  0.00   1  14  11:00pm ENE 30.20   74
27   39.2  43.5   1:00pm  34.9   2:30am   26    0  1.22   4  22  12:30pm ENE 29.69   96
28   39.7  46.5   3:00pm  35.3   6:30am   25    0  0.00   1  10   5:00pm NNW 29.54   91
---------------------------------------------------------------------------------------
TOT  31.9  48.6  2/15/13  10.2  2/10/13  924    0  1.96   3  33   2/8/13  NW 29.93   70

HEAT BASE: 65.0
COOL BASE: 65.0