NOAA-Style Climate Reports

Select a Year or Month report
2022: Jan Feb Mar Apr May Jun Jul Aug Sep Oct Nov Dec
2021: Jan Feb Mar Apr May Jun Jul Aug Sep Oct Nov Dec
2020: Jan Feb Mar Apr May Jun Jul Aug Sep Oct Nov Dec
2019: Jan Feb Mar Apr May Jun Jul Aug Sep Oct Nov Dec
2018: Jan Feb Mar Apr May Jun Jul Aug Sep Oct Nov Dec
2017: Jan Feb Mar Apr May Jun Jul Aug Sep Oct Nov Dec
2016: Jan Feb Mar Apr May Jun Jul Aug Sep Oct Nov Dec
2015: Jan Feb Mar Apr May Jun Jul Aug Sep Oct Nov Dec
2014: Jan Feb Mar Apr May Jun Jul Aug Sep Oct Nov Dec
2013: Jan Feb Mar Apr May Jun Jul Aug Sep Oct Nov Dec
2012: Jan Feb Mar Apr May Jun Jul Aug Sep Oct Nov Dec
2011: Jan Feb Mar Apr May Jun Jul Aug Sep Oct Nov Dec
2010: Jan Feb Mar Apr May Jun Jul Aug Sep Oct Nov Dec
2009: Jan Feb Mar Apr May Jun Jul Aug Sep Oct Nov Dec

Report for 2013 March
                  MONTHLY CLIMATOLOGICAL SUMMARY FOR 3/2013
                                        HEAT  COOL        
     MEAN                               DEG   DEG       WIND SPEED       DOM MEAN  MEAN
DAY  TEMP  HIGH   TIME     LOW   TIME   DAYS  DAYS RAIN AVG  HI  TIME    DIR BAROM HUM
---------------------------------------------------------------------------------------
1    40.3  46.4   1:00pm  36.8   4:30am   25    0  0.00   3  17   3:00pm  NW 29.60   74
2    36.4  40.5   1:30pm  33.0  11:30pm   29    0  0.00   3  19  11:30am  NW 29.66   72
3    32.5  37.6   1:00pm  29.4   6:30am   33    0  0.00   3  18   3:00pm  NW 29.63   73
4    32.9  39.1   2:30pm  28.7   6:00am   32    0  0.00   5  30   5:00pm  NW 29.69   68
5    38.6  46.3   4:00pm  30.8   3:00am   26    0  0.00   3  22  12:30am  NE 29.92   64
6    38.8  42.8  11:30am  36.1  11:30pm   26    0  0.00   7  32   1:00pm  NE 29.96   78
7    34.9  37.6  12:00pm  32.9   8:30am   30    0  0.08   6  27   1:00pm NNE 29.97   88
8    35.8  40.5   8:30pm  33.0   3:30am   29    0  0.32   3  21   5:30pm NNE 29.99   86
9    42.4  54.6   4:30pm  32.3   6:00am   23    0  0.16   2  16   2:00pm  NE 30.19   53
10   39.5  51.5   4:30pm  29.6   6:00am   24    0  0.00   1  10  11:00pm SSW 30.30   73
11   44.5  52.8   3:00pm  37.7   3:00am   21    0  0.00   2  14  12:30pm SSW 30.18   83
12   50.4  54.3   5:30pm  42.2  11:30pm   15    0  0.82   3  20  11:00pm   S 29.86   93
13   41.8  50.1   3:30pm  32.7   7:30am   23    0  0.00   2  18  12:30pm  NW 29.77   67
14   32.3  38.3  12:00am  29.3  10:00am   33    0  0.00   4  31   3:00pm  NW 29.80   63
15   34.1  43.4   3:00pm  26.2   7:00am   31    0  0.00   4  21   2:00am  SW 29.77   59
16   35.8  39.9   4:30pm  30.7   7:30am   29    0  0.00   2  17   2:30am  NW 29.77   55
17   32.8  38.3   4:30pm  26.7   7:30am   32    0  0.00   4  29   1:30pm  NW 30.04   46
18   30.6  37.9   5:00pm  22.7   7:00am   34    0  0.00   1  13  10:30am  NE 30.29   48
19   33.4  36.6   3:49pm  30.4   4:30am   32    0  0.23   3  17   2:12pm NNW 29.78   94
20   34.5  41.3   4:30pm  27.7   6:23am   31    0  0.10   2  24   2:26pm  NW 29.75   64
21   33.2  38.6   2:39pm  29.7  12:57am   32    0  0.08   1  18   9:48pm  NE 29.68   62
22   33.4  41.4   3:44pm  25.0   7:01am   32    0  0.06   3  22  11:28am   W 29.68   58
23   37.6  45.0   3:46pm  32.5  12:31am   27    0  0.05   5  28   1:39pm  NW 29.75   57
24   39.1  47.8   3:51pm  31.1   5:52am   26    0  0.01   2  17  11:13am WNW 29.77   57
25   39.8  46.0   1:01pm  33.5   6:30am   25    0  0.00   4  23   2:53pm  NE 29.57   63
26   42.3  50.4   3:01pm  38.0   7:11am   23    0  0.00   3  18   1:33pm  NW 29.65   56
27   44.1  55.2   3:45pm  33.7   7:13am   21    0  0.00   4  22   2:44pm  NW 29.80   50
28   44.8  51.6   4:10pm  39.0   6:19am   20    0  0.00   3  18   5:49pm  NW 29.92   63
29   47.5  55.5   1:45pm  38.4   6:44am   18    0  0.00   3  17   1:01pm  NW 30.02   57
30   47.9  58.6   3:12pm  38.3   6:58am   17    0  0.00   2  19   2:14pm  NW 30.04   48
31   45.8  56.6  12:00pm  32.4   7:00am   19    0  0.06   2  22   1:00pm NNW 29.96   59
---------------------------------------------------------------------------------------
TOT  38.6  58.6  3/30/13  22.7  3/18/13  816    0  1.97   3  32   3/6/13  NW 29.86   66

HEAT BASE: 65.0
COOL BASE: 65.0