NOAA-Style Climate Reports

Select a Year or Month report
2022: Jan Feb Mar Apr May Jun Jul Aug Sep Oct Nov Dec
2021: Jan Feb Mar Apr May Jun Jul Aug Sep Oct Nov Dec
2020: Jan Feb Mar Apr May Jun Jul Aug Sep Oct Nov Dec
2019: Jan Feb Mar Apr May Jun Jul Aug Sep Oct Nov Dec
2018: Jan Feb Mar Apr May Jun Jul Aug Sep Oct Nov Dec
2017: Jan Feb Mar Apr May Jun Jul Aug Sep Oct Nov Dec
2016: Jan Feb Mar Apr May Jun Jul Aug Sep Oct Nov Dec
2015: Jan Feb Mar Apr May Jun Jul Aug Sep Oct Nov Dec
2014: Jan Feb Mar Apr May Jun Jul Aug Sep Oct Nov Dec
2013: Jan Feb Mar Apr May Jun Jul Aug Sep Oct Nov Dec
2012: Jan Feb Mar Apr May Jun Jul Aug Sep Oct Nov Dec
2011: Jan Feb Mar Apr May Jun Jul Aug Sep Oct Nov Dec
2010: Jan Feb Mar Apr May Jun Jul Aug Sep Oct Nov Dec
2009: Jan Feb Mar Apr May Jun Jul Aug Sep Oct Nov Dec

Report for 2013 April
                  MONTHLY CLIMATOLOGICAL SUMMARY FOR 4/2013
                                        HEAT  COOL        
     MEAN                               DEG   DEG       WIND SPEED       DOM MEAN  MEAN
DAY  TEMP  HIGH   TIME     LOW   TIME   DAYS  DAYS RAIN AVG  HI  TIME    DIR BAROM HUM
---------------------------------------------------------------------------------------
1    46.6  61.1   2:30pm  35.8  11:30pm   18    0  0.18   4  29   4:30pm  NW 29.63   76
2    36.0  43.2   4:00pm  30.1   7:00am   29    0  0.00   4  27   2:30pm   W 29.88   46
3    37.2  46.0   4:00pm  30.3   6:30am   28    0  0.00   5  29   5:00pm WNW 30.04   43
4    41.0  55.1   2:30pm  29.7   6:00am   24    0  0.00   3  20   1:30am SSW 30.18   50
5    46.9  62.3   3:00pm  39.9  12:30am   18    0  0.00   4  27   5:30pm  NW 29.83   52
6    41.3  50.7   4:00pm  33.7   6:30am   24    0  0.00   4  28   8:00am  NW 30.14   37
7    44.9  55.4   3:00pm  34.5   6:30am   20    0  0.00   4  21  12:30pm SSW 30.13   65
8    55.5  70.6   4:00pm  42.3   6:30am   10    1  0.00   1  18   3:00pm SSW 29.98   64
9    61.6  75.2   2:30pm  48.8   6:00am    6    3  0.02   2  27  11:00am  NW 29.90   61
10   57.1  66.7   2:30pm  49.6   5:30am    8    0  0.41   1  14   8:00pm  NE 29.86   79
11   51.9  59.6   2:00pm  43.4  11:30pm   13    0  0.00   4  18   1:00pm  NE 29.92   71
12   40.8  43.6   8:00am  38.4  11:00pm   24    0  0.35   4  20  10:00am  NE 29.90   87
13   46.1  56.4   3:30pm  37.1   3:00am   19    0  0.10   2  17   2:00am   N 29.81   74
14   46.3  53.2   3:00pm  40.5   6:30am   19    0  0.00   2  22   4:00pm  NW 30.01   64
15   47.1  59.9   3:30pm  36.5   5:30am   18    0  0.00   1  10   5:00pm SSW 30.28   58
16   52.0  64.1   2:30pm  38.5   5:30am   13    0  0.00   3  21   3:30pm SSW 30.24   78
17   59.2  69.0   4:00pm  51.8   6:30am    6    1  0.00   3  17  11:30am NNW 30.15   52
18   53.4  62.1   1:04pm  41.7   6:09am   12    0  0.00   2  19  10:30am   S 30.26   60
19   60.9  70.4  12:54pm  53.5   3:24am    5    1  0.01   5  22   2:24pm SSW 29.84   91
20   52.9  63.3  12:00am  41.9  11:58pm   12    0  0.31   4  22  11:08am  NW 29.85   66
21   45.1  55.4   3:55pm  35.1   6:13am   20    0  0.00   3  23  12:12am  NW 30.46   45
22   47.7  59.3   2:50pm  36.6   6:22am   17    0  0.00   3  17   1:46pm   E 30.58   55
23   42.6  46.1   2:24pm  38.9   4:12am   22    0  0.00   5  19   9:55pm  NE 30.31   78
24   54.8  72.5   2:22pm  43.1  12:08am   11    1  0.00   4  16  12:22am SSW 29.90   72
25   54.9  63.7   3:42pm  47.3  11:58pm   10    0  0.02   3  22   8:54am  NW 30.05   54
26   54.1  68.9   2:50pm  37.8   6:08am   11    0  0.00   2  16   5:50pm  NW 30.29   46
27   55.5  68.0   3:44pm  40.4   5:43am   10    0  0.00   1  13   1:37pm   S 30.31   49
28   56.6  69.5   2:45pm  41.4   6:22am    9    1  0.00   1  13   1:27pm   S 30.23   56
29
---------------------------------------------------------------------------------------
TOT  67.8  91.1   6/1/13  52.6   6/5/13  437    7  3.54   1  22   6/4/13 SSW 29.90   74

HEAT BASE: 65.0
COOL BASE: 65.0