NOAA-Style Climate Reports

Select a Year or Month report
2022: Jan Feb Mar Apr May Jun Jul Aug Sep Oct Nov Dec
2021: Jan Feb Mar Apr May Jun Jul Aug Sep Oct Nov Dec
2020: Jan Feb Mar Apr May Jun Jul Aug Sep Oct Nov Dec
2019: Jan Feb Mar Apr May Jun Jul Aug Sep Oct Nov Dec
2018: Jan Feb Mar Apr May Jun Jul Aug Sep Oct Nov Dec
2017: Jan Feb Mar Apr May Jun Jul Aug Sep Oct Nov Dec
2016: Jan Feb Mar Apr May Jun Jul Aug Sep Oct Nov Dec
2015: Jan Feb Mar Apr May Jun Jul Aug Sep Oct Nov Dec
2014: Jan Feb Mar Apr May Jun Jul Aug Sep Oct Nov Dec
2013: Jan Feb Mar Apr May Jun Jul Aug Sep Oct Nov Dec
2012: Jan Feb Mar Apr May Jun Jul Aug Sep Oct Nov Dec
2011: Jan Feb Mar Apr May Jun Jul Aug Sep Oct Nov Dec
2010: Jan Feb Mar Apr May Jun Jul Aug Sep Oct Nov Dec
2009: Jan Feb Mar Apr May Jun Jul Aug Sep Oct Nov Dec

Report for 2013 May
                  MONTHLY CLIMATOLOGICAL SUMMARY FOR 5/2013
                                        HEAT  COOL        
     MEAN                               DEG   DEG       WIND SPEED       DOM MEAN  MEAN
DAY  TEMP  HIGH   TIME     LOW   TIME   DAYS  DAYS RAIN AVG  HI  TIME    DIR BAROM HUM
---------------------------------------------------------------------------------------
1    58.3  74.9   4:00pm  41.1   6:00am    9    2  0.00   1  12   6:00pm SSW 30.38   51
2    61.9  80.8   4:00pm  43.3   6:00am    7    4  0.00   1  16  10:30pm   S 30.35   55
3    58.7  70.7   4:00pm  47.2   6:00am    7    1  0.00   2  16   8:30am ENE 30.38   52
4    58.1  73.8   3:00pm  44.2   6:00am    9    2  0.00   1  16   2:00pm ENE 30.25   63
5    53.8  70.9   3:30pm  38.9   6:00am   12    1  0.00   1  13   3:30pm ENE 30.22   64
6    58.2  74.7   4:00pm  45.3   1:30am    8    2  0.00   1   9   5:30pm  SW 30.17   69
7    64.1  79.2   2:30pm  46.8   6:00am    5    4  0.00   1  12   4:00pm  SW 30.10   70
8    62.5  72.0   2:00pm  56.8   5:00am    4    1  0.28   0  15   1:30pm ENE 30.05   89
9    59.8  66.5  12:30pm  54.4   5:30am    5    0  0.21   0   6  12:30pm ENE 29.90   94
10   66.9  81.1   2:30pm  52.2   6:00am    3    5  0.01   1  12   7:30pm  SW 29.89   73
11   62.5  66.7  12:00pm  59.1   5:30am    3    0  0.24   1  16   1:00pm SSW 29.74   92
12   60.9  72.7   2:30pm  51.8  11:30pm    5    1  0.06   2  24   3:30pm   W 29.64   71
13   50.2  56.7   3:30pm  42.8   6:00am   15    0  0.00   2  19   9:00am WSW 29.93   53
14   51.3  60.0   4:30pm  42.4   3:00am   14    0  0.00   1  15   5:00pm  NW 30.01   52
15   52.7  62.7   5:30pm  37.2   5:30am   12    0  0.00   1  15  11:30am SSW 29.86   76
16   67.3  84.0   4:00pm  48.3   6:00am    5    7  0.00   2  20   6:00pm  SW 29.68   55
17   63.9  71.9   3:30pm  52.8   6:00am    3    2  0.00   2  17   3:00pm  NW 29.97   45
18   60.2  72.5   1:00pm  46.1   6:00am    6    2  0.00   1  14   6:00pm  SW 30.23   62
19   56.4  61.6  12:00pm  51.2   5:00am    9    0  0.12   0   6   2:00pm SSW 30.25   90
20   69.0  84.2   3:30pm  56.7  12:00am    3    7  0.02   1  12   3:00pm WSW 29.98   82
21   75.4  89.6   2:30pm  63.1   6:00am    0   11  0.35   1  12   1:30pm  SW 29.85   78
22   65.8  78.7   3:30pm  56.0   6:00am    3    4  0.09   1  19  12:30am  SW 29.86   87
23   67.8  72.2   2:30pm  64.8  11:30pm    0    3  1.19   1  12   1:00pm SSW 29.81   94
24   59.6  66.1  11:00am  47.4  11:30pm    5    0  1.00   2  19   7:00pm  NW 29.72   92
25   46.4  48.7  10:00am  44.8  11:00pm   19    0  0.39   3  22   5:00pm  NW 29.79   92
26   52.2  60.2   3:30pm  45.1   2:00am   13    0  0.00   5  26   2:30pm  NW 29.91   71
27   61.3  74.9   4:00pm  43.7   3:00am    7    3  0.00   2  18  11:30am WSW 30.10   53
28   60.3  73.5   1:00pm  47.7   6:00am    7    2  0.00   1  11   4:30pm  SW 30.14   71
29   66.9  80.9   5:30pm  58.2   3:30am    3    5  1.20   1  16  10:00pm  SW 30.02   88
30   77.7  92.2   4:00pm  62.8   6:00am    0   13  0.04   1  13   3:00pm WSW 30.02   75
31   81.4  94.9   2:30pm  67.5   6:00am    0   16  0.00   1  13   5:30pm  SW 29.99   67
---------------------------------------------------------------------------------------
TOT  61.7  94.9  5/31/13  37.2  5/15/13  199   95  5.20   1  26  5/26/13  SW 30.01   72

HEAT BASE: 65.0
COOL BASE: 65.0