NOAA-Style Climate Reports

Select a Year or Month report
2022: Jan Feb Mar Apr May Jun Jul Aug Sep Oct Nov Dec
2021: Jan Feb Mar Apr May Jun Jul Aug Sep Oct Nov Dec
2020: Jan Feb Mar Apr May Jun Jul Aug Sep Oct Nov Dec
2019: Jan Feb Mar Apr May Jun Jul Aug Sep Oct Nov Dec
2018: Jan Feb Mar Apr May Jun Jul Aug Sep Oct Nov Dec
2017: Jan Feb Mar Apr May Jun Jul Aug Sep Oct Nov Dec
2016: Jan Feb Mar Apr May Jun Jul Aug Sep Oct Nov Dec
2015: Jan Feb Mar Apr May Jun Jul Aug Sep Oct Nov Dec
2014: Jan Feb Mar Apr May Jun Jul Aug Sep Oct Nov Dec
2013: Jan Feb Mar Apr May Jun Jul Aug Sep Oct Nov Dec
2012: Jan Feb Mar Apr May Jun Jul Aug Sep Oct Nov Dec
2011: Jan Feb Mar Apr May Jun Jul Aug Sep Oct Nov Dec
2010: Jan Feb Mar Apr May Jun Jul Aug Sep Oct Nov Dec
2009: Jan Feb Mar Apr May Jun Jul Aug Sep Oct Nov Dec

Report for 2013 June
                  MONTHLY CLIMATOLOGICAL SUMMARY FOR 6/2013
                                        HEAT  COOL        
     MEAN                               DEG   DEG       WIND SPEED       DOM MEAN  MEAN
DAY  TEMP  HIGH   TIME     LOW   TIME   DAYS  DAYS RAIN AVG  HI  TIME    DIR BAROM HUM
---------------------------------------------------------------------------------------
1    79.1  91.1   1:30pm  66.4   6:00am    0   14  0.00   1  20   1:00pm SSW 29.90   70
2    76.3  87.4   3:00pm  67.9   5:30am    0   11  0.03   2  13   4:00pm SSW 29.78   76
3    70.8  79.8   3:30pm  64.0  11:30pm    0    6  0.62   1  17  10:00pm  NW 29.77   82
4    64.6  73.5   3:30pm  54.5   5:30am    3    2  0.00   3  22  12:00pm  NW 29.93   51
5    65.8  76.4   3:30pm  52.6   6:00am    3    4  0.00   1  12   3:00pm  SW 30.10   56
6    62.1  72.3  12:00pm  52.6   5:30am    4    2  0.09   0   9  12:30pm SSW 30.09   77
7    58.0  60.7   3:30pm  55.0  11:30pm    7    0  2.13   1  14  11:00pm ENE 29.89   97
8    65.6  77.8   3:00pm  53.0   4:00am    4    5  0.67   2  17   3:30am WSW 29.78   81
9    74.6  81.7   3:30pm  59.1   4:59am    4    8  0.00   1  12   1:33pm SSW 30.08   60
10   64.7  72.2   2:43pm  59.2   5:31am    2    1  0.79   1  10   6:50pm ENE 30.06   87
11   64.1  73.3   2:45pm  59.4   6:23am    2    2  1.24   1  14  11:43pm  NE 29.66   95
12   66.0  72.9   3:38pm  61.2   2:57am    1    2  0.00   4  28   4:18am  NW 29.69   68
13   57.0  60.9  12:00am  53.2  11:30pm    8    0  1.69   1  20  10:30pm ENE 29.69   94
14   61.1  74.1   4:00pm  51.4   3:00am    6    2  0.78   2  19   3:30am NNW 29.68   81
15   70.6  79.7   4:00pm  59.5   6:00am    1    6  0.00   1  15  12:00pm WSW 29.87   59
16   68.4  77.6   1:25pm  55.3   5:00am    2    5  0.00   1  10  12:30pm  SW 29.82   71
17   73.3  87.8   3:09pm  61.2   5:18am    0    9  0.00   1  25   5:38pm  SW 29.81   72
18   68.3  83.6   1:57pm  60.3  11:58pm    1    4  0.83   1  28   2:57pm ENE 29.85   85
19   66.4  78.5   3:42pm  55.5   5:32am    3    4  0.01   1  14   4:50pm ENE 29.96   66
20   68.1  82.1   3:50pm  51.3   5:25am    3    7  0.00   1  10   1:07pm  SW 30.18   62
21   72.8  85.1   2:58pm  58.8   5:36am    1    9  0.00   1  12   1:59pm  SW 30.19   67
22   73.7  86.6   2:52pm  61.7   5:50am    0    9  0.00   1  16  12:11pm  SW 30.15   64
23   77.8  91.6   2:27pm  64.5   5:04am    0   13  0.00   2  13  12:02pm  SW 30.06   70
24   81.3  94.9   3:37pm  71.4  11:58pm    0   16  0.00   1  18   6:25pm WSW 29.94   72
25   79.1  93.2   1:26pm  67.9   5:41am    0   14  0.04   1  25   6:14pm  SW 29.82   76
26   78.1  86.8  12:28pm  71.9   4:41am    0   13  0.00   1  13   2:00pm WSW 29.74   82
27   73.6  82.1   3:13pm  69.1   5:23am    0    9  0.82   0   7   5:13pm  NE 29.72   90
28   74.5  83.7   3:08pm  69.0   1:10am    0   10  0.49   1  15   5:59pm SSW 29.48   91
29   76.1  84.4   2:04pm  69.8   5:34am    0   11  0.00   1  15   6:55pm  SW 29.54   84
30   76.7  85.9   1:18pm  72.2   5:37am    0   12  0.00   1  13   2:49pm  SW 29.78   86
---------------------------------------------------------------------------------------
TOT  70.2  94.9  6/24/13  51.3  6/20/13   57  210 10.23   1  28  6/18/13  SW 29.86   76

HEAT BASE: 65.0
COOL BASE: 65.0