NOAA-Style Climate Reports

Select a Year or Month report
2022: Jan Feb Mar Apr May Jun Jul Aug Sep Oct Nov Dec
2021: Jan Feb Mar Apr May Jun Jul Aug Sep Oct Nov Dec
2020: Jan Feb Mar Apr May Jun Jul Aug Sep Oct Nov Dec
2019: Jan Feb Mar Apr May Jun Jul Aug Sep Oct Nov Dec
2018: Jan Feb Mar Apr May Jun Jul Aug Sep Oct Nov Dec
2017: Jan Feb Mar Apr May Jun Jul Aug Sep Oct Nov Dec
2016: Jan Feb Mar Apr May Jun Jul Aug Sep Oct Nov Dec
2015: Jan Feb Mar Apr May Jun Jul Aug Sep Oct Nov Dec
2014: Jan Feb Mar Apr May Jun Jul Aug Sep Oct Nov Dec
2013: Jan Feb Mar Apr May Jun Jul Aug Sep Oct Nov Dec
2012: Jan Feb Mar Apr May Jun Jul Aug Sep Oct Nov Dec
2011: Jan Feb Mar Apr May Jun Jul Aug Sep Oct Nov Dec
2010: Jan Feb Mar Apr May Jun Jul Aug Sep Oct Nov Dec
2009: Jan Feb Mar Apr May Jun Jul Aug Sep Oct Nov Dec

Report for 2013 July
                  MONTHLY CLIMATOLOGICAL SUMMARY FOR 7/2013
                                        HEAT  COOL        
     MEAN                               DEG   DEG       WIND SPEED       DOM MEAN  MEAN
DAY  TEMP  HIGH   TIME     LOW   TIME   DAYS  DAYS RAIN AVG  HI  TIME    DIR BAROM HUM
---------------------------------------------------------------------------------------
1    74.7  77.3  10:44am  72.9   5:53am    0   10  0.20   0   6  10:02am  SW 29.94   94
2    76.9  85.1   3:59pm  72.7   3:08am    0   12  0.08   1   9   1:03pm  SW 30.07   89
3    79.0  87.7   2:36pm  72.3   4:31am    0   14  0.01   1  19  11:45am  SW 30.14   84
4    82.5  91.8   2:13pm  73.8   2:17am    0   18  0.00   1  16   2:56pm  SW 30.13   78
5    84.1  94.2   3:43pm  74.2   5:50am    0   19  0.00   1  12   3:15pm  SW 30.08   73
6    84.7  94.5   3:28pm  75.5   5:15am    0   20  0.00   1  12  12:59pm WSW 30.01   73
7    83.5  95.1   2:54pm  74.9   5:44am    0   18  0.11   0  13   5:24pm  SW 29.93   78
8    81.8  91.1   3:07pm  73.0   5:04am    0   17  0.00   1  15   9:27pm WSW 29.92   73
9    76.7  83.8   4:13pm  69.7   5:39am    0   12  0.00   0   7   1:13pm  NE 29.99   84
10   77.5  86.5   1:06pm  74.2   6:04am    0   13  1.01   1  13   4:03pm  SW 29.85   90
11   76.8  84.1   2:40pm  72.3  11:58pm    0   12  0.07   0  10   6:41pm WSW 29.80   85
12   74.1  82.1   1:27pm  69.1   5:43am    0    9  0.00   3  17   5:49pm ENE 30.01   70
13   72.0  79.8   6:30pm  66.3   6:57am    0    7  0.11   0  12   8:03am  NE 30.20   87
14   81.9  93.0   3:12pm  73.5   2:07am    0   17  0.01   1  10  12:02pm WSW 30.22   80
15   84.3  93.5   3:30pm  74.2   5:30am    0   19  0.00   1  15  11:30am  NW 30.12   71
16   85.0  93.2   2:00pm  72.7   6:00am    0   20  0.00   1  13   3:00pm  NW 30.10   62
17   85.2  95.8   3:30pm  72.5   6:00am    0   20  0.00   1  11   6:00pm WSW 30.07   66
18   87.2  96.4   3:00pm  77.6   4:00am    0   22  0.00   1  12  12:30pm WSW 29.94   67
19   87.5  96.9   2:00pm  78.6   6:00am    0   23  0.00   2  18   6:00pm  SW 29.81   71
20   85.1  93.5   2:30pm  76.2  11:30pm    0   20  0.00   2  18   4:30pm WSW 29.69   69
21   79.6  89.8   4:00pm  70.9   5:30am    0   15  0.00   0   7   9:30am  NE 29.87   64
22   77.1  85.7   1:30pm  68.1   6:00am    0   12  0.00   0   7  11:30am  SW 29.88   79
23   77.4  89.6   3:27pm  73.1   5:49am    0   12  1.40   1  15   4:44pm WSW 29.60   88
24   76.2  82.8   2:12pm  67.3  11:58pm    0   11  0.00   1  13  11:27am  NW 29.68   75
25   62.3  67.3  12:00am  59.5   7:01am    3    0  0.07   2  17   2:26am ENE 29.99   78
26   67.5  78.7   4:11pm  61.2  12:00am    1    4  0.29   1  14  12:03pm  NW 29.96   88
27   73.6  84.2   1:44pm  63.4   4:08am    0    9  0.00   0  10   1:24pm WSW 29.98   77
28   73.5  81.5  12:43pm  66.3   6:22am    0    9  0.00   0   9   9:40pm  SW 29.93   81
29   77.0  88.2   2:14pm  69.4  11:17pm    0   12  0.00   1  12   5:47pm WSW 29.95   73
30   73.1  81.8   2:53pm  62.9   6:03am    0    8  0.00   2  16   2:11pm WSW 30.06   63
31   73.9  84.1   3:12pm  62.9   5:45am    0    9  0.00   1   9  10:05am WSW 30.05   65
---------------------------------------------------------------------------------------
TOT  78.4  96.9  7/19/13  59.5  7/25/13    5  421  3.36   1  19   7/3/13  SW 29.97   77

HEAT BASE: 65.0
COOL BASE: 65.0