NOAA-Style Climate Reports

Select a Year or Month report
2022: Jan Feb Mar Apr May Jun Jul Aug Sep Oct Nov Dec
2021: Jan Feb Mar Apr May Jun Jul Aug Sep Oct Nov Dec
2020: Jan Feb Mar Apr May Jun Jul Aug Sep Oct Nov Dec
2019: Jan Feb Mar Apr May Jun Jul Aug Sep Oct Nov Dec
2018: Jan Feb Mar Apr May Jun Jul Aug Sep Oct Nov Dec
2017: Jan Feb Mar Apr May Jun Jul Aug Sep Oct Nov Dec
2016: Jan Feb Mar Apr May Jun Jul Aug Sep Oct Nov Dec
2015: Jan Feb Mar Apr May Jun Jul Aug Sep Oct Nov Dec
2014: Jan Feb Mar Apr May Jun Jul Aug Sep Oct Nov Dec
2013: Jan Feb Mar Apr May Jun Jul Aug Sep Oct Nov Dec
2012: Jan Feb Mar Apr May Jun Jul Aug Sep Oct Nov Dec
2011: Jan Feb Mar Apr May Jun Jul Aug Sep Oct Nov Dec
2010: Jan Feb Mar Apr May Jun Jul Aug Sep Oct Nov Dec
2009: Jan Feb Mar Apr May Jun Jul Aug Sep Oct Nov Dec

Report for 2013 August
                  MONTHLY CLIMATOLOGICAL SUMMARY FOR 8/2013
                                        HEAT  COOL        
     MEAN                               DEG   DEG       WIND SPEED       DOM MEAN  MEAN
DAY  TEMP  HIGH   TIME     LOW   TIME   DAYS  DAYS RAIN AVG  HI  TIME    DIR BAROM HUM
---------------------------------------------------------------------------------------
1    69.1  78.7  12:07pm  63.9   6:13am    0    4  0.39   0   9  11:29am SSW 29.90   89
2    74.2  84.5   2:53pm  66.0   6:23am    0    9  0.36   1  14   3:20pm WSW 29.80   75
3    71.0  81.8   4:04pm  64.5  11:55pm    0    6  0.33   1  19   7:54am  SW 29.80   80
4    69.2  80.0   3:44pm  58.1   6:11am    1    6  0.01   2  18   3:57pm  NW 29.82   71
5    68.3  77.9   3:36pm  58.5   5:11am    1    4  0.00   2  17  10:56am WSW 29.95   60
6    68.3  81.2   2:31pm  53.9   6:29am    3    6  0.00   1   9   6:57pm  SW 30.06   68
7    69.7  79.2   2:52pm  58.3   6:22am    1    6  0.00   1  10   1:35pm  SW 30.09   76
8    74.3  81.9   3:17pm  70.1  12:00am    0    9  0.01   1  11   7:08pm  SW 30.00   87
9    74.9  77.8   5:27pm  73.4  11:55pm    0   10  1.19   1  11  12:01pm SSW 29.83   95
10   74.3  84.9   3:40pm  65.6   6:22am    0    9  0.00   2  16  10:58am WNW 29.89   72
11   70.4  82.0   3:50pm  56.0   6:10am    1    7  0.00   1  13   2:46pm WSW 30.02   62
12   73.2  84.9   3:46pm  63.1   6:22am    0    8  0.00   0   7   1:01pm WSW 29.94   70
13   71.2  76.7   5:30pm  67.3  11:57pm    0    6  0.04   0  12  10:11pm WSW 29.75   87
14   67.1  74.4   4:19pm  59.0   6:43am    1    3  0.00   2  20   4:04pm  NW 29.78   67
15   67.7  78.2   3:20pm  57.9   4:13am    2    5  0.00   1  13   1:18pm WSW 30.03   65
16   68.4  80.8   3:01pm  55.4   6:23am    2    6  0.00   0  10   1:12pm WSW 30.11   70
17   70.8  84.1   3:27pm  58.1   6:24am    1    7  0.00   1   7   2:28pm  NE 30.20   68
18   69.7  78.9  12:53pm  61.6   5:56am    1    5  0.00   0   6  12:51pm WNW 30.16   76
19   71.5  79.6   2:33pm  62.1   5:12am    0    7  0.00   1  13  12:33pm   W 30.00   75
20   75.2  86.6   2:56pm  63.9   6:22am    0   10  0.00   1  13  12:32pm WSW 30.02   71
21   76.1  89.3   3:21pm  63.9   6:22am    0   11  0.00   1  11  12:52pm WSW 30.07   71
22   74.5  82.8   2:56pm  66.9   5:38am    0   10  0.00   0  10   1:44pm  SW 29.91   84
23   74.3  82.1   3:45pm  66.5  11:54pm    0    9  0.00   1  14   9:04am  NW 29.91   67
24   68.4  79.6   3:18pm  58.3   6:33am    1    5  0.00   1  13   2:26pm ENE 30.22   61
25   69.6  85.2   3:11pm  54.4   6:27am    2    7  0.00   1  13   4:29pm WSW 30.25   66
26   70.1  75.8   2:00pm  66.5   5:06am    0    5  0.23   1  12   7:05am WSW 30.01   80
27   75.0  84.7   3:58pm  69.0   6:23am    0   10  0.88   1  12  12:16pm  NW 29.81   86
28   75.3  89.8   2:56pm  66.7   6:36am    0   10  0.00   0  11   3:26pm ENE 29.83   83
29   71.6  78.7   3:28pm  66.1  11:59pm    0    7  0.00   1  14   1:42pm ENE 29.95   84
30   73.4  85.9   3:50pm  65.7   3:09am    0    8  0.00   1  10   5:00pm WSW 29.89   80
31   75.7  79.9   4:54pm  71.8   2:04am    0   11  0.02   1  13   4:41pm  SW 29.77   89
---------------------------------------------------------------------------------------
TOT  71.7  89.8  8/28/13  53.9   8/6/13   19  227  3.46   1  20  8/14/13 WSW 29.96   75

HEAT BASE: 65.0
COOL BASE: 65.0