NOAA-Style Climate Reports

Select a Year or Month report
2022: Jan Feb Mar Apr May Jun Jul Aug Sep Oct Nov Dec
2021: Jan Feb Mar Apr May Jun Jul Aug Sep Oct Nov Dec
2020: Jan Feb Mar Apr May Jun Jul Aug Sep Oct Nov Dec
2019: Jan Feb Mar Apr May Jun Jul Aug Sep Oct Nov Dec
2018: Jan Feb Mar Apr May Jun Jul Aug Sep Oct Nov Dec
2017: Jan Feb Mar Apr May Jun Jul Aug Sep Oct Nov Dec
2016: Jan Feb Mar Apr May Jun Jul Aug Sep Oct Nov Dec
2015: Jan Feb Mar Apr May Jun Jul Aug Sep Oct Nov Dec
2014: Jan Feb Mar Apr May Jun Jul Aug Sep Oct Nov Dec
2013: Jan Feb Mar Apr May Jun Jul Aug Sep Oct Nov Dec
2012: Jan Feb Mar Apr May Jun Jul Aug Sep Oct Nov Dec
2011: Jan Feb Mar Apr May Jun Jul Aug Sep Oct Nov Dec
2010: Jan Feb Mar Apr May Jun Jul Aug Sep Oct Nov Dec
2009: Jan Feb Mar Apr May Jun Jul Aug Sep Oct Nov Dec

Report for 2013 September
                  MONTHLY CLIMATOLOGICAL SUMMARY FOR 9/2013
                                        HEAT  COOL        
     MEAN                               DEG   DEG       WIND SPEED       DOM MEAN  MEAN
DAY  TEMP  HIGH   TIME     LOW   TIME   DAYS  DAYS RAIN AVG  HI  TIME    DIR BAROM HUM
---------------------------------------------------------------------------------------
1    75.4  81.7   3:43pm  69.8   3:20am    0   10  0.44   0  12   2:29am  SW 29.79   91
2    74.2  76.7   2:10pm  68.7  12:03pm    0    9  0.70   0  16  11:11am SSW 29.72   95
3    70.8  76.7  11:54am  64.3  11:59pm    0    6  0.00   1  11   1:56pm   W 29.72   84
4    68.6  82.4   3:52pm  57.4   6:39am    2    5  0.00   1  12  12:53pm WSW 29.87   74
5    66.0  73.9  12:59pm  57.6  11:58pm    1    2  0.00   1  14  11:58am  NW 29.94   69
6    59.1  72.7   3:40pm  48.1   6:42am    7    1  0.00   1  10   1:43am WNW 30.15   65
7    64.6  79.4   3:43pm  50.8   6:58am    5    5  0.00   1  10   2:19pm  SW 29.96   66
8    67.7  77.7   2:18pm  56.3  11:55pm    1    4  0.00   2  23   1:22pm  NW 29.83   67
9    59.9  73.1   3:38pm  47.6   6:45am    7    1  0.00   0  10  12:10am WSW 30.14   67
10   70.3  80.4   4:57pm  60.9  12:15am    1    6  0.01   1  14   3:49pm  SW 30.05   87
11   80.7  97.1   3:00pm  70.9   4:40am    0   16  0.00   1  15   9:41pm  SW 29.99   80
12   76.5  86.9   1:58pm  69.0  11:19pm    0   11  0.77   1  14   1:40pm  SW 29.78   86
13   69.0  75.8   3:46pm  60.1  10:18pm    1    5  0.04   1  18   5:12pm  NW 29.62   84
14   59.0  66.8   3:48pm  53.3   6:36am    6    0  0.00   2  14   3:10pm  NW 29.90   77
15   58.8  72.1   3:52pm  47.8   5:53am    7    1  0.00   1   9   9:22am WSW 30.08   74
16   60.5  69.5   3:30pm  51.8  11:30pm    5    1  0.05   1  17  10:30pm  NW 30.04   77
17   52.4  62.9   3:30pm  43.2   7:00am   13    0  0.00   1  14   1:30am ENE 30.32   67
18   56.5  74.7   3:30pm  42.1   7:00am   10    2  0.00   0   9   3:00pm WSW 30.22   74
19   62.0  79.1   4:00pm  48.4   7:00am    6    3  0.00   0   9   3:00pm WSW 30.07   72
20   63.4  80.7   3:30pm  50.0   7:00am    5    4  0.00   0  10   3:00pm  SW 30.00   76
21   65.0  73.6   4:30pm  54.1   6:00am    4    4  0.01   1  14   3:30pm SSW 29.84   87
22   63.2  71.4   1:00am  53.2  11:30pm    3    1  0.94   2  22   2:00pm  NW 29.69   77
23   54.3  61.8   4:00pm  47.1   7:00am   11    0  0.00   2  16   1:00pm  NW 29.91   70
24   55.6  68.8   4:00pm  44.9   6:30am   10    0  0.00   1  14   3:30pm   W 29.90   67
25   58.9  71.4   4:00pm  47.2   7:00am    7    1  0.00   0   9  12:30pm WSW 29.87   75
26   59.5  65.4   4:00pm  52.4  11:30pm    5    0  0.00   1  12  11:00am ENE 29.99   76
27   57.1  64.0   2:00pm  51.0  12:30am    8    0  0.00   0  11   1:00pm ENE 30.16   82
28   58.9  72.1   5:00pm  46.9   6:30am    8    2  0.00   0   9  10:00am ENE 30.24   81
29   58.3  69.8   3:30pm  48.9   7:30am    7    1  0.00   0   7   1:00pm  NE 30.13   81
30   57.9  70.5   4:00pm  46.4   7:00am    8    1  0.00   0   7   1:30pm ENE 29.99   81
---------------------------------------------------------------------------------------
TOT  63.5  97.1  9/11/13  42.1  9/18/13  147  101  2.96   1  23   9/8/13  NW 29.96   77

HEAT BASE: 65.0
COOL BASE: 65.0