NOAA-Style Climate Reports

Select a Year or Month report
2022: Jan Feb Mar Apr May Jun Jul Aug Sep Oct Nov Dec
2021: Jan Feb Mar Apr May Jun Jul Aug Sep Oct Nov Dec
2020: Jan Feb Mar Apr May Jun Jul Aug Sep Oct Nov Dec
2019: Jan Feb Mar Apr May Jun Jul Aug Sep Oct Nov Dec
2018: Jan Feb Mar Apr May Jun Jul Aug Sep Oct Nov Dec
2017: Jan Feb Mar Apr May Jun Jul Aug Sep Oct Nov Dec
2016: Jan Feb Mar Apr May Jun Jul Aug Sep Oct Nov Dec
2015: Jan Feb Mar Apr May Jun Jul Aug Sep Oct Nov Dec
2014: Jan Feb Mar Apr May Jun Jul Aug Sep Oct Nov Dec
2013: Jan Feb Mar Apr May Jun Jul Aug Sep Oct Nov Dec
2012: Jan Feb Mar Apr May Jun Jul Aug Sep Oct Nov Dec
2011: Jan Feb Mar Apr May Jun Jul Aug Sep Oct Nov Dec
2010: Jan Feb Mar Apr May Jun Jul Aug Sep Oct Nov Dec
2009: Jan Feb Mar Apr May Jun Jul Aug Sep Oct Nov Dec

Report for 2013 November
                  MONTHLY CLIMATOLOGICAL SUMMARY FOR 11/2013
                                        HEAT  COOL        
     MEAN                               DEG   DEG       WIND SPEED       DOM MEAN  MEAN
DAY  TEMP  HIGH   TIME     LOW   TIME   DAYS  DAYS RAIN AVG  HI  TIME    DIR BAROM HUM
---------------------------------------------------------------------------------------
1    62.9  67.1   4:00pm  56.6  11:30pm    2    0  0.18   3  25  11:00am SSW 29.56   87
2    54.7  66.9   3:30pm  44.8   7:00am   10    0  0.01   1  15   7:00pm WSW 29.62   76
3    44.2  51.7  12:28am  33.8  11:57pm   20    0  0.00   3  20   9:08am  NW 30.07   59
4    35.5  43.9   2:23pm  29.8   6:33am   29    0  0.00   1  14   8:22am NNW 30.56   55
5    41.5  53.5   1:34pm  30.3   7:03am   24    0  0.00   0   9  12:49pm  SW 30.58   69
6    50.8  60.9   1:49pm  38.6   6:26am   14    0  0.00   1  14  11:12am SSW 30.27   79
7    53.6  64.2   9:42am  39.9  11:57pm   11    0  0.17   1  24   9:41am  SW 29.81   88
8    41.7  48.9  11:39am  35.7  11:55pm   23    0  0.01   2  25  11:44am WSW 29.95   69
9    40.0  47.2   2:28pm  29.7   5:55am   25    0  0.00   1  11   1:13pm WSW 30.12   67
10   48.2  59.7  11:46am  43.6   7:33pm   17    0  0.00   2  22  11:54am  SW 29.82   66
11   47.0  53.0   1:03pm  40.1   7:04am   18    0  0.00   4  25   5:16am  SW 29.99   55
12   37.2  50.6  12:06am  29.2  11:59pm   28    0  0.03   4  23   7:08am  NW 30.05   61
13   31.3  37.9   2:00pm  26.2   6:54am   34    0  0.00   2  19   1:16pm  NW 30.23   56
14   41.5  52.4   1:50pm  30.1  12:49am   23    0  0.00   2  13   1:35pm  SW 30.09   47
15   46.3  60.1   1:44pm  35.6   6:39am   19    0  0.00   1  11   2:50pm  SW 30.13   46
16   50.5  61.7   2:01pm  41.3   1:42am   15    0  0.00   1  15   5:44am  SW 30.23   62
17   49.3  58.7  10:57pm  41.2   1:43am   16    0  0.03   0   5   6:25am NNE 30.09   92
18   59.3  65.6   1:50pm  48.9  11:57pm    6    0  0.18   4  21   8:07pm  SW 29.59   65
19   41.4  48.9  12:00am  32.9  11:42pm   24    0  0.00   5  29  12:29pm  NW 29.97   54
20   33.8  41.1   2:27pm  28.4  11:53pm   31    0  0.00   3  17   4:39am NNW 30.48   52
21   36.3  47.5   2:01pm  23.5   7:08am   29    0  0.00   0   6   1:19pm SSW 30.51   66
22   47.2  51.4   3:09pm  43.4   4:21am   18    0  0.09   0  10   1:38pm WSW 30.06   90
23   41.3  50.0   1:14am  30.3  11:59pm   24    0  0.00   4  27   3:22am  NW 29.86   62
24   25.0  30.3  12:00am  21.1   7:29am   40    0  0.00   7  33   3:16pm  NW 30.03   48
25   27.9  35.7   1:15pm  19.7   4:32am   37    0  0.00   2  20  12:00am SSW 30.31   52
26   36.2  40.5   3:15pm  32.8   2:38am   28    0  0.16   1  13  12:02am  SW 30.21   59
27   45.7  62.0   8:41am  35.1  12:00am   19    0  2.00   3  21   7:59pm  NW 29.42   94
28   31.1  37.7  12:00am  25.1   9:02pm   34    0  0.00   4  29   9:56am  NW 30.08   61
29   30.1  37.2   1:32pm  25.0  11:59pm   35    0  0.00   1  14   1:33pm NNW 30.54   62
30   27.2  34.0   2:45pm  19.6   7:15am   37    0  0.00   1   7   2:04pm NNW 30.62   62
---------------------------------------------------------------------------------------
TOT  42.0  67.1  11/1/13  19.6 11/30/13  688    0  2.86   2  33 11/24/13  SW 30.09   65

HEAT BASE: 65.0
COOL BASE: 65.0