NOAA-Style Climate Reports

Select a Year or Month report
2022: Jan Feb Mar Apr May Jun Jul Aug Sep Oct Nov Dec
2021: Jan Feb Mar Apr May Jun Jul Aug Sep Oct Nov Dec
2020: Jan Feb Mar Apr May Jun Jul Aug Sep Oct Nov Dec
2019: Jan Feb Mar Apr May Jun Jul Aug Sep Oct Nov Dec
2018: Jan Feb Mar Apr May Jun Jul Aug Sep Oct Nov Dec
2017: Jan Feb Mar Apr May Jun Jul Aug Sep Oct Nov Dec
2016: Jan Feb Mar Apr May Jun Jul Aug Sep Oct Nov Dec
2015: Jan Feb Mar Apr May Jun Jul Aug Sep Oct Nov Dec
2014: Jan Feb Mar Apr May Jun Jul Aug Sep Oct Nov Dec
2013: Jan Feb Mar Apr May Jun Jul Aug Sep Oct Nov Dec
2012: Jan Feb Mar Apr May Jun Jul Aug Sep Oct Nov Dec
2011: Jan Feb Mar Apr May Jun Jul Aug Sep Oct Nov Dec
2010: Jan Feb Mar Apr May Jun Jul Aug Sep Oct Nov Dec
2009: Jan Feb Mar Apr May Jun Jul Aug Sep Oct Nov Dec

Report for 2013 December
                  MONTHLY CLIMATOLOGICAL SUMMARY FOR 12/2013
                                        HEAT  COOL        
     MEAN                               DEG   DEG       WIND SPEED       DOM MEAN  MEAN
DAY  TEMP  HIGH   TIME     LOW   TIME   DAYS  DAYS RAIN AVG  HI  TIME    DIR BAROM HUM
---------------------------------------------------------------------------------------
1    35.5  41.9   2:43pm  31.2   5:41am   29    0  0.01   0   5   5:52am  NE 30.14   79
2    38.3  42.3   2:30pm  32.8  10:26pm   27    0  0.00   0   5   1:36am  NE 29.92   90
3    37.4  45.8   2:24pm  32.0  12:37am   28    0  0.01   0   7   4:55am  NE 29.88   90
4    37.8  49.4   2:40pm  29.5   5:16am   27    0  0.00   0   5  11:52pm WNW 30.05   80
5    42.6  53.2  11:47pm  38.6   7:12am   22    0  0.03   0   6   5:37am  NE 30.03   91
6    45.7  53.6  12:43am  36.5  11:57pm   19    0  0.46   1  16   5:53am  NW 29.96   92
7    35.1  40.2   1:03pm  30.4  11:54pm   30    0  0.08   3  24  11:55am  NW 30.24   78
8    30.3  32.8   1:46pm  25.6   7:04am   35    0  0.00   1  14  12:00am  NE 30.48   68
9    31.9  35.3   8:36pm  27.7   3:04am   33    0  0.01   1  11  12:24am NNW 30.08   94
10   32.2  34.8  12:19am  25.1  11:57pm   33    0  0.00   0  12   6:16pm   W 29.88   95
11   26.1  30.5   2:53pm  21.1   6:43am   39    0  0.00   2  15   1:14pm   W 30.14   81
12   22.1  26.6   1:14pm  17.0   9:27pm   43    0  0.00   2  14   9:28am WNW 30.19   70
13   25.5  33.4   2:46pm  18.3   5:01am   40    0  0.00   3  19   9:19am  SW 30.09   64
14   18.1  24.7  12:00am  15.4   9:20pm   47    0  0.00   3  15   9:56pm NNE 30.37   81
15   27.7  34.6   2:17pm  18.1  12:00am   37    0  0.00   3  23   3:15am   N 29.61   89
16   26.0  32.3   1:28pm  15.3  11:58pm   39    0  0.00   2  18  10:49am   W 29.96   66
17   14.8  19.2  10:27pm   9.5   4:50am   50    0  0.00   2  19   5:13pm   N 30.09   86
18   26.8  35.1   1:02pm  18.5  12:12am   38    0  0.00   1  20  12:08pm WNW 29.96   79
19   35.9  45.8   2:34pm  28.5  12:06am   29    0  0.17   2  16  11:54am  SW 30.03   67
20   41.8  51.5  12:42pm  32.2   6:26am   23    0  0.30   1   9   2:17pm SSW 29.97   71
21   47.8  55.3   2:00pm  41.2   6:18am   17    0  0.00   2   9   3:21am  SW 29.88   85
22   58.1  63.8   1:13pm  48.3  12:25am    7    0  0.00   3  16   3:35pm SSW 29.82   90
23   50.3  59.7  12:00am  38.0  11:58pm   15    0  0.83   1  22  12:19pm  SW 29.95   93
24   33.8  38.0  12:00am  25.3  11:56pm   31    0  0.00   4  23   9:45pm NNW 30.11   65
25   22.2  27.1   1:34pm  17.3   7:18am   43    0  0.00   2  23   3:23am  NW 30.41   58
26   27.1  33.7   3:41pm  22.8  12:00am   38    0  0.00   1  13   3:33pm WSW 30.23   78
27   30.1  38.5   2:31pm  22.9   6:41am   35    0  0.00   1  15   2:35pm  SW 30.22   76
28   37.6  49.6   2:53pm  27.6   2:56am   27    0  0.02   1  17  12:00pm  SW 30.08   67
29   39.6  42.8  11:57am  35.1   4:51am   25    0  0.95   2  25   7:26pm NNW 29.77   83
30   32.0  39.6   9:34am  18.6  11:57pm   33    0  0.00   2  20   6:18pm  NW 29.90   76
31   22.4  28.9   1:26pm  15.1   7:26am   43    0  0.00   1  12   2:16pm  SW 30.09   71
---------------------------------------------------------------------------------------
TOT  33.3  63.8 12/22/13   9.5 12/17/13  982    0  2.88   2  23 12/15/13  SW 30.05   79

HEAT BASE: 65.0
COOL BASE: 65.0