NOAA-Style Climate Reports

Select a Year or Month report
2022: Jan Feb Mar Apr May Jun Jul Aug Sep Oct Nov Dec
2021: Jan Feb Mar Apr May Jun Jul Aug Sep Oct Nov Dec
2020: Jan Feb Mar Apr May Jun Jul Aug Sep Oct Nov Dec
2019: Jan Feb Mar Apr May Jun Jul Aug Sep Oct Nov Dec
2018: Jan Feb Mar Apr May Jun Jul Aug Sep Oct Nov Dec
2017: Jan Feb Mar Apr May Jun Jul Aug Sep Oct Nov Dec
2016: Jan Feb Mar Apr May Jun Jul Aug Sep Oct Nov Dec
2015: Jan Feb Mar Apr May Jun Jul Aug Sep Oct Nov Dec
2014: Jan Feb Mar Apr May Jun Jul Aug Sep Oct Nov Dec
2013: Jan Feb Mar Apr May Jun Jul Aug Sep Oct Nov Dec
2012: Jan Feb Mar Apr May Jun Jul Aug Sep Oct Nov Dec
2011: Jan Feb Mar Apr May Jun Jul Aug Sep Oct Nov Dec
2010: Jan Feb Mar Apr May Jun Jul Aug Sep Oct Nov Dec
2009: Jan Feb Mar Apr May Jun Jul Aug Sep Oct Nov Dec

Report for 2014 January
                  MONTHLY CLIMATOLOGICAL SUMMARY FOR 1/2014
                                        HEAT  COOL        
     MEAN                               DEG   DEG       WIND SPEED       DOM MEAN  MEAN
DAY  TEMP  HIGH   TIME     LOW   TIME   DAYS  DAYS RAIN AVG  HI  TIME    DIR BAROM HUM
---------------------------------------------------------------------------------------
1    26.0  32.2   1:37pm  18.8   4:25am   39    0  0.00   1  16  12:17pm  SW 30.29   60
2    18.7  24.7  12:00am   9.8  11:51pm   46    0  0.00   4  23   9:34pm  NE 30.03   89
3    10.0  15.0   2:47pm   2.6  11:56pm   55    0  0.00   5  22   5:17am NNW 30.01   78
4    13.8  26.8   2:54pm  -0.2   2:52am   51    0  0.00   1  14   2:58pm  SW 30.37   66
5    25.7  34.4   1:57pm  13.9   5:29am   39    0  0.02   0   7   8:06pm  SW 30.17   83
6    41.5  56.5   9:27am  30.1  11:05pm   24    0  1.05   2  27  10:37am SSW 29.48   89
7    12.8  30.5  12:01am   8.5  10:23pm   52    0  0.00   5  26   5:32am  SW 29.96   55
8    15.2  23.5   3:00pm   7.9   6:57am   50    0  0.00   1  14  12:00am  SW 30.39   57
9    23.1  32.5   1:33pm  16.6   6:14am   42    0  0.00   1  13  11:35am WSW 30.54   62
10   28.3  35.2  10:37pm  17.9  12:47am   37    0  0.02   0   3   6:26pm   W 30.40   90
11   47.1  57.9   4:12pm  34.8  12:35am   18    0  0.66   3  20  10:54pm SSW 29.70   97
12   43.5  53.2  12:17am  33.5  11:54pm   22    0  0.01   4  26   1:13pm WNW 29.64   71
13   40.0  48.3   2:01pm  30.5   4:54am   25    0  0.00   1  15   1:53pm SSW 30.00   77
14   45.4  46.7   2:40am  40.1  11:58pm   20    0  0.59   2  18   9:30pm SSW 29.73   94
15   39.0  50.2   1:30pm  31.6   7:16am   26    0  0.01   0   9   1:47pm NNW 29.89   88
16   38.0  40.9   3:22pm  35.6   7:22am   27    0  0.00   0   6   1:26pm   N 29.84   90
17   36.2  44.2   1:36pm  28.6   7:16am   29    0  0.00   1  14   1:46pm SSW 29.90   80
18   34.2  37.0   5:17pm  30.9  11:48pm   31    0  0.03   1  19   6:46pm   N 29.70   90
19   31.8  35.6  12:59pm  27.4   8:13am   33    0  0.00   3  21   1:47pm  SW 29.64   72
20   37.2  45.5   1:24pm  26.5  11:51pm   28    0  0.00   4  24   2:29pm  SW 29.60   63
21   17.8  26.5  12:00am  10.9  11:55pm   47    0  0.00   4  19  10:30pm   N 29.93   69
22   11.6  18.8   2:25pm   7.1   9:06am   53    0  0.00   4  22   2:32am  NW 29.78   59
23   12.0  21.8   1:34pm   5.0   4:11am   53    0  0.00   1  19   3:30pm  NW 30.05   60
24   13.3  19.8   2:24pm   6.4   7:03am   52    0  0.00   2  20   9:23am  SW 30.19   60
25   24.9  32.6   1:30pm  16.1  12:00am   40    0  0.00   4  19   9:16am  SW 29.61   68
26   19.8  23.1  12:00am  15.3   7:35am   45    0  0.00   3  22   2:49am  SW 29.70   62
27   28.3  42.3  12:57pm  20.6  11:58pm   36    0  0.04   3  23   4:40pm  NW 29.72   65
28   17.4  20.6  12:00am  13.2   7:44am   48    0  0.00   2  16   2:35am  NW 30.20   43
29   19.9  27.4   2:53pm  15.0   5:08am   45    0  0.01   1  16   3:46pm  SW 30.09   51
30   20.5  30.6   2:52pm  10.8   7:16am   45    0  0.00   1  10   3:22pm SSW 30.30   56
31   33.4  42.6   2:39pm  20.8  12:00am   32    0  0.00   2  15   4:18am  SW 30.08   54
---------------------------------------------------------------------------------------
TOT  26.7  57.9  1/11/14  -0.2   1/4/14 1188    0  2.44   2  27   1/6/14  SW 29.96   71

HEAT BASE: 65.0
COOL BASE: 65.0