NOAA-Style Climate Reports

Select a Year or Month report
2022: Jan Feb Mar Apr May Jun Jul Aug Sep Oct Nov Dec
2021: Jan Feb Mar Apr May Jun Jul Aug Sep Oct Nov Dec
2020: Jan Feb Mar Apr May Jun Jul Aug Sep Oct Nov Dec
2019: Jan Feb Mar Apr May Jun Jul Aug Sep Oct Nov Dec
2018: Jan Feb Mar Apr May Jun Jul Aug Sep Oct Nov Dec
2017: Jan Feb Mar Apr May Jun Jul Aug Sep Oct Nov Dec
2016: Jan Feb Mar Apr May Jun Jul Aug Sep Oct Nov Dec
2015: Jan Feb Mar Apr May Jun Jul Aug Sep Oct Nov Dec
2014: Jan Feb Mar Apr May Jun Jul Aug Sep Oct Nov Dec
2013: Jan Feb Mar Apr May Jun Jul Aug Sep Oct Nov Dec
2012: Jan Feb Mar Apr May Jun Jul Aug Sep Oct Nov Dec
2011: Jan Feb Mar Apr May Jun Jul Aug Sep Oct Nov Dec
2010: Jan Feb Mar Apr May Jun Jul Aug Sep Oct Nov Dec
2009: Jan Feb Mar Apr May Jun Jul Aug Sep Oct Nov Dec

Report for 2014 February
                  MONTHLY CLIMATOLOGICAL SUMMARY FOR 2/2014
                                        HEAT  COOL        
     MEAN                               DEG   DEG       WIND SPEED       DOM MEAN  MEAN
DAY  TEMP  HIGH   TIME     LOW   TIME   DAYS  DAYS RAIN AVG  HI  TIME    DIR BAROM HUM
---------------------------------------------------------------------------------------
1    38.2  45.9  12:08pm  31.5   7:37am   27    0  0.00   1  11   1:17pm SSW 30.18   60
2    42.1  52.7  12:38pm  35.4   7:07am   23    0  0.00   1  11   6:20pm SSW 29.91   79
3    33.4  38.3  12:00am  27.0  11:59pm   32    0  0.01   1  12   2:36am NNW 30.12   86
4    27.7  34.8   3:02pm  19.7   7:17am   37    0  0.03   0   5   2:23pm SSW 30.34   84
5    28.6  30.7   1:10pm  27.6   7:47pm   36    0  0.00   2  14   5:51pm NNE 29.88   93
6    24.6  29.8   3:56pm  18.5  11:57pm   40    0  0.00   1  13   5:16am NNW 30.15   72
7    22.9  33.5   2:55pm  11.2   7:14am   42    0  0.00   1  14  11:59am  SW 30.19   66
8    22.4  30.3   2:58pm  10.9   7:26am   43    0  0.00   0  10  10:41am WNW 30.19   61
9    25.2  30.8   2:49pm  19.4   7:24am   40    0  0.00   1  12   8:46am  SW 30.04   63
10   23.0  29.1   2:50pm  17.3  11:58pm   42    0  0.00   2  25  11:55am  NW 30.04   66
11   18.2  25.5   2:10pm  10.5   6:25am   47    0  0.00   3  18  10:38am  NW 30.29   62
12   17.3  25.6   3:39pm   6.8   7:08am   48    0  0.00   1  14  12:33am   N 30.45   62
13   26.2  33.4  11:58pm  20.2   4:11am   39    0  0.00   5  25   2:23pm   N 29.75   90
14   33.3  39.4   3:43pm  28.8  11:43pm   32    0  0.04   2  26   3:59pm   W 29.25   85
15   29.9  33.7  12:17pm  25.6   6:00am   35    0  0.00   3  23  11:56pm   N 29.67   88
16   26.4  32.5   2:45pm  21.1  11:58pm   39    0  0.00   4  30  12:50am  NW 29.80   64
17   21.9  32.5   2:54pm  13.0   6:59am   43    0  0.00   3  22  12:32am  NW 30.23   47
18   20.5  27.2   4:33pm  14.7  12:07am   45    0  0.00   1  11   9:48am NNE 30.09   82
19   26.2  33.7   8:45pm  15.3   7:07am   39    0  0.00   0   7   1:11pm NNE 29.87   93
20   39.2  47.8   1:52pm  31.7   7:06am   26    0  0.47   1  16   1:44am  SW 30.10   75
21   36.6  38.5   5:37pm  34.7  11:58pm   28    0  0.35   1  14   5:26pm  NE 29.86   97
22   41.6  51.7   3:53pm  32.5   6:46am   23    0  0.04   3  19   3:42pm  SW 29.90   68
23   42.9  51.3   3:10pm  34.2   6:58am   22    0  0.00   1   9   6:07pm   S 29.87   63
24   33.1  44.0  12:40am  23.8  11:51pm   32    0  0.00   3  30   3:26pm  NW 29.82   51
25   24.4  31.5  12:51pm  18.1   6:01am   41    0  0.00   2  18   2:39pm  SW 29.93   59
26   21.3  31.5   1:49pm  13.0  11:58pm   44    0  0.00   2  26   3:34pm  SW 29.83   58
27   19.7  31.8   1:42pm   9.5   2:33am   45    0  0.00   3  29   2:03pm  SW 29.72   57
28   16.1  24.4   2:14pm   8.8   6:22am   49    0  0.00   2  19  12:00am WNW 30.25   46
---------------------------------------------------------------------------------------
TOT  28.0  52.7   2/2/14   6.8  2/12/14 1037    0  0.94   2  30  2/16/14  NW 29.99   71

HEAT BASE: 65.0
COOL BASE: 65.0