NOAA-Style Climate Reports

Select a Year or Month report
2022: Jan Feb Mar Apr May Jun Jul Aug Sep Oct Nov Dec
2021: Jan Feb Mar Apr May Jun Jul Aug Sep Oct Nov Dec
2020: Jan Feb Mar Apr May Jun Jul Aug Sep Oct Nov Dec
2019: Jan Feb Mar Apr May Jun Jul Aug Sep Oct Nov Dec
2018: Jan Feb Mar Apr May Jun Jul Aug Sep Oct Nov Dec
2017: Jan Feb Mar Apr May Jun Jul Aug Sep Oct Nov Dec
2016: Jan Feb Mar Apr May Jun Jul Aug Sep Oct Nov Dec
2015: Jan Feb Mar Apr May Jun Jul Aug Sep Oct Nov Dec
2014: Jan Feb Mar Apr May Jun Jul Aug Sep Oct Nov Dec
2013: Jan Feb Mar Apr May Jun Jul Aug Sep Oct Nov Dec
2012: Jan Feb Mar Apr May Jun Jul Aug Sep Oct Nov Dec
2011: Jan Feb Mar Apr May Jun Jul Aug Sep Oct Nov Dec
2010: Jan Feb Mar Apr May Jun Jul Aug Sep Oct Nov Dec
2009: Jan Feb Mar Apr May Jun Jul Aug Sep Oct Nov Dec

Report for 2014 March
                  MONTHLY CLIMATOLOGICAL SUMMARY FOR 3/2014
                                        HEAT  COOL        
     MEAN                               DEG   DEG       WIND SPEED       DOM MEAN  MEAN
DAY  TEMP  HIGH   TIME     LOW   TIME   DAYS  DAYS RAIN AVG  HI  TIME    DIR BAROM HUM
---------------------------------------------------------------------------------------
1    23.3  35.4   4:37pm   8.0   5:48am   42    0  0.00   2  13  12:56pm  SW 30.27   60
2    33.8  39.5   1:36pm  27.5  11:59pm   31    0  0.00   1  18   9:04pm  SW 30.00   62
3    20.3  27.5  12:00am  14.1  11:56pm   45    0  0.00   3  24   5:41am  NW 30.12   50
4    20.8  31.1   4:17pm   9.0   4:11am   44    0  0.00   1  10   7:09am  SW 30.28   52
5    28.0  32.4   3:16pm  21.5  11:56pm   37    0  0.00   2  17   8:07pm   N 30.26   57
6    20.7  29.1   4:48pm  12.3   6:29am   44    0  0.00   2  16   9:11am NNE 30.53   47
7    25.9  36.6   3:29pm  12.2   5:00am   39    0  0.00   1  10  12:55pm NNW 30.22   65
8    41.0  53.5   1:35pm  29.3   6:28am   24    0  0.00   1  20   2:36pm  NW 29.79   59
9    36.2  40.3   4:36pm  31.5  10:21pm   28    0  0.00   3  25   1:41pm  NW 29.89   54
10   38.6  46.9   4:43pm  31.4  12:47am   26    0  0.00   1  10  12:38pm  SW 29.73   61
11   47.0  59.9   3:28pm  33.4   4:41am   18    0  0.00   2  23   1:47pm WSW 29.56   61
12   42.9  49.4  12:36pm  36.3  11:59pm   22    0  0.30   2  17  11:51pm   N 29.36   74
13   21.6  36.2  12:00am  16.9   9:49am   43    0  0.00   7  33   6:51am  NW 29.49   65
14   29.1  40.4   4:16pm  17.6  12:00am   36    0  0.00   3  17   8:26pm  SW 30.04   57
15   44.3  55.7   2:28pm  37.3  12:02am   21    0  0.01   4  29   5:29pm  SW 29.76   68
16   30.9  38.9  12:00am  25.1  11:58pm   34    0  0.00   4  22   8:46am  NW 30.08   47
17   25.4  32.3   5:21pm  20.1   7:57am   40    0  0.00   3  17   4:15am  NE 30.07   41
18   30.5  42.7   4:02pm  20.4   7:22am   34    0  0.00   1  13   7:38am   N 30.22   46
19   35.6  47.6   2:41pm  25.0   6:34am   29    0  0.37   1  12   2:41pm   S 30.17   66
20   42.3  53.1   3:21pm  34.8  12:21am   23    0  0.43   2  23   4:09pm WSW 29.70   75
21   39.5  46.8   3:50pm  31.5  11:53pm   26    0  0.00   3  21   9:44am  NW 29.88   55
22   41.7  59.6   3:55pm  28.2   2:49am   23    0  0.00   3  31   2:46pm   W 29.85   63
23   34.3  39.5  10:04am  25.3  11:57pm   31    0  0.00   3  22   3:27pm  NW 29.96   57
24   26.5  35.2   3:58pm  18.6   6:55am   39    0  0.00   4  23  12:10am  NW 30.10   42
25   29.6  38.3   3:15pm  18.1   6:35am   35    0  0.00   1  13  11:53am  SW 30.02   55
26
27   36.5  46.7   3:40pm  22.3   6:40am   20    0  0.00   3  18  12:59am  NW 30.26   41
28   43.7  52.8  12:56pm  35.8   3:42am   21    0  0.13   2  14   9:37am SSW 30.04   82
29   46.3  51.9   2:01pm  39.3   7:04am   18    0  1.24   2  17   6:21pm  NE 30.06   92
30   41.9  43.7   2:13pm  40.3  11:56pm   23    0  0.87   7  27   3:29pm NNE 29.60   95
31   38.3  42.0   3:56pm  33.8   8:46am   26    0  0.83   5  24   3:04pm NNW 29.82   87
---------------------------------------------------------------------------------------
TOT  33.8  59.9  3/11/14   8.0   3/1/14  922    0  4.18   3  34  3/26/14  NW 29.96   61

HEAT BASE: 65.0
COOL BASE: 65.0