NOAA-Style Climate Reports

Select a Year or Month report
2022: Jan Feb Mar Apr May Jun Jul Aug Sep Oct Nov Dec
2021: Jan Feb Mar Apr May Jun Jul Aug Sep Oct Nov Dec
2020: Jan Feb Mar Apr May Jun Jul Aug Sep Oct Nov Dec
2019: Jan Feb Mar Apr May Jun Jul Aug Sep Oct Nov Dec
2018: Jan Feb Mar Apr May Jun Jul Aug Sep Oct Nov Dec
2017: Jan Feb Mar Apr May Jun Jul Aug Sep Oct Nov Dec
2016: Jan Feb Mar Apr May Jun Jul Aug Sep Oct Nov Dec
2015: Jan Feb Mar Apr May Jun Jul Aug Sep Oct Nov Dec
2014: Jan Feb Mar Apr May Jun Jul Aug Sep Oct Nov Dec
2013: Jan Feb Mar Apr May Jun Jul Aug Sep Oct Nov Dec
2012: Jan Feb Mar Apr May Jun Jul Aug Sep Oct Nov Dec
2011: Jan Feb Mar Apr May Jun Jul Aug Sep Oct Nov Dec
2010: Jan Feb Mar Apr May Jun Jul Aug Sep Oct Nov Dec
2009: Jan Feb Mar Apr May Jun Jul Aug Sep Oct Nov Dec

Report for 2014 April
                  MONTHLY CLIMATOLOGICAL SUMMARY FOR 4/2014
                                        HEAT  COOL        
     MEAN                               DEG   DEG       WIND SPEED       DOM MEAN  MEAN
DAY  TEMP  HIGH   TIME     LOW   TIME   DAYS  DAYS RAIN AVG  HI  TIME    DIR BAROM HUM
---------------------------------------------------------------------------------------
1    44.8  58.2   3:39pm  32.8   6:55am   20    0  0.07   2  20   1:01am NNW 30.01   66
2    45.6  59.9   4:00pm  33.0   6:24am   19    0  0.00   1  10  11:29am  SW 30.04   76
3    49.5  61.4   2:54pm  39.8   1:21am   15    0  0.00   3  16   3:17pm  NW 30.04   48
4    44.4  51.5  12:01pm  37.9  11:45pm   20    0  0.08   1  13  10:38am   S 29.98   62
5    43.8  55.2   2:50pm  37.5   1:34am   21    0  0.07   3  24   3:45pm  NW 29.77   73
6    45.9  60.7   3:49pm  33.6   5:37am   19    0  0.00   2  18   4:22pm WNW 30.07   47
7    46.8  56.3   2:03pm  35.5   6:50am   18    0  0.08   1  13   2:05pm   S 30.07   59
8    53.9  66.2   3:39pm  46.2  12:00am   11    0  0.70   3  32   5:40pm  SW 29.44   80
9    49.5  59.5   2:41pm  41.1   6:42am   15    0  0.00   5  31   6:27pm  NW 29.67   52
10   47.5  58.7   2:28pm  33.0   5:42am   17    0  0.00   4  18   3:11pm SSW 30.04   48
11   56.4  69.6   4:05pm  49.6  12:00am    9    0  0.10   2  16   4:48pm SSW 29.93   68
12   58.0  72.4   3:30pm  44.5   6:31am    8    1  0.02   2  16   2:01pm   W 30.08   59
13   59.8  73.4   3:48pm  47.9   4:53am    7    2  0.00   3  17  12:52pm SSW 30.06   65
14   64.1  71.9   3:47pm  57.2   6:04am    3    2  0.00   6  26   4:51pm SSW 29.90   75
15   56.7  62.1  11:53am  34.8  11:59pm    8    0  0.68   6  29   4:14pm   S 29.67   94
16   37.8  46.2   3:32pm  31.5   7:13am   27    0  0.01   5  28  10:10am  NW 30.22   59
17   40.8  52.7   3:48pm  30.3   6:24am   24    0  0.00   2  16  12:36pm   E 30.64   55
18   41.2  50.0   5:00pm  30.8   6:14am   23    0  0.00   2  11  10:14am  NE 30.41   67
19   52.3  65.9   3:10pm  38.0   6:25am   12    0  0.00   3  25   3:32pm  NW 30.20   55
20   50.3  62.5   3:59pm  39.5   6:24am   14    0  0.00   1  12   9:21am SSW 30.38   44
21   52.4  69.2   3:53pm  34.5   6:24am   13    0  0.00   1  12   4:30pm SSW 30.05   53
22   56.8  69.1   2:22pm  45.7   5:45am    9    0  0.01   2  15   3:09pm SSW 29.60   71
23   50.4  55.6   4:16pm  46.0  12:08pm   14    0  0.03   4  29   7:54pm  NW 29.51   75
24   50.4  59.5   3:57pm  41.0   6:01am   14    0  0.00   7  33   3:00pm  NW 29.77   37
25   53.5  66.8   3:08pm  41.8   6:26am   11    0  0.00   2  12   5:34pm SSW 29.89   37
26   47.6  54.9   5:38pm  43.1   8:13am   17    0  0.96   1  20   9:41pm NNW 29.74   88
27   49.3  55.8   4:14pm  40.9   6:09am   15    0  0.00   3  21   4:22pm  NW 29.90   72
28   53.9  66.3   3:52pm  40.9   6:24am   11    0  0.00   2  18   8:42am  NW 30.02   56
29   46.9  49.9  12:00am  42.5  11:41pm   18    0  0.02   4  19   5:31am   E 30.32   73
30   43.4  45.5  11:31pm  40.6   6:29am   21    0  1.63   2  13   7:19am ENE 30.31   93
---------------------------------------------------------------------------------------
TOT  49.8  73.4  4/13/14  30.3  4/17/14  453    6  4.46   3  33  4/24/14 SSW 29.99   64

HEAT BASE: 65.0
COOL BASE: 65.0