NOAA-Style Climate Reports

Select a Year or Month report
2022: Jan Feb Mar Apr May Jun Jul Aug Sep Oct Nov Dec
2021: Jan Feb Mar Apr May Jun Jul Aug Sep Oct Nov Dec
2020: Jan Feb Mar Apr May Jun Jul Aug Sep Oct Nov Dec
2019: Jan Feb Mar Apr May Jun Jul Aug Sep Oct Nov Dec
2018: Jan Feb Mar Apr May Jun Jul Aug Sep Oct Nov Dec
2017: Jan Feb Mar Apr May Jun Jul Aug Sep Oct Nov Dec
2016: Jan Feb Mar Apr May Jun Jul Aug Sep Oct Nov Dec
2015: Jan Feb Mar Apr May Jun Jul Aug Sep Oct Nov Dec
2014: Jan Feb Mar Apr May Jun Jul Aug Sep Oct Nov Dec
2013: Jan Feb Mar Apr May Jun Jul Aug Sep Oct Nov Dec
2012: Jan Feb Mar Apr May Jun Jul Aug Sep Oct Nov Dec
2011: Jan Feb Mar Apr May Jun Jul Aug Sep Oct Nov Dec
2010: Jan Feb Mar Apr May Jun Jul Aug Sep Oct Nov Dec
2009: Jan Feb Mar Apr May Jun Jul Aug Sep Oct Nov Dec

Report for 2014 May
                  MONTHLY CLIMATOLOGICAL SUMMARY FOR 5/2014
                                        HEAT  COOL        
     MEAN                               DEG   DEG       WIND SPEED       DOM MEAN  MEAN
DAY  TEMP  HIGH   TIME     LOW   TIME   DAYS  DAYS RAIN AVG  HI  TIME    DIR BAROM HUM
---------------------------------------------------------------------------------------
1    54.1  69.8   5:26pm  45.1   3:41am   11    0  0.94   1  11  10:39pm NNW 29.76   93
2    59.8  69.9   3:50pm  48.8   4:25am    6    1  0.01   2  19   1:30pm  SW 29.69   56
3    58.5  69.0   1:03pm  44.4   6:24am    7    1  0.00   2  22   7:09pm  SW 29.75   62
4    57.2  65.9   3:39pm  50.9   5:36am    8    0  0.00   5  29   9:02pm  SW 29.61   57
5    57.4  66.4   3:55pm  49.5   5:41am    8    0  0.00   3  22  12:00am  NW 29.76   57
6    57.2  65.2  12:10pm  47.7   5:18am    8    0  0.00   2  23   2:20pm  NW 29.87   49
7    58.6  71.2   3:50pm  43.2   6:24am    7    1  0.00   1  13  10:22am  NW 30.11   42
8    54.2  58.5   4:37pm  49.4   5:09am   11    0  0.10   0   7   8:42am  SW 30.11   84
9    57.8  60.2   3:03pm  55.4   3:01am    7    0  0.18   0   6   2:22am   S 30.10   95
10   66.2  83.6   3:04pm  59.2  12:24am    2    3  0.68   1  21   4:14pm  SW 29.82   88
11   69.3  81.3   3:44pm  57.4   6:24am    2    6  0.00   2  25   1:43pm   W 29.91   48
12   70.7  87.3   2:54pm  51.8   5:40am    3    8  0.00   1  15   2:02pm SSW 30.01   53
13   63.8  71.1   5:32pm  54.1  11:58pm    3    1  0.00   2  20   3:11am ENE 30.15   58
14   60.0  69.9   4:45pm  49.6   4:05am    6    1  0.00   1  10   4:37pm  SW 30.23   70
15   66.7  75.4   4:20pm  60.0   3:08am    1    3  0.15   1  12   4:03pm SSW 30.16   86
16   64.8  66.5   5:01pm  62.6   5:48am    1    0  0.18   1  12  11:41pm   S 29.96   96
17   63.5  72.9   3:28pm  50.4   7:15am    3    2  1.65   1  15   2:06am  SW 29.91   68
18   60.2  70.9   4:03pm  48.0   4:04am    6    1  0.00   2  18   2:36pm  NW 30.06   50
19   60.4  69.1  12:59pm  49.4   5:37am    5    1  0.00   4  27   1:55pm  NW 30.04   44
20   66.5  76.7   3:20pm  54.8   1:40am    3    4  0.00   3  21  11:30am  NW 29.96   43
21   65.7  78.6   3:58pm  50.1   6:11am    4    4  0.00   1  10   3:10pm SSW 29.90   55
22   58.3  60.0  12:00am  56.3  11:27pm    7    0  0.50   0   6  12:12pm  SW 29.82   91
23   60.4  68.0   2:19pm  56.0   2:31am    5    0  0.52   0   7   6:23pm  SW 29.84   90
24   60.2  68.2   5:11pm  53.2   3:44am    5    0  0.02   1  10   9:43am  NE 29.96   83
25   66.3  78.7   3:00pm  53.6   6:08am    3    4  0.00   1   7  10:41am WSW 29.99   70
26   70.7  86.5   4:03pm  56.4   3:43am    2    8  0.01   1  16   3:31pm WSW 29.89   66
27   74.4  87.8   2:30pm  55.6  11:59pm    1   10  0.01   1  21   7:02pm WSW 29.77   63
28   53.1  56.3   2:16pm  50.8  11:46pm   12    0  0.00   3  18   1:46pm ENE 29.97   85
29   58.2  70.9   3:19pm  43.6   5:32am    8    1  0.00   1  12  12:24am  SW 30.14   67
30   61.9  75.5   4:00pm  50.1   2:22am    6    3  0.02   0  10  11:42am WSW 30.01   73
31   61.3  69.4   2:32pm  50.6   5:11am    4    1  0.00   1  14   9:37am ENE 30.12   72
---------------------------------------------------------------------------------------
TOT  61.9  87.8  5/27/14  43.2   5/7/14  161   65  4.97   2  29   5/4/14  SW 29.95   68

HEAT BASE: 65.0
COOL BASE: 65.0