NOAA-Style Climate Reports

Select a Year or Month report
2022: Jan Feb Mar Apr May Jun Jul Aug Sep Oct Nov Dec
2021: Jan Feb Mar Apr May Jun Jul Aug Sep Oct Nov Dec
2020: Jan Feb Mar Apr May Jun Jul Aug Sep Oct Nov Dec
2019: Jan Feb Mar Apr May Jun Jul Aug Sep Oct Nov Dec
2018: Jan Feb Mar Apr May Jun Jul Aug Sep Oct Nov Dec
2017: Jan Feb Mar Apr May Jun Jul Aug Sep Oct Nov Dec
2016: Jan Feb Mar Apr May Jun Jul Aug Sep Oct Nov Dec
2015: Jan Feb Mar Apr May Jun Jul Aug Sep Oct Nov Dec
2014: Jan Feb Mar Apr May Jun Jul Aug Sep Oct Nov Dec
2013: Jan Feb Mar Apr May Jun Jul Aug Sep Oct Nov Dec
2012: Jan Feb Mar Apr May Jun Jul Aug Sep Oct Nov Dec
2011: Jan Feb Mar Apr May Jun Jul Aug Sep Oct Nov Dec
2010: Jan Feb Mar Apr May Jun Jul Aug Sep Oct Nov Dec
2009: Jan Feb Mar Apr May Jun Jul Aug Sep Oct Nov Dec

Report for 2014 June
                  MONTHLY CLIMATOLOGICAL SUMMARY FOR 6/2014
                                        HEAT  COOL        
     MEAN                               DEG   DEG       WIND SPEED       DOM MEAN  MEAN
DAY  TEMP  HIGH   TIME     LOW   TIME   DAYS  DAYS RAIN AVG  HI  TIME    DIR BAROM HUM
---------------------------------------------------------------------------------------
1    65.5  79.3   3:53pm  46.7   5:36am    4    5  0.00   1   9   5:44pm WSW 30.24   54
2    69.7  83.8   3:15pm  53.8   4:59am    3    7  0.00   1  12  10:01am SSW 30.08   55
3    72.0  88.1   3:07pm  57.5   5:46am    1    8  0.03   0  12   6:18pm  SW 29.88   69
4    69.8  78.5   2:13pm  62.8   6:26am    0    5  0.00   0   7   5:33pm  NE 29.76   77
5    64.3  69.2   6:21pm  61.7   1:01pm    1    1  0.26   1  13   3:16pm  NW 29.66   88
6    67.1  74.7   2:06pm  58.4   4:07am    2    4  0.00   2  17   9:20am  NW 29.77   65
7    72.2  84.1   2:46pm  56.0   5:40am    2    9  0.00   1  11  10:32am   W 29.88   60
8    74.9  88.1   3:57pm  58.9   6:09am    1   10  0.00   1  11   3:03pm  SW 29.87   59
9    64.9  70.6   1:11pm  62.1  10:28pm    1    1  0.11   0   6   1:19pm  SW 29.92   87
10   69.6  80.4   3:13pm  62.1  12:00am    1    5  0.00   0  15   9:50pm WSW 29.92   87
11   64.6  69.4   1:12pm  60.4   5:58am    1    1  0.04   2  15   3:57am ENE 30.07   80
12   63.7  68.2   5:00pm  59.4   2:57am    2    1  0.04   0   7  11:50pm  NE 30.03   89
13   66.6  69.4   4:15pm  64.5   3:32am    0    2  0.46   0   9   3:42pm  NE 29.81   96
14   67.4  77.0   2:49pm  59.0  11:55pm    1    3  0.00   2  19   6:03pm  NW 29.82   77
15   68.3  79.6   3:39pm  56.2   5:46am    2    5  0.00   3  16   1:46pm WNW 29.98   66
16   71.5  84.3   3:55pm  57.4   5:54am    1    8  0.00   1   9  12:21pm  SW 30.05   62
17   76.0  88.1   3:21pm  62.7   5:07am    0   11  0.00   1   9   9:11pm  SW 29.94   73
18   77.6  84.5   3:53pm  69.7  11:59pm    0   12  0.00   2  22  11:00am   W 29.82   69
19   73.2  82.8   2:42pm  66.2  11:59pm    0    8  0.11   1  13   1:47pm NNW 29.91   71
20   70.1  78.3   1:51pm  57.9   5:17am    1    6  0.00   1  15  12:20pm  NW 29.90   54
21   68.8  79.5   3:30pm  53.5   5:54am    2    6  0.00   1  11   2:50pm  NW 29.89   53
22   70.6  81.6   2:50pm  58.0   6:04am    1    7  0.00   1   9  12:22pm   W 29.92   58
23   71.5  84.8   1:15pm  57.3   5:53am    1    8  0.00   0   9   2:47pm  SW 30.05   66
24   72.1  82.4   3:41pm  61.1   5:40am    1    8  0.00   1  13  11:52am SSW 30.05   68
25   75.4  85.9   1:40pm  64.0   4:28am    0   10  0.01   1  13   6:41pm SSW 29.89   78
26   77.1  85.5   3:44pm  70.4  11:59pm    0   12  0.32   1  15   3:54pm  NW 29.80   80
27   74.0  84.9   3:05pm  62.7   6:10am    0    9  0.00   1  14  12:11pm ENE 30.05   67
28   74.5  88.4   3:03pm  59.6   5:30am    1   10  0.00   1  12   1:35pm  SW 30.19   65
29   74.3  87.9   2:07pm  60.9   5:48am    0   10  0.00   1  11   5:23pm  SW 30.14   68
30   76.2  87.0  12:46pm  62.1   5:38am    0   11  0.00   2  13  11:03am  SW 29.97   66
---------------------------------------------------------------------------------------
TOT  70.8  88.4  6/28/14  46.7   6/1/14   31  201  1.38   1  22  6/18/14  SW 29.94   70

HEAT BASE: 65.0
COOL BASE: 65.0