NOAA-Style Climate Reports

Select a Year or Month report
2022: Jan Feb Mar Apr May Jun Jul Aug Sep Oct Nov Dec
2021: Jan Feb Mar Apr May Jun Jul Aug Sep Oct Nov Dec
2020: Jan Feb Mar Apr May Jun Jul Aug Sep Oct Nov Dec
2019: Jan Feb Mar Apr May Jun Jul Aug Sep Oct Nov Dec
2018: Jan Feb Mar Apr May Jun Jul Aug Sep Oct Nov Dec
2017: Jan Feb Mar Apr May Jun Jul Aug Sep Oct Nov Dec
2016: Jan Feb Mar Apr May Jun Jul Aug Sep Oct Nov Dec
2015: Jan Feb Mar Apr May Jun Jul Aug Sep Oct Nov Dec
2014: Jan Feb Mar Apr May Jun Jul Aug Sep Oct Nov Dec
2013: Jan Feb Mar Apr May Jun Jul Aug Sep Oct Nov Dec
2012: Jan Feb Mar Apr May Jun Jul Aug Sep Oct Nov Dec
2011: Jan Feb Mar Apr May Jun Jul Aug Sep Oct Nov Dec
2010: Jan Feb Mar Apr May Jun Jul Aug Sep Oct Nov Dec
2009: Jan Feb Mar Apr May Jun Jul Aug Sep Oct Nov Dec

Report for 2014 July
                  MONTHLY CLIMATOLOGICAL SUMMARY FOR 7/2014
                                        HEAT  COOL        
     MEAN                               DEG   DEG       WIND SPEED       DOM MEAN  MEAN
DAY  TEMP  HIGH   TIME     LOW   TIME   DAYS  DAYS RAIN AVG  HI  TIME    DIR BAROM HUM
---------------------------------------------------------------------------------------
1    79.5  89.9   2:44pm  68.2   5:23am    0   14  0.00   1  15   7:20pm  SW 29.83   73
2    79.2  91.5   1:28pm  71.2  11:20pm    0   14  0.22   1  18   5:08pm SSW 29.83   79
3    78.3  90.4   3:51pm  69.4  11:56pm    0   13  0.90   1  17   8:42pm SSW 29.89   85
4    67.9  73.7  11:29am  62.2  11:14pm    0    3  0.27   1  16   9:19pm  NW 29.89   95
5    71.3  81.2   4:08pm  61.2   6:03am    1    7  0.00   4  27   1:39am   W 29.97   58
6    74.6  86.3   3:55pm  61.2   6:25am    1   10  0.00   2  18   5:23pm WSW 29.94   59
7    78.3  89.2   4:02pm  69.7   5:20am    0   13  0.02   2  13  12:29pm  SW 29.75   71
8    78.9  91.1   2:17pm  68.3   5:34am    0   14  0.09   2  18  12:06am  SW 29.70   78
9    79.6  89.0   3:37pm  70.8   5:42am    0   14  0.00   3  18  12:50am  SW 29.78   69
10   75.5  84.6   4:10pm  66.3   5:50am    0   10  0.00   1  10   8:42am  NW 30.02   62
11   75.7  86.7   3:38pm  64.7   6:48am    0   10  0.00   1  11   8:23am  NW 30.13   57
12   77.1  89.6   3:27pm  63.8   5:54am    0   12  0.00   1  13   7:52pm  SW 30.13   65
13   75.7  83.1   3:24pm  68.9   3:42am    0   10  0.10   2  15   2:26pm SSW 29.96   79
14   75.0  80.0  10:22am  71.0   5:18am    0   10  0.86   0   7   3:15am WSW 29.84   92
15   76.0  82.1  12:59pm  72.3  11:57pm    0   11  0.38   1   9  12:07pm  SW 29.74   94
16   73.1  79.1   5:36pm  66.1   9:06am    0    8  0.01   1  14   8:18am   W 29.75   84
17   72.8  83.0   3:51pm  62.9   5:59am    0    8  0.00   1  12   5:54pm   W 29.92   67
18   72.3  83.4   3:49pm  59.3   6:24am    1    8  0.00   1  10   4:20pm WNW 30.13   61
19   68.6  77.4   2:44pm  60.1   5:50am    1    4  0.00   0   5   9:33am  NE 30.19   74
20   70.9  81.6   3:27pm  61.0   4:43am    1    7  0.00   1  11   3:53pm ENE 30.11   68
21   74.0  85.9   3:49pm  59.9   6:08am    1    9  0.00   1   9  10:48am ENE 30.12   67
22   78.7  91.1   3:21pm  65.5   5:30am    0   13  0.00   1  14   3:37pm  SW 30.05   72
23   79.9  91.3   2:44pm  70.3   5:05am    0   15  0.16   1  14   9:31pm  SW 29.83   76
24   74.2  81.9   4:12pm  68.6   6:26am    0    9  0.00   1  13  12:57pm  NW 29.78   72
25   72.9  83.4   4:11pm  59.5   6:24am    0    8  0.00   1  12   3:00pm   W 29.92   63
26   73.0  82.4  11:40am  63.2   5:57am    0    8  0.00   1  13  11:59am  SW 29.90   72
27   73.9  83.0   5:21pm  68.6   1:58am    0    9  0.33   1  13   7:56pm  SW 29.71   86
28   74.2  84.6   3:53pm  67.4  11:54pm    0    9  0.02   2  19   5:50pm  SW 29.50   83
29   69.9  76.4   1:32pm  62.5   6:27am    0    5  0.01   1  16   3:35pm   W 29.77   65
30   71.3  81.7   2:40pm  60.8   6:25am    0    7  0.00   1  12  11:26am WSW 29.95   61
31   72.3  84.0   3:45pm  59.7   5:43am    1    8  0.00   1  16  12:42pm  SW 30.03   69
---------------------------------------------------------------------------------------
TOT  74.7  91.5   7/2/14  59.3  7/18/14    7  300  3.37   1  24   7/5/14  SW 29.91   73

HEAT BASE: 65.0
COOL BASE: 65.0