NOAA-Style Climate Reports

Select a Year or Month report
2022: Jan Feb Mar Apr May Jun Jul Aug Sep Oct Nov Dec
2021: Jan Feb Mar Apr May Jun Jul Aug Sep Oct Nov Dec
2020: Jan Feb Mar Apr May Jun Jul Aug Sep Oct Nov Dec
2019: Jan Feb Mar Apr May Jun Jul Aug Sep Oct Nov Dec
2018: Jan Feb Mar Apr May Jun Jul Aug Sep Oct Nov Dec
2017: Jan Feb Mar Apr May Jun Jul Aug Sep Oct Nov Dec
2016: Jan Feb Mar Apr May Jun Jul Aug Sep Oct Nov Dec
2015: Jan Feb Mar Apr May Jun Jul Aug Sep Oct Nov Dec
2014: Jan Feb Mar Apr May Jun Jul Aug Sep Oct Nov Dec
2013: Jan Feb Mar Apr May Jun Jul Aug Sep Oct Nov Dec
2012: Jan Feb Mar Apr May Jun Jul Aug Sep Oct Nov Dec
2011: Jan Feb Mar Apr May Jun Jul Aug Sep Oct Nov Dec
2010: Jan Feb Mar Apr May Jun Jul Aug Sep Oct Nov Dec
2009: Jan Feb Mar Apr May Jun Jul Aug Sep Oct Nov Dec

Report for 2014 September
                  MONTHLY CLIMATOLOGICAL SUMMARY FOR 9/2014
                                        HEAT  COOL        
     MEAN                               DEG   DEG       WIND SPEED       DOM MEAN  MEAN
DAY  TEMP  HIGH   TIME     LOW   TIME   DAYS  DAYS RAIN AVG  HI  TIME    DIR BAROM HUM
---------------------------------------------------------------------------------------
1    77.9  89.8   2:43pm  69.9   4:02am    0   13  0.00   0  11   2:43pm WSW 29.91   84
2    81.4  91.8   2:11pm  72.2   6:27am    0   16  0.00   1  14   2:43pm  SW 29.80   79
3    75.7  84.3   2:50pm  66.4  11:59pm    0   10  0.00   2  20   1:53am  NW 29.91   66
4    73.5  88.8   2:56pm  59.4   6:37am    1    9  0.00   0  12   3:04pm WSW 30.10   70
5    76.9  88.1   3:44pm  66.1   5:47am    0   12  0.00   1  13   6:27pm  SW 30.05   80
6    79.1  91.8   3:20pm  65.8  11:57pm    0   14  0.08   2  19   3:37pm WSW 29.85   82
7    69.7  80.4   2:43pm  61.6  11:58pm    0    5  0.02   1  12  12:31pm  NW 30.01   70
8    66.0  76.8   2:59pm  56.3   6:39am    2    3  0.00   0  14  11:01am ENE 30.26   73
9    64.9  72.8   3:16pm  55.9   6:39am    2    2  0.00   1  12   7:52am ENE 30.22   74
10   65.2  76.9   3:34pm  57.6   3:40am    2    3  0.00   1   9   8:14am  NE 30.07   77
11
12
13   58.8  66.9   2:32pm  52.2   5:02am    1    0  0.20   1  11   2:16am  SW 30.10   95
14   56.1  71.3   3:34pm  48.8   6:28am    7    0  0.00   1  12   8:55am  NW 30.16   78
15   69.2  69.3  12:15pm  46.7   1:55am    0    0  0.00   2  11  12:06pm NNW 30.19   69
16
17
18
19
20   67.6  73.7   3:52pm  46.7   1:55am    0    1  0.00   1  16   5:11pm SSW 30.09   73
21   70.0  77.7   1:52pm  60.8  12:00am    1    5  0.70   0   5   1:15pm  SW 29.73   91
22   63.2  69.9   3:41pm  51.4  11:58pm    3    1  0.01   2  20  11:39am  NW 29.78   72
23   58.1  71.2   3:44pm  46.9   6:45am    8    1  0.00   1  12   5:18pm WSW 30.23   69
24   60.2  70.9   2:33pm  49.7   6:55am    6    1  0.00   0   9  11:17am ENE 30.49   78
25   58.6  63.1   4:53pm  55.4   6:26am    6    0  0.03   1  12  12:46pm ENE 30.34   85
26   63.9  75.0   4:20pm  55.2   7:26am    4    3  0.01   1  15  12:26pm ENE 30.15   75
27   66.3  80.8   3:48pm  52.9   6:44am    4    5  0.00   0  15  11:33am  NE 30.13   77
28   69.2  84.2   3:14pm  56.6   6:25am    2    6  0.00   0   9   1:50pm WSW 30.05   79
29   67.9  76.6   2:44pm  60.8   6:43am    1    4  0.00   0   9  10:57pm ENE 29.91   83
30   61.7  66.6  12:00am  59.7   9:16am    3    0  0.00   1  11   7:18pm ENE 29.94   88
---------------------------------------------------------------------------------------
TOT  67.8  91.8   9/2/14  46.9  9/23/14   54  114  1.08   1  20   9/3/14  SW 30.05   78

HEAT BASE: 65.0
COOL BASE: 65.0