NOAA-Style Climate Reports

Select a Year or Month report
2022: Jan Feb Mar Apr May Jun Jul Aug Sep Oct Nov Dec
2021: Jan Feb Mar Apr May Jun Jul Aug Sep Oct Nov Dec
2020: Jan Feb Mar Apr May Jun Jul Aug Sep Oct Nov Dec
2019: Jan Feb Mar Apr May Jun Jul Aug Sep Oct Nov Dec
2018: Jan Feb Mar Apr May Jun Jul Aug Sep Oct Nov Dec
2017: Jan Feb Mar Apr May Jun Jul Aug Sep Oct Nov Dec
2016: Jan Feb Mar Apr May Jun Jul Aug Sep Oct Nov Dec
2015: Jan Feb Mar Apr May Jun Jul Aug Sep Oct Nov Dec
2014: Jan Feb Mar Apr May Jun Jul Aug Sep Oct Nov Dec
2013: Jan Feb Mar Apr May Jun Jul Aug Sep Oct Nov Dec
2012: Jan Feb Mar Apr May Jun Jul Aug Sep Oct Nov Dec
2011: Jan Feb Mar Apr May Jun Jul Aug Sep Oct Nov Dec
2010: Jan Feb Mar Apr May Jun Jul Aug Sep Oct Nov Dec
2009: Jan Feb Mar Apr May Jun Jul Aug Sep Oct Nov Dec

Report for 2014 November
                  MONTHLY CLIMATOLOGICAL SUMMARY FOR 11/2014
                                        HEAT  COOL        
     MEAN                               DEG   DEG       WIND SPEED       DOM MEAN  MEAN
DAY  TEMP  HIGH   TIME     LOW   TIME   DAYS  DAYS RAIN AVG  HI  TIME    DIR BAROM HUM
---------------------------------------------------------------------------------------
1    44.1  46.1   4:15am  41.6   9:49pm   20    0  0.27   3  21   7:33pm NNE 29.81   85
2    42.9  48.0   2:48pm  39.6  11:13pm   22    0  0.00   7  36   1:22pm  NW 29.76   58
3    46.0  57.8   3:38pm  36.2   6:55am   19    0  0.00   3  24  12:34am   W 29.99   53
4    55.4  66.6   2:01pm  43.1  12:00am   10    0  0.00   1  10  12:27pm SSW 30.03   49
5    56.5  64.7  12:08pm  48.1  11:47pm    8    0  0.00   1  20   1:14pm SSW 30.00   60
6    46.9  49.2  12:59pm  45.3   5:25pm   18    0  0.27   1  12   7:30pm NNW 29.81   86
7    44.6  48.3  12:52pm  37.7  11:59pm   20    0  0.02   4  22   2:54pm  NW 29.59   81
8    41.3  49.1   1:58pm  31.9   6:57am   23    0  0.00   1  19  12:41am SSW 29.89   62
9    47.8  56.7   1:08pm  38.6  11:57pm   17    0  0.00   1  12  12:34pm WSW 29.88   64
10   47.0  61.3   2:10pm  33.5   5:38am   18    0  0.00   0   6  11:37am  SW 30.08   70
11   52.6  64.8   1:09pm  39.5   3:42am   12    0  0.00   0   9  11:31am SSW 30.01   85
12   54.3  65.4   1:55pm  42.1  11:55pm   10    0  0.00   1  19   2:21pm  NW 29.88   82
13   42.4  50.6   1:10pm  33.8   6:58am   22    0  0.10   1  14   9:33am NNW 29.99   64
14   36.5  42.8   2:06pm  31.9  11:57pm   28    0  0.09   2  21  11:34am  NW 29.96   76
15   33.0  40.9   2:23pm  26.4   7:03am   31    0  0.00   2  19   1:37pm  NW 30.23   63
16   35.3  42.1   1:41pm  26.1   4:01am   29    0  0.00   1  11   2:33pm  SW 30.23   68
17   38.7  41.0  11:58pm  36.8   6:54am   26    0  1.23   0  10  10:41am NNW 29.71   93
18   34.3  42.3  12:33am  24.4  11:59pm   30    0  0.06   4  25  12:51pm WSW 29.70   60
19   28.5  35.6   1:15pm  21.5   6:52am   36    0  0.00   3  22   1:00am  SW 30.07   49
20   37.6  46.3  12:06pm  29.3  11:58pm   27    0  0.00   3  26  12:31pm  SW 29.85   51
21   29.9  36.2  12:40pm  24.5  11:55pm   34    0  0.00   4  26  12:03pm WNW 30.18   53
22   34.0  43.4   2:16pm  21.8   1:45am   30    0  0.00   3  17   2:35pm  SW 30.26   52
23   47.6  58.9   2:05pm  41.3   4:43am   17    0  0.00   1  14  12:00am  SW 30.08   50
24   57.6  66.1  10:43pm  43.1  12:00am    7    0  0.60   3  18   8:36am SSW 29.68   89
25   55.7  66.4   1:11am  43.8  11:34pm    9    0  0.00   3  23   9:48am  SW 29.86   59
26   38.0  45.4   1:56am  33.9   2:40pm   26    0  0.27   3  24   9:02pm NNW 29.96   84
27   34.6  37.7  12:34pm  32.1   7:18am   30    0  0.12   1  13   1:22am  NW 29.90   90
28   31.5  36.6   1:20pm  23.9  11:58pm   33    0  0.00   3  22  11:52am  NW 30.08   75
29   29.2  35.2  12:00pm  21.3   7:00am   35    0  0.01   0   7   7:37am WSW 30.25   70
30   44.4  54.9  12:38pm  34.0  12:00am   20    0  0.00   1  15  11:21am  SW 30.08   75
---------------------------------------------------------------------------------------
TOT  42.3  66.6  11/4/14  21.3 11/29/14  668    0  3.04   2  32  11/2/14  SW 29.96   69

HEAT BASE: 65.0
COOL BASE: 65.0