NOAA-Style Climate Reports

Select a Year or Month report
2022: Jan Feb Mar Apr May Jun Jul Aug Sep Oct Nov Dec
2021: Jan Feb Mar Apr May Jun Jul Aug Sep Oct Nov Dec
2020: Jan Feb Mar Apr May Jun Jul Aug Sep Oct Nov Dec
2019: Jan Feb Mar Apr May Jun Jul Aug Sep Oct Nov Dec
2018: Jan Feb Mar Apr May Jun Jul Aug Sep Oct Nov Dec
2017: Jan Feb Mar Apr May Jun Jul Aug Sep Oct Nov Dec
2016: Jan Feb Mar Apr May Jun Jul Aug Sep Oct Nov Dec
2015: Jan Feb Mar Apr May Jun Jul Aug Sep Oct Nov Dec
2014: Jan Feb Mar Apr May Jun Jul Aug Sep Oct Nov Dec
2013: Jan Feb Mar Apr May Jun Jul Aug Sep Oct Nov Dec
2012: Jan Feb Mar Apr May Jun Jul Aug Sep Oct Nov Dec
2011: Jan Feb Mar Apr May Jun Jul Aug Sep Oct Nov Dec
2010: Jan Feb Mar Apr May Jun Jul Aug Sep Oct Nov Dec
2009: Jan Feb Mar Apr May Jun Jul Aug Sep Oct Nov Dec

Report for 2015 February
                  MONTHLY CLIMATOLOGICAL SUMMARY FOR 2/2015
                                        HEAT  COOL        
     MEAN                               DEG   DEG       WIND SPEED       DOM MEAN  MEAN
DAY  TEMP  HIGH   TIME     LOW   TIME   DAYS  DAYS RAIN AVG  HI  TIME    DIR BAROM HUM
---------------------------------------------------------------------------------------
1    24.9  35.3   3:00pm  13.3   3:30am   40    0  0.00   2  20   2:00pm WNW 30.14   64
2    18.4  28.5  12:00am  13.6  11:30pm   47    0  0.00   5  25  10:00pm NNE 29.69   87
3    15.3  25.1   2:30pm   7.3   3:30am   50    0  0.00   2  26   1:30am  NW 30.17   67
4    28.0  38.8   4:00pm  13.6  12:00am   37    0  0.05   1  13   2:00pm SSW 30.15   78
5    26.3  35.2  12:00am  11.6  11:30pm   39    0  0.07   4  32   1:30pm  NW 29.98   73
6    15.0  24.6   2:30pm   5.3   3:30am   50    0  0.00   1  16   1:00pm WSW 30.14   62
7    25.3  30.0   4:30pm  16.8  12:00am   40    0  0.00   1  10   1:30pm  SW 30.07   77
8    27.6  33.3   1:00pm  17.5  11:30pm   37    0  0.00   2  18  10:30pm  NE 29.99   89
9    19.3  21.2   5:30pm  17.0   1:00am   46    0  0.00   5  19   6:30pm NNE 30.07   89
10   27.4  34.5   3:30pm  20.5  12:00am   38    0  0.00   4  18   1:00am NNE 30.07   79
11   23.6  28.9   3:00pm  18.0   7:00am   41    0  0.00   3  17   7:00am NNE 30.04   64
12   25.5  35.7   3:00pm  16.9   1:30am   40    0  0.01   2  24  11:30pm  NW 29.79   75
13   10.9  18.0  12:00am   3.8   7:30am   54    0  0.00   5  32   5:00am  NW 30.04   50
14   13.6  25.3   1:19pm   1.1   5:09am   49    0  0.00   0  13  11:45pm NNW 29.81   76
15   14.1  20.8   4:28am   1.0  11:56pm   50    0  0.00   7  37  10:27am  NW 29.69   69
16    8.8  19.5   2:43pm  -2.1   6:19am   55    0  0.00   3  28  12:12pm  NW 30.07   46
17   16.0  23.3   4:33pm  11.9   7:19am   48    0  0.00   1  11   8:59am   N 29.94   62
18   19.4  31.3   2:54pm   4.3   6:56am   45    0  0.00   1   9  10:39am  SW 29.84   72
19   18.5  25.3  12:00am   8.5  11:58pm   45    0  0.00   5  33   7:38pm WNW 29.71   62
20   11.5  21.6   2:56pm   2.6   6:46am   52    0  0.00   3  21   1:32pm WSW 30.14   51
21   18.8  30.8  10:18pm  -0.3   6:14am   45    0  0.00   1  17  12:06pm SSW 30.37   78
22   34.2  39.6   2:01pm  30.4   6:28am   30    0  0.17   0  14  11:39pm NNE 30.14   87
23   19.2  32.6  12:00am   4.5  11:59pm   45    0  0.00   5  26   7:34am  NW 30.25   56
24   10.8  20.2   2:56pm  -1.8   5:47am   53    0  0.00   1  15   4:07pm SSW 30.18   67
25   24.9  36.6   3:59pm   9.7   6:28am   39    0  0.00   2  20   2:35pm  NW 29.83   63
26   21.5  24.5   4:04pm  19.1   6:11am   43    0  0.00   2  16   3:04pm NNW 30.03   67
27   20.9  29.9   2:56pm  14.0   6:37am   43    0  0.00   2  15   2:59pm  NW 30.36   54
28   20.6  32.3   4:04pm   6.2   6:05am   43    0  0.00   1  11   8:51am WSW 30.71   53
---------------------------------------------------------------------------------------
TOT  20.0  39.6  2/22/15  -2.1  2/16/15 1244    0  0.30   3  33  2/15/15  NW 30.05   68

HEAT BASE: 65.0
COOL BASE: 65.0