NOAA-Style Climate Reports

Select a Year or Month report
2022: Jan Feb Mar Apr May Jun Jul Aug Sep Oct Nov Dec
2021: Jan Feb Mar Apr May Jun Jul Aug Sep Oct Nov Dec
2020: Jan Feb Mar Apr May Jun Jul Aug Sep Oct Nov Dec
2019: Jan Feb Mar Apr May Jun Jul Aug Sep Oct Nov Dec
2018: Jan Feb Mar Apr May Jun Jul Aug Sep Oct Nov Dec
2017: Jan Feb Mar Apr May Jun Jul Aug Sep Oct Nov Dec
2016: Jan Feb Mar Apr May Jun Jul Aug Sep Oct Nov Dec
2015: Jan Feb Mar Apr May Jun Jul Aug Sep Oct Nov Dec
2014: Jan Feb Mar Apr May Jun Jul Aug Sep Oct Nov Dec
2013: Jan Feb Mar Apr May Jun Jul Aug Sep Oct Nov Dec
2012: Jan Feb Mar Apr May Jun Jul Aug Sep Oct Nov Dec
2011: Jan Feb Mar Apr May Jun Jul Aug Sep Oct Nov Dec
2010: Jan Feb Mar Apr May Jun Jul Aug Sep Oct Nov Dec
2009: Jan Feb Mar Apr May Jun Jul Aug Sep Oct Nov Dec

Report for 2015 March
                  MONTHLY CLIMATOLOGICAL SUMMARY FOR 3/2015
                                        HEAT  COOL        
     MEAN                               DEG   DEG       WIND SPEED       DOM MEAN  MEAN
DAY  TEMP  HIGH   TIME     LOW   TIME   DAYS  DAYS RAIN AVG  HI  TIME    DIR BAROM HUM
---------------------------------------------------------------------------------------
1    21.6  27.5  11:52pm  10.9   2:43am   42    0  0.00   0  10  11:14am SSW 30.51   81
2    30.5  36.8   2:05pm  25.6  11:52pm   34    0  0.01   4  30   1:42pm  NW 30.10   69
3    26.0  35.3  11:58pm  19.1   6:39am   38    0  0.00   2  13  12:00am   S 30.25   67
4    39.5  44.2   1:52pm  35.3  12:00am   25    0  0.06   1  14   1:25am  SW 29.79   86
5    28.7  39.2  12:00am  19.1  11:59pm   36    0  0.02   4  25   7:09am  NW 30.09   64
6    20.3  29.5   2:56pm   9.3   6:44am   44    0  0.00   1  20  12:42am SSW 30.42   54
7    27.8  39.2   2:25pm  13.7   5:46am   36    0  0.00   2  18   1:28pm  SW 30.13   63
8    36.0  46.9  12:35pm  27.0   4:55am   27    0  0.00   2  24   2:48pm WNW 30.03   64
9    37.8  49.6   2:45pm  24.3   6:16am   26    0  0.00   2  21   2:14pm WNW 30.13   59
10   39.7  53.1   2:28pm  27.6   7:32am   25    0  0.08   1  11   1:20pm SSW 30.22   72
11   47.2  57.8   2:34pm  38.7   3:56am   17    0  0.02   2  26   4:01pm  NW 29.91   71
12   39.5  43.5   2:08am  32.3  11:58pm   25    0  0.00   7  32   5:41am  NW 30.31   41
13   34.2  42.8   4:54pm  24.9   7:12am   30    0  0.00   2  11   4:55pm SSW 30.54   44
14   37.0  42.4   2:13pm  33.2   2:19am   27    0  0.56   1  11   4:15pm NNW 30.01   90
15   39.1  44.1   2:31pm  34.1  11:54pm   25    0  0.00   5  32   6:12pm  NW 29.72   75
16   40.5  50.6   4:02pm  31.8   6:55am   24    0  0.00   1  21  12:00am  NW 29.89   56
17   39.8  51.4   2:46pm  31.7  11:58pm   25    0  0.06   4  38   5:46pm  NW 29.63   69
18   29.3  33.3   3:56pm  23.6  11:38pm   35    0  0.00   7  44  11:56am  NW 29.96   41
19   28.8  37.2   3:57pm  19.7   6:53am   35    0  0.00   3  22  10:32am  NW 30.25   41
20   28.9  33.0   1:32pm  25.6   6:26am   35    0  0.00   0   7  12:00am  NE 30.30   61
21   35.5  46.4   5:06pm  27.8   3:16am   29    0  0.27   1  14  11:51pm  SW 29.97   83
22   31.5  39.5  12:00am  22.2  11:58pm   33    0  0.00   6  32  12:23pm  NW 30.00   46
23   25.5  33.2   3:59pm  19.4   6:37am   39    0  0.00   6  27   9:31am  NW 30.18   45
24   30.2  40.3   4:07pm  21.6   7:20am   34    0  0.00   1  13   8:12am NNW 30.31   50
25   35.9  49.1   2:14pm  22.9   6:46am   28    0  0.08   1  14   5:50pm SSW 30.33   66
26   43.2  49.5   6:20pm  37.4  12:11am   21    0  0.37   1  11   8:57pm  SW 29.85   96
27   41.6  44.2   2:20pm  38.6   7:28am   23    0  0.12   1  13   3:26pm  NW 29.71   86
28   34.7  39.5  12:00am  30.1   9:39pm   30    0  0.14   3  16  12:14pm  NW 29.82   85
29   34.5  47.0   3:55pm  25.7   6:09am   30    0  0.00   3  17  12:03am  NW 30.15   45
30   39.3  50.2   4:59pm  32.0   2:08am   25    0  0.00   3  22   5:09pm  SW 29.85   69
31   40.6  49.1   1:29pm  34.0  11:55pm   24    0  0.03   2  13  10:53am WSW 29.77   70
---------------------------------------------------------------------------------------
TOT  34.3  57.8  3/11/15   9.3   3/6/15  929    0  1.82   3  42  3/18/15  NW 30.07   65

HEAT BASE: 65.0
COOL BASE: 65.0