NOAA-Style Climate Reports

Select a Year or Month report
2022: Jan Feb Mar Apr May Jun Jul Aug Sep Oct Nov Dec
2021: Jan Feb Mar Apr May Jun Jul Aug Sep Oct Nov Dec
2020: Jan Feb Mar Apr May Jun Jul Aug Sep Oct Nov Dec
2019: Jan Feb Mar Apr May Jun Jul Aug Sep Oct Nov Dec
2018: Jan Feb Mar Apr May Jun Jul Aug Sep Oct Nov Dec
2017: Jan Feb Mar Apr May Jun Jul Aug Sep Oct Nov Dec
2016: Jan Feb Mar Apr May Jun Jul Aug Sep Oct Nov Dec
2015: Jan Feb Mar Apr May Jun Jul Aug Sep Oct Nov Dec
2014: Jan Feb Mar Apr May Jun Jul Aug Sep Oct Nov Dec
2013: Jan Feb Mar Apr May Jun Jul Aug Sep Oct Nov Dec
2012: Jan Feb Mar Apr May Jun Jul Aug Sep Oct Nov Dec
2011: Jan Feb Mar Apr May Jun Jul Aug Sep Oct Nov Dec
2010: Jan Feb Mar Apr May Jun Jul Aug Sep Oct Nov Dec
2009: Jan Feb Mar Apr May Jun Jul Aug Sep Oct Nov Dec

Report for 2015 April
                  MONTHLY CLIMATOLOGICAL SUMMARY FOR 4/2015
                                        HEAT  COOL        
     MEAN                               DEG   DEG       WIND SPEED       DOM MEAN  MEAN
DAY  TEMP  HIGH   TIME     LOW   TIME   DAYS  DAYS RAIN AVG  HI  TIME    DIR BAROM HUM
---------------------------------------------------------------------------------------
1    39.8  49.6   3:51pm  30.7   6:50am   25    0  0.00   3  22   2:56pm  NW 29.99   44
2    46.0  62.9   2:38pm  28.6   5:52am   19    0  0.00   3  23   4:10pm SSW 30.09   47
3    53.7  60.6   1:28pm  48.3   7:09am   11    0  0.01   1  11   3:56am  SW 29.78   80
4    47.1  53.2  12:00am  34.4  11:59pm   18    0  0.25   5  34  12:48pm  NW 29.74   64
5    39.1  47.7  11:30am  30.9   1:45am   25    0  0.08   2  22  10:00am  SW 30.15   71
6    46.4  61.6   4:00pm  33.1   6:30am   19    0  0.01   1  11   4:30pm SSW 30.25   75
7    44.5  47.2   4:00am  41.6  11:30pm   21    0  0.18   2  13   5:30pm  NE 30.25   83
8    40.0  44.0  12:45pm  35.0  11:40pm   24    0  0.18   4  19   8:33am  NE 30.36   84
9    37.6  40.9   3:22pm  35.0   7:09am   27    0  0.07   3  17   2:14pm  NE 30.31   93
10   45.1  53.7  10:26pm  37.7   2:39am   19    0  0.31   1  13  10:03pm  SW 29.92   95
11   50.1  57.2   3:47pm  41.8  11:19pm   15    0  0.00   5  29  10:08am  NW 29.92   65
12   52.8  72.1   3:46pm  36.6   6:49am   13    1  0.00   1  12   2:48pm SSW 30.23   49
13   55.6  68.6   2:39pm  41.4   6:26am    9    0  0.00   3  19   3:24pm SSW 30.26   53
14   58.7  67.2   2:04pm  50.9   8:27am    6    0  0.02   2  17   2:50pm  NW 30.10   56
15   59.1  70.6   2:38pm  45.6   6:30am    7    1  0.00   3  24   4:02pm NNW 30.16   30
16   53.8  65.2   2:26pm  39.1   6:30am   11    0  0.00   2  12   3:46pm SSW 30.38   36
17   57.6  69.1   5:28pm  49.0   5:13am    8    0  0.08   2  16   4:21pm  SW 30.01   78
18   64.7  78.9   3:48pm  50.3   4:38am    4    4  0.00   4  26   7:44pm  NW 29.91   52
19   53.9  65.5   4:01pm  45.3  11:50pm   11    0  0.00   2  16  12:04am   S 30.18   47
20   48.4  53.1   4:53pm  43.3   6:51am   16    0  1.68   1  19  10:28am  NE 29.92   90
21   55.1  64.4   4:08pm  50.3   1:54am   10    0  0.26   2  16   5:19pm WSW 29.62   77
22   54.5  68.1   2:52pm  43.3   6:36am   11    0  0.08   4  31   4:52pm SSW 29.66   61
23   43.4  52.7   3:47pm  38.8  10:41pm   21    0  0.02   4  30   7:25pm WNW 29.67   66
24   41.4  46.3   3:58pm  37.3   6:24am   23    0  0.00   7  25   3:37pm  NW 29.80   53
25   47.6  60.2   3:18pm  34.1   6:03am   17    0  0.00   3  18   4:45pm WNW 29.77   49
26   51.0  59.2   2:37pm  37.4   6:14am   14    0  0.00   2  16   2:06pm NNW 29.66   53
27   54.1  61.2   3:22pm  48.5   6:12am   11    0  0.00   4  26   7:26pm  NW 29.62   55
28   56.8  67.0   3:26pm  47.2   6:17am    8    0  0.00   3  23   6:06pm NNW 29.71   51
29   60.5  74.4   3:21pm  48.3  11:55pm    6    2  0.00   3  18   2:17am  NW 29.67   51
30   55.1  67.2   3:21pm  42.0   6:17am   10    0  0.00   1  13   3:51pm ENE 29.81   64
---------------------------------------------------------------------------------------
TOT  50.5  78.9  4/18/15  28.6   4/2/15  436    9  3.23   3  34   4/4/15  NW 29.96   62

HEAT BASE: 65.0
COOL BASE: 65.0