NOAA-Style Climate Reports

Select a Year or Month report
2022: Jan Feb Mar Apr May Jun Jul Aug Sep Oct Nov Dec
2021: Jan Feb Mar Apr May Jun Jul Aug Sep Oct Nov Dec
2020: Jan Feb Mar Apr May Jun Jul Aug Sep Oct Nov Dec
2019: Jan Feb Mar Apr May Jun Jul Aug Sep Oct Nov Dec
2018: Jan Feb Mar Apr May Jun Jul Aug Sep Oct Nov Dec
2017: Jan Feb Mar Apr May Jun Jul Aug Sep Oct Nov Dec
2016: Jan Feb Mar Apr May Jun Jul Aug Sep Oct Nov Dec
2015: Jan Feb Mar Apr May Jun Jul Aug Sep Oct Nov Dec
2014: Jan Feb Mar Apr May Jun Jul Aug Sep Oct Nov Dec
2013: Jan Feb Mar Apr May Jun Jul Aug Sep Oct Nov Dec
2012: Jan Feb Mar Apr May Jun Jul Aug Sep Oct Nov Dec
2011: Jan Feb Mar Apr May Jun Jul Aug Sep Oct Nov Dec
2010: Jan Feb Mar Apr May Jun Jul Aug Sep Oct Nov Dec
2009: Jan Feb Mar Apr May Jun Jul Aug Sep Oct Nov Dec

Report for 2015 May
                  MONTHLY CLIMATOLOGICAL SUMMARY FOR 5/2015
                                        HEAT  COOL        
     MEAN                               DEG   DEG       WIND SPEED       DOM MEAN  MEAN
DAY  TEMP  HIGH   TIME     LOW   TIME   DAYS  DAYS RAIN AVG  HI  TIME    DIR BAROM HUM
---------------------------------------------------------------------------------------
1    55.0  62.3   3:18pm  47.6   6:08am   10    0  0.00   1  13   9:46am ENE 29.94   64
2    56.3  73.3   3:39pm  42.1   6:12am    9    1  0.00   1  13   2:39pm SSW 29.96   64
3    61.7  79.5   1:42pm  44.6   5:33am    7    4  0.00   1  12   5:38pm SSW 30.04   56
4    67.4  84.0   1:10pm  49.0   6:02am    4    7  0.00   2  17   3:13pm SSW 30.13   55
5    72.3  84.1   3:49pm  61.6   6:20am    0    8  0.00   1  14   3:24pm WSW 30.14   49
6    65.1  74.4   2:17pm  55.0  11:56pm    2    2  0.00   1  15   4:05am SSW 30.23   42
7    66.4  84.4   2:31pm  46.1   4:51am    5    6  0.00   1  12   5:49pm SSW 30.15   47
8    70.3  88.6   3:11pm  54.1   5:59am    3    8  0.00   1   9   4:27pm SSW 30.11   60
9    64.3  78.1   2:51pm  55.1   6:08am    4    3  0.00   1  12   3:23pm SSW 30.26   83
10   74.2  89.0   3:04pm  63.6   3:28am    0    9  0.00   2  16   2:24pm  SW 30.13   74
11   74.0  85.0   3:11pm  64.4   5:26am    0    9  0.00   2  13   5:49pm SSW 30.05   79
12   75.1  85.9   4:07pm  61.3  11:58pm    0   10  0.00   3  26   9:02pm  SW 29.79   69
13   59.9  66.6   1:11pm  51.1  11:58pm    5    0  0.00   4  26   8:09am  NW 30.00   56
14   59.9  74.4   3:36pm  43.4   6:24am    7    2  0.00   1  16   3:45pm  NW 30.30   47
15   60.6  75.0   3:24pm  45.4   4:27am    6    2  0.00   1  13   3:55pm  SW 30.25   54
16   63.4  72.1   4:28pm  55.8   7:53am    3    2  0.06   1   7   3:55pm  SW 30.14   79
17   74.6  88.3   3:37pm  60.3   6:15am    1   10  0.00   1  12   3:37pm WNW 30.08   66
18   67.6  78.6   2:26pm  59.5  11:58pm    1    4  0.00   1  12   3:20pm  SW 30.14   70
19   63.1  76.0   5:53pm  55.4   7:01am    4    2  0.58   1  11  11:47pm  SW 29.89   86
20   56.6  62.1  12:21pm  50.4  11:58pm    8    0  0.00   3  24  12:33pm  NW 29.85   62
21   57.4  70.4   3:46pm  46.6   5:17am    8    0  0.00   1  13   3:17pm  SW 29.92   55
22   62.8  73.1   2:42pm  52.0   6:02am    4    2  0.00   2  22   5:04pm WNW 29.89   50
23   56.5  67.3   4:02pm  43.6   6:08am    9    0  0.00   4  16   8:39am   W 30.29   42
24   65.5  81.3   3:09pm  47.3   4:20am    5    5  0.00   1  15   5:17pm  SW 30.25   54
25   70.1  84.3   2:12pm  58.4   3:21am    2    7  0.00   2  15   6:15pm  SW 30.19   67
26   74.1  88.3   2:37pm  62.6   6:25am    0    9  0.00   2  13   4:38pm  SW 30.14   68
27   72.8  83.2   2:17pm  65.4   3:45am    0    8  0.09   2  17   3:46pm  SW 30.12   79
28   71.5  80.9   2:58pm  63.9   5:13am    0    7  0.00   1  15   8:28pm  SW 30.12   82
29   72.3  86.3   4:00pm  57.8   5:55am    1    8  0.00   1  12   9:19am  SW 30.24   66
30   72.2  85.4   2:21pm  60.5   4:50am    1    8  0.00   2  13  12:44pm  SW 30.12   76
31   64.8  74.0   3:20pm  51.8  11:50pm    3    2  1.26   2  15   3:32pm  SW 30.07   93
---------------------------------------------------------------------------------------
TOT  66.0  89.0  5/10/15  42.1   5/2/15  111  145  1.99   2  26  5/12/15  SW 30.09   64

HEAT BASE: 65.0
COOL BASE: 65.0